{"id":4232,"date":"2011-10-05T00:22:19","date_gmt":"2011-10-05T03:22:19","guid":{"rendered":"http:\/\/ajupe.com.uy\/web\/?post_type=product&#038;p=4232"},"modified":"2011-10-05T00:22:19","modified_gmt":"2011-10-05T03:22:19","slug":"el-abc-de-la-iluminacion","status":"publish","type":"product","link":"https:\/\/ajupe.com.uy\/web\/biblioteca\/el-abc-de-la-iluminacion\/","title":{"rendered":"El ABC de la iluminaci\u00f3n"},"content":{"rendered":"<p>El poder de las palabras puede conducir a la iluminaci\u00f3n. Osho sabe c\u00f3mo  definirlas usando un lenguaje actual y guiarnos hacia respuestas  iluminadoras. Pero este libro es a\u00fan mucho m\u00e1s: mientras Osho va  describiendo el significado de cada una de las palabras, ofrece tambi\u00e9n  maneras de experimentarlas espiritualmente. A menudo lo hace  sorprendiendo al lector e invalidando cualquier noci\u00f3n previa que pueda  tener, para as\u00ed poner de relieve el significado profundo de cada  concepto. En El ABC de la iluminaci\u00f3n hay m\u00e1s de 800 entradas, de la  abnegaci\u00f3n al yo, pasando por Dios, los gur\u00fas, la ira, la neurosis, la  risa y el sexo. Con este diccionario, Osho logra impregnar nuestro  lenguaje cotidiano de procesos y sentimientos espirituales hasta  convertirlo en algo simple y aut\u00e9ntico, un espejo real de nuestro mundo  interior. Y consultarlo hace renacer, de inmediato, las energ\u00edas que  buscamos.<\/p>\n","protected":false},"excerpt":{"rendered":"<p>El poder de las palabras puede conducir a la iluminaci\u00f3n. Osho sabe c\u00f3mo definirlas usando un lenguaje actual y guiarnos hacia respuestas iluminadoras. Pero este libro es a\u00fan mucho m\u00e1s: mientras Osho va describiendo el significado de cada una de las palabras, ofrece tambi\u00e9n maneras de experimentarlas espiritualmente. A menudo lo hace sorprendiendo al lector [&hellip;]<\/p>\n","protected":false},"featured_media":4233,"template":"","meta":[],"product_brand":[383],"product_cat":[32],"product_tag":[],"class_list":{"0":"post-4232","1":"product","2":"type-product","3":"status-publish","4":"has-post-thumbnail","6":"product_brand-osho","7":"product_cat-autoayuda","9":"first","10":"instock","11":"purchasable","12":"product-type-simple"},"featured_image_urls_v2":{"full":["https:\/\/ajupe.com.uy\/web\/wp-content\/uploads\/2016\/04\/p-4232-El_ABC_de_la_ilu_4e8ba33be8e61.jpg",144,200,false],"thumbnail":["https:\/\/ajupe.com.uy\/web\/wp-content\/uploads\/2016\/04\/p-4232-El_ABC_de_la_ilu_4e8ba33be8e61.jpg",150,150,true],"medium":["https:\/\/ajupe.com.uy\/web\/wp-content\/uploads\/2016\/04\/p-4232-El_ABC_de_la_ilu_4e8ba33be8e61.jpg",300,214,true],"medium_large":["https:\/\/ajupe.com.uy\/web\/wp-content\/uploads\/2016\/04\/p-4232-El_ABC_de_la_ilu_4e8ba33be8e61.jpg",144,200,false],"large":["https:\/\/ajupe.com.uy\/web\/wp-content\/uploads\/2016\/04\/p-4232-El_ABC_de_la_ilu_4e8ba33be8e61.jpg",144,200,false],"1536x1536":["https:\/\/ajupe.com.uy\/web\/wp-content\/uploads\/2016\/04\/p-4232-El_ABC_de_la_ilu_4e8ba33be8e61.jpg",144,200,false],"2048x2048":["https:\/\/ajupe.com.uy\/web\/wp-content\/uploads\/2016\/04\/p-4232-El_ABC_de_la_ilu_4e8ba33be8e61.jpg",144,200,false],"woocommerce_archive_thumbnail":["https:\/\/ajupe.com.uy\/web\/wp-content\/uploads\/2016\/04\/p-4232-El_ABC_de_la_ilu_4e8ba33be8e61.jpg",144,200,false],"woocommerce_thumbnail":["https:\/\/ajupe.com.uy\/web\/wp-content\/uploads\/2016\/04\/p-4232-El_ABC_de_la_ilu_4e8ba33be8e61.jpg",144,200,false],"woocommerce_single":["https:\/\/ajupe.com.uy\/web\/wp-content\/uploads\/2016\/04\/p-4232-El_ABC_de_la_ilu_4e8ba33be8e61.jpg",144,200,false],"woocommerce_gallery_thumbnail":["https:\/\/ajupe.com.uy\/web\/wp-content\/uploads\/2016\/04\/p-4232-El_ABC_de_la_ilu_4e8ba33be8e61-100x100.jpg",100,100,true]},"post_excerpt_stackable_v2":"<p>El poder de las palabras puede conducir a la iluminaci\u00f3n. Osho sabe c\u00f3mo definirlas usando un lenguaje actual y guiarnos hacia respuestas iluminadoras. Pero este libro es a\u00fan mucho m\u00e1s: mientras Osho va describiendo el significado de cada una de las palabras, ofrece tambi\u00e9n maneras de experimentarlas espiritualmente. A menudo lo hace sorprendiendo al lector e invalidando cualquier noci\u00f3n previa que pueda tener, para as\u00ed poner de relieve el significado profundo de cada concepto. En El ABC de la iluminaci\u00f3n hay m\u00e1s de 800 entradas, de la abnegaci\u00f3n al yo, pasando por Dios, los gur\u00fas, la ira, la neurosis, la&hellip;<\/p>\n","category_list_v2":"","author_info_v2":{"name":"","url":""},"comments_num_v2":"0 comentarios","_links":{"self":[{"href":"https:\/\/ajupe.com.uy\/web\/wp-json\/wp\/v2\/product\/4232","targetHints":{"allow":["GET"]}}],"collection":[{"href":"https:\/\/ajupe.com.uy\/web\/wp-json\/wp\/v2\/product"}],"about":[{"href":"https:\/\/ajupe.com.uy\/web\/wp-json\/wp\/v2\/types\/product"}],"wp:featuredmedia":[{"embeddable":true,"href":"https:\/\/ajupe.com.uy\/web\/wp-json\/wp\/v2\/media\/4233"}],"wp:attachment":[{"href":"https:\/\/ajupe.com.uy\/web\/wp-json\/wp\/v2\/media?parent=4232"}],"wp:term":[{"taxonomy":"product_brand","embeddable":true,"href":"https:\/\/ajupe.com.uy\/web\/wp-json\/wp\/v2\/product_brand?post=4232"},{"taxonomy":"product_cat","embeddable":true,"href":"https:\/\/ajupe.com.uy\/web\/wp-json\/wp\/v2\/product_cat?post=4232"},{"taxonomy":"product_tag","embeddable":true,"href":"https:\/\/ajupe.com.uy\/web\/wp-json\/wp\/v2\/product_tag?post=4232"}],"curies":[{"name":"wp","href":"https:\/\/api.w.org\/{rel}","templated":true}]}}