{"id":4277,"date":"2011-10-05T18:49:59","date_gmt":"2011-10-05T21:49:59","guid":{"rendered":"http:\/\/ajupe.com.uy\/web\/?post_type=product&#038;p=4277"},"modified":"2011-10-25T18:30:16","modified_gmt":"2011-10-25T21:30:16","slug":"aprender-computacion-a-los-60-o-mas-y-con-menos-tambien","status":"publish","type":"product","link":"https:\/\/ajupe.com.uy\/web\/biblioteca\/aprender-computacion-a-los-60-o-mas-y-con-menos-tambien\/","title":{"rendered":"Aprender Computacion A Los 60 O Mas Y Con Menos Tambien"},"content":{"rendered":"<p><span style=\"margin-top: 0pt; margin-bottom: 0pt;\">Est\u00e1  escrito en un lenguaje coloquial, sin tecnicismos, con tipograf\u00eda  grande y un c\u00f3modo interlineado. Cubre un gran compendio de operaciones  puntuales que no siempre son f\u00e1ciles de encontrar .As\u00ed como un infinito  n\u00famero de cosas m\u00e1s, todo regado con m\u00faltiples consejos transformando a  este nuevo libro en un variado y diferente manual de referencia de  computaci\u00f3n. Aunque es una obra dirigida a personas mayores, es una  publicaci\u00f3n con informaci\u00f3n de utilidad general para absolutamente todo  aquel que ya sepa  algo de computaci\u00f3n pero que le interese saber m\u00e1s.<\/span><\/p>\n","protected":false},"excerpt":{"rendered":"<p>Est\u00e1 escrito en un lenguaje coloquial, sin tecnicismos, con tipograf\u00eda grande y un c\u00f3modo interlineado. Cubre un gran compendio de operaciones puntuales que no siempre son f\u00e1ciles de encontrar .As\u00ed como un infinito n\u00famero de cosas m\u00e1s, todo regado con m\u00faltiples consejos transformando a este nuevo libro en un variado y diferente manual de referencia [&hellip;]<\/p>\n","protected":false},"featured_media":4278,"template":"","meta":[],"product_brand":[652],"product_cat":[34],"product_tag":[],"class_list":{"0":"post-4277","1":"product","2":"type-product","3":"status-publish","4":"has-post-thumbnail","6":"product_brand-frances-van-hall","7":"product_cat-otros","9":"first","10":"instock","11":"purchasable","12":"product-type-simple"},"featured_image_urls_v2":{"full":["https:\/\/ajupe.com.uy\/web\/wp-content\/uploads\/2016\/04\/p-4277-Aprender_Computa_4e8ca6d72087f.jpg",562,755,false],"thumbnail":["https:\/\/ajupe.com.uy\/web\/wp-content\/uploads\/2016\/04\/p-4277-Aprender_Computa_4e8ca6d72087f.jpg",150,150,true],"medium":["https:\/\/ajupe.com.uy\/web\/wp-content\/uploads\/2016\/04\/p-4277-Aprender_Computa_4e8ca6d72087f.jpg",300,214,true],"medium_large":["https:\/\/ajupe.com.uy\/web\/wp-content\/uploads\/2016\/04\/p-4277-Aprender_Computa_4e8ca6d72087f.jpg",562,755,false],"large":["https:\/\/ajupe.com.uy\/web\/wp-content\/uploads\/2016\/04\/p-4277-Aprender_Computa_4e8ca6d72087f.jpg",562,755,false],"1536x1536":["https:\/\/ajupe.com.uy\/web\/wp-content\/uploads\/2016\/04\/p-4277-Aprender_Computa_4e8ca6d72087f.jpg",562,755,false],"2048x2048":["https:\/\/ajupe.com.uy\/web\/wp-content\/uploads\/2016\/04\/p-4277-Aprender_Computa_4e8ca6d72087f.jpg",562,755,false],"woocommerce_archive_thumbnail":["https:\/\/ajupe.com.uy\/web\/wp-content\/uploads\/2016\/04\/p-4277-Aprender_Computa_4e8ca6d72087f-300x450.jpg",300,450,true],"woocommerce_thumbnail":["https:\/\/ajupe.com.uy\/web\/wp-content\/uploads\/2016\/04\/p-4277-Aprender_Computa_4e8ca6d72087f-300x300.jpg",300,300,true],"woocommerce_single":["https:\/\/ajupe.com.uy\/web\/wp-content\/uploads\/2016\/04\/p-4277-Aprender_Computa_4e8ca6d72087f-300x403.jpg",300,403,true],"woocommerce_gallery_thumbnail":["https:\/\/ajupe.com.uy\/web\/wp-content\/uploads\/2016\/04\/p-4277-Aprender_Computa_4e8ca6d72087f-100x100.jpg",100,100,true]},"post_excerpt_stackable_v2":"<p>Est\u00e1 escrito en un lenguaje coloquial, sin tecnicismos, con tipograf\u00eda grande y un c\u00f3modo interlineado. Cubre un gran compendio de operaciones puntuales que no siempre son f\u00e1ciles de encontrar .As\u00ed como un infinito n\u00famero de cosas m\u00e1s, todo regado con m\u00faltiples consejos transformando a este nuevo libro en un variado y diferente manual de referencia de computaci\u00f3n. Aunque es una obra dirigida a personas mayores, es una publicaci\u00f3n con informaci\u00f3n de utilidad general para absolutamente todo aquel que ya sepa algo de computaci\u00f3n pero que le interese saber m\u00e1s.<\/p>\n","category_list_v2":"","author_info_v2":{"name":"","url":""},"comments_num_v2":"0 comentarios","_links":{"self":[{"href":"https:\/\/ajupe.com.uy\/web\/wp-json\/wp\/v2\/product\/4277","targetHints":{"allow":["GET"]}}],"collection":[{"href":"https:\/\/ajupe.com.uy\/web\/wp-json\/wp\/v2\/product"}],"about":[{"href":"https:\/\/ajupe.com.uy\/web\/wp-json\/wp\/v2\/types\/product"}],"wp:featuredmedia":[{"embeddable":true,"href":"https:\/\/ajupe.com.uy\/web\/wp-json\/wp\/v2\/media\/4278"}],"wp:attachment":[{"href":"https:\/\/ajupe.com.uy\/web\/wp-json\/wp\/v2\/media?parent=4277"}],"wp:term":[{"taxonomy":"product_brand","embeddable":true,"href":"https:\/\/ajupe.com.uy\/web\/wp-json\/wp\/v2\/product_brand?post=4277"},{"taxonomy":"product_cat","embeddable":true,"href":"https:\/\/ajupe.com.uy\/web\/wp-json\/wp\/v2\/product_cat?post=4277"},{"taxonomy":"product_tag","embeddable":true,"href":"https:\/\/ajupe.com.uy\/web\/wp-json\/wp\/v2\/product_tag?post=4277"}],"curies":[{"name":"wp","href":"https:\/\/api.w.org\/{rel}","templated":true}]}}