{"id":4286,"date":"2011-10-05T18:55:47","date_gmt":"2011-10-05T21:55:47","guid":{"rendered":"http:\/\/ajupe.com.uy\/web\/?post_type=product&#038;p=4286"},"modified":"2011-10-07T18:01:43","modified_gmt":"2011-10-07T21:01:43","slug":"yuyos","status":"publish","type":"product","link":"https:\/\/ajupe.com.uy\/web\/biblioteca\/yuyos\/","title":{"rendered":"Yuyos"},"content":{"rendered":"<div id=\"idTab1\">\n<p style=\"text-align: justify;\"><span style=\"font-size: 10pt;\">Es  aceptado que se pueden obtener grandes beneficios de la utilizaci\u00f3n  correcta de las plantas medicinales. Para ello es necesario conocer las  propiedades terap\u00e9uticas demostradas en forma cient\u00edfica.<\/span><\/p>\n<p style=\"text-align: justify;\"><span style=\"font-size: 10pt;\">Esta  nueva versi\u00f3n del libro, que es desde hace a\u00f1os un cl\u00e1sico en el tema,  incluye la descripci\u00f3n de 47 plantas con fotos para facilitar su  identificaci\u00f3n. Se detalla el uso popular que se les da y el mencionado  en la bibliograf\u00eda, se hace la descripci\u00f3n bot\u00e1nica, qu\u00edmica y  farmacol\u00f3gica de la planta y adem\u00e1s se aporta mucha informaci\u00f3n general y  espec\u00edfica; en los casos que corresponde se advierte sobre su  toxicidad.<\/span><\/p>\n<p style=\"text-align: justify;\"><span style=\"font-size: 10pt;\">Este es  un material que da a conocer las m\u00e1s recientes investigaciones y  conclusiones sobre la utilidad y propiedades de las plantas empleadas en  la medicina popular en el Uruguay. Por este medio se trata de validar y  propender a un uso responsable de las plantas medicinales.<\/span><\/p>\n<\/div>\n","protected":false},"excerpt":{"rendered":"<p>Es aceptado que se pueden obtener grandes beneficios de la utilizaci\u00f3n correcta de las plantas medicinales. Para ello es necesario conocer las propiedades terap\u00e9uticas demostradas en forma cient\u00edfica. Esta nueva versi\u00f3n del libro, que es desde hace a\u00f1os un cl\u00e1sico en el tema, incluye la descripci\u00f3n de 47 plantas con fotos para facilitar su identificaci\u00f3n. [&hellip;]<\/p>\n","protected":false},"featured_media":4287,"template":"","meta":[],"product_brand":[636],"product_cat":[45],"product_tag":[],"class_list":{"0":"post-4286","1":"product","2":"type-product","3":"status-publish","4":"has-post-thumbnail","6":"product_brand-eduardo-paz","7":"product_cat-uruguayo","9":"first","10":"instock","11":"purchasable","12":"product-type-simple"},"featured_image_urls_v2":{"full":["https:\/\/ajupe.com.uy\/web\/wp-content\/uploads\/2016\/04\/p-4286-Yuyos_4e8ca83355053.jpg",300,300,false],"thumbnail":["https:\/\/ajupe.com.uy\/web\/wp-content\/uploads\/2016\/04\/p-4286-Yuyos_4e8ca83355053.jpg",150,150,true],"medium":["https:\/\/ajupe.com.uy\/web\/wp-content\/uploads\/2016\/04\/p-4286-Yuyos_4e8ca83355053.jpg",300,214,true],"medium_large":["https:\/\/ajupe.com.uy\/web\/wp-content\/uploads\/2016\/04\/p-4286-Yuyos_4e8ca83355053.jpg",300,300,false],"large":["https:\/\/ajupe.com.uy\/web\/wp-content\/uploads\/2016\/04\/p-4286-Yuyos_4e8ca83355053.jpg",300,300,false],"1536x1536":["https:\/\/ajupe.com.uy\/web\/wp-content\/uploads\/2016\/04\/p-4286-Yuyos_4e8ca83355053.jpg",300,300,false],"2048x2048":["https:\/\/ajupe.com.uy\/web\/wp-content\/uploads\/2016\/04\/p-4286-Yuyos_4e8ca83355053.jpg",300,300,false],"woocommerce_archive_thumbnail":["https:\/\/ajupe.com.uy\/web\/wp-content\/uploads\/2016\/04\/p-4286-Yuyos_4e8ca83355053.jpg",300,300,false],"woocommerce_thumbnail":["https:\/\/ajupe.com.uy\/web\/wp-content\/uploads\/2016\/04\/p-4286-Yuyos_4e8ca83355053.jpg",300,300,false],"woocommerce_single":["https:\/\/ajupe.com.uy\/web\/wp-content\/uploads\/2016\/04\/p-4286-Yuyos_4e8ca83355053.jpg",300,300,false],"woocommerce_gallery_thumbnail":["https:\/\/ajupe.com.uy\/web\/wp-content\/uploads\/2016\/04\/p-4286-Yuyos_4e8ca83355053-100x100.jpg",100,100,true]},"post_excerpt_stackable_v2":"<p>Es aceptado que se pueden obtener grandes beneficios de la utilizaci\u00f3n correcta de las plantas medicinales. Para ello es necesario conocer las propiedades terap\u00e9uticas demostradas en forma cient\u00edfica. Esta nueva versi\u00f3n del libro, que es desde hace a\u00f1os un cl\u00e1sico en el tema, incluye la descripci\u00f3n de 47 plantas con fotos para facilitar su identificaci\u00f3n. Se detalla el uso popular que se les da y el mencionado en la bibliograf\u00eda, se hace la descripci\u00f3n bot\u00e1nica, qu\u00edmica y farmacol\u00f3gica de la planta y adem\u00e1s se aporta mucha informaci\u00f3n general y espec\u00edfica; en los casos que corresponde se advierte sobre su toxicidad.&hellip;<\/p>\n","category_list_v2":"","author_info_v2":{"name":"","url":""},"comments_num_v2":"0 comentarios","_links":{"self":[{"href":"https:\/\/ajupe.com.uy\/web\/wp-json\/wp\/v2\/product\/4286","targetHints":{"allow":["GET"]}}],"collection":[{"href":"https:\/\/ajupe.com.uy\/web\/wp-json\/wp\/v2\/product"}],"about":[{"href":"https:\/\/ajupe.com.uy\/web\/wp-json\/wp\/v2\/types\/product"}],"wp:featuredmedia":[{"embeddable":true,"href":"https:\/\/ajupe.com.uy\/web\/wp-json\/wp\/v2\/media\/4287"}],"wp:attachment":[{"href":"https:\/\/ajupe.com.uy\/web\/wp-json\/wp\/v2\/media?parent=4286"}],"wp:term":[{"taxonomy":"product_brand","embeddable":true,"href":"https:\/\/ajupe.com.uy\/web\/wp-json\/wp\/v2\/product_brand?post=4286"},{"taxonomy":"product_cat","embeddable":true,"href":"https:\/\/ajupe.com.uy\/web\/wp-json\/wp\/v2\/product_cat?post=4286"},{"taxonomy":"product_tag","embeddable":true,"href":"https:\/\/ajupe.com.uy\/web\/wp-json\/wp\/v2\/product_tag?post=4286"}],"curies":[{"name":"wp","href":"https:\/\/api.w.org\/{rel}","templated":true}]}}