{"id":432,"date":"2010-07-14T00:00:00","date_gmt":"2010-07-14T03:00:00","guid":{"rendered":"http:\/\/ajupe.com.uy\/web\/?post_type=product&#038;p=432"},"modified":"2011-09-15T19:14:39","modified_gmt":"2011-09-15T22:14:39","slug":"el-espia-de-invierno","status":"publish","type":"product","link":"https:\/\/ajupe.com.uy\/web\/biblioteca\/el-espia-de-invierno\/","title":{"rendered":"El esp\u00eda de invierno"},"content":{"rendered":"<p>Robert Winter, carism\u00e1tico y c\u00e9lebre art\u00edfice de la pol\u00edtica exterior de Estados Unidos, llega a Hamburgo para preparar una conferencia cumbre. En ese momento, se inicia una conspiraci\u00f3n que puede poner en peligro la paz mundial y costarle la vida a Winter. Muchos ignoran que Winter es agente doble y que pasa a los sovi\u00e9ticos informaci\u00f3n que s\u00f3lo conocen el presidente y \u00e9l. Por eso, a ambos lados de la Cortina hay personas que ven en \u00e9l a un traidor&#8230; El esp\u00eda de invierno, veros\u00edmil en sus detalles, con su permanente suspenso consagra a Paul Henissart como uno de los maestros de la novela de espionaje.<\/p>\n","protected":false},"excerpt":{"rendered":"<p>Robert Winter, carism\u00e1tico y c\u00e9lebre art\u00edfice de la pol\u00edtica exterior de Estados Unidos, llega a Hamburgo para preparar una conferencia cumbre. En ese momento, se inicia una conspiraci\u00f3n que puede poner en peligro la paz mundial y costarle la vida a Winte<\/p>\n","protected":false},"featured_media":433,"template":"","meta":[],"product_brand":[118],"product_cat":[43,30],"product_tag":[],"class_list":{"0":"post-432","1":"product","2":"type-product","3":"status-publish","4":"has-post-thumbnail","6":"product_brand-paul-henissart","7":"product_cat-espionaje","8":"product_cat-suspenso","10":"first","11":"instock","12":"purchasable","13":"product-type-simple"},"featured_image_urls_v2":{"full":["https:\/\/ajupe.com.uy\/web\/wp-content\/uploads\/2016\/04\/p-432-5576.jpg",361,572,false],"thumbnail":["https:\/\/ajupe.com.uy\/web\/wp-content\/uploads\/2016\/04\/p-432-5576.jpg",150,150,true],"medium":["https:\/\/ajupe.com.uy\/web\/wp-content\/uploads\/2016\/04\/p-432-5576.jpg",300,214,true],"medium_large":["https:\/\/ajupe.com.uy\/web\/wp-content\/uploads\/2016\/04\/p-432-5576.jpg",361,572,false],"large":["https:\/\/ajupe.com.uy\/web\/wp-content\/uploads\/2016\/04\/p-432-5576.jpg",361,572,false],"1536x1536":["https:\/\/ajupe.com.uy\/web\/wp-content\/uploads\/2016\/04\/p-432-5576.jpg",361,572,false],"2048x2048":["https:\/\/ajupe.com.uy\/web\/wp-content\/uploads\/2016\/04\/p-432-5576.jpg",361,572,false],"woocommerce_archive_thumbnail":["https:\/\/ajupe.com.uy\/web\/wp-content\/uploads\/2016\/04\/p-432-5576-300x450.jpg",300,450,true],"woocommerce_thumbnail":["https:\/\/ajupe.com.uy\/web\/wp-content\/uploads\/2016\/04\/p-432-5576-300x300.jpg",300,300,true],"woocommerce_single":["https:\/\/ajupe.com.uy\/web\/wp-content\/uploads\/2016\/04\/p-432-5576-300x475.jpg",300,475,true],"woocommerce_gallery_thumbnail":["https:\/\/ajupe.com.uy\/web\/wp-content\/uploads\/2016\/04\/p-432-5576-100x100.jpg",100,100,true]},"post_excerpt_stackable_v2":"<p>Robert Winter, carism\u00e1tico y c\u00e9lebre art\u00edfice de la pol\u00edtica exterior de Estados Unidos, llega a Hamburgo para preparar una conferencia cumbre. En ese momento, se inicia una conspiraci\u00f3n que puede poner en peligro la paz mundial y costarle la vida a Winte<\/p>\n","category_list_v2":"","author_info_v2":{"name":"","url":""},"comments_num_v2":"0 comentarios","_links":{"self":[{"href":"https:\/\/ajupe.com.uy\/web\/wp-json\/wp\/v2\/product\/432","targetHints":{"allow":["GET"]}}],"collection":[{"href":"https:\/\/ajupe.com.uy\/web\/wp-json\/wp\/v2\/product"}],"about":[{"href":"https:\/\/ajupe.com.uy\/web\/wp-json\/wp\/v2\/types\/product"}],"wp:featuredmedia":[{"embeddable":true,"href":"https:\/\/ajupe.com.uy\/web\/wp-json\/wp\/v2\/media\/433"}],"wp:attachment":[{"href":"https:\/\/ajupe.com.uy\/web\/wp-json\/wp\/v2\/media?parent=432"}],"wp:term":[{"taxonomy":"product_brand","embeddable":true,"href":"https:\/\/ajupe.com.uy\/web\/wp-json\/wp\/v2\/product_brand?post=432"},{"taxonomy":"product_cat","embeddable":true,"href":"https:\/\/ajupe.com.uy\/web\/wp-json\/wp\/v2\/product_cat?post=432"},{"taxonomy":"product_tag","embeddable":true,"href":"https:\/\/ajupe.com.uy\/web\/wp-json\/wp\/v2\/product_tag?post=432"}],"curies":[{"name":"wp","href":"https:\/\/api.w.org\/{rel}","templated":true}]}}