{"id":4368,"date":"2011-10-05T20:13:17","date_gmt":"2011-10-05T23:13:17","guid":{"rendered":"http:\/\/ajupe.com.uy\/web\/?post_type=product&#038;p=4368"},"modified":"2011-10-07T17:47:28","modified_gmt":"2011-10-07T20:47:28","slug":"orientales-una-historia-politica-del-uruguay-tomo-2","status":"publish","type":"product","link":"https:\/\/ajupe.com.uy\/web\/biblioteca\/orientales-una-historia-politica-del-uruguay-tomo-2\/","title":{"rendered":"Orientales. Una historia pol\u00edtica del Uruguay. Tomo 2"},"content":{"rendered":"<p><span style=\"font-size: 10pt;\">Este segundo tomo de Orientales abarca el  per\u00edodo de m\u00e1s de 70 a\u00f1os durante el cual la Rep\u00fablica Oriental de  Uruguay dej\u00f3 de ser una comunidad primitiva de organizaci\u00f3n embrionaria y  se constituy\u00f3 en una naci\u00f3n que, en algunos aspectos, tuvo veleidades  de vanguardia. A partir del derrocamiento del gobierno democr\u00e1tico en  1865 y el ejercicio dictatorial del poder por Venancio Flores, y  atravesando la terrible jornada del 19 de febrero de 1968, digna de un  relato hom\u00e9rico, el pa\u00eds fue quemando etapas de progreso que,  parad\u00f3jicamente, resultaron a veces m\u00e1s violentas en su devenir que las  del per\u00edodo anterior. Mojones decisivos de esa evoluci\u00f3n fueron el  primer acuerdo de coparticipaci\u00f3n de los partidos (6 de abril de 1872),  la irrupci\u00f3n de una brillante pl\u00e9yade de j\u00f3venes universitarios a las  primeras filas de combate pol\u00edtico y los gobiernos de base militar (que  terminaron de independizar al Estado de los controles eclesi\u00e1ticos,  alambraron los campos con sentido propietarista e impulsaron una  profunda reforma en los sistemas de ense\u00f1anza). Los tiempos inmediatos  asistieron al acceso del \u201cUruguay popular\u201d, conformado por los  inmigrantes y sus descendientes, a la conducci\u00f3n del pa\u00eds, a la  formaci\u00f3n y el desarrollo del movimiento sindical y a la instauraci\u00f3n de  una pol\u00edtica reformista en los planos econ\u00f3mico y social que fue  configurando una sociedad mesocr\u00e1tica. Todo ello gener\u00f3 la utop\u00eda de la  \u201cSuiza de Am\u00e9rica\u201d y permiti\u00f3 la conformaci\u00f3n de un sistema electoral  fiable y funcional, que super\u00f3 la prueba de la primera gran guerra  internacional \u2013cuya repercusi\u00f3n fue mucho menos favorable de lo que  ciertos sectores de la histograf\u00eda vern\u00e1cula han proclamado- , pero cay\u00f3  ante los embates de la crisis del capitalismo mundial iniciada en 1929.  Desfilan a trav\u00e9s de estas p\u00e1ginas las grandes personalidades que  forjaron, en sus aciertos, sus errores y sus insuficiencias, el pa\u00eds  optimista y pujante que un d\u00eda fuimos: Lorenzo Latorre, Aparicio  Saravia, Juan Jos\u00e9 Batlle y Ordonez, Emilio Frugoni, Luis Alberto de  Herrera, Baltasar Brum, Gabriel Terra y tantos otros. Y se recrean los  principales hechos pol\u00edticos, sociales y econ\u00f3micos, culturales e  incluso deportivos que contribuyeron a generar la sociedad en la que hoy  vivimos.<\/span><\/p>\n","protected":false},"excerpt":{"rendered":"<p>Este segundo tomo de Orientales abarca el per\u00edodo de m\u00e1s de 70 a\u00f1os durante el cual la Rep\u00fablica Oriental de Uruguay dej\u00f3 de ser una comunidad primitiva de organizaci\u00f3n embrionaria y se constituy\u00f3 en una naci\u00f3n que, en algunos aspectos, tuvo veleidades de vanguardia. A partir del derrocamiento del gobierno democr\u00e1tico en 1865 y el [&hellip;]<\/p>\n","protected":false},"featured_media":4369,"template":"","meta":[],"product_brand":[489],"product_cat":[31,45],"product_tag":[],"class_list":{"0":"post-4368","1":"product","2":"type-product","3":"status-publish","4":"has-post-thumbnail","6":"product_brand-lincoln-r-maiztegui-casas","7":"product_cat-historico","8":"product_cat-uruguayo","10":"first","11":"instock","12":"purchasable","13":"product-type-simple"},"featured_image_urls_v2":{"full":["https:\/\/ajupe.com.uy\/web\/wp-content\/uploads\/2016\/04\/p-4368-Orientales._Una__4e8cba5d16c56.jpg",300,300,false],"thumbnail":["https:\/\/ajupe.com.uy\/web\/wp-content\/uploads\/2016\/04\/p-4368-Orientales._Una__4e8cba5d16c56.jpg",150,150,true],"medium":["https:\/\/ajupe.com.uy\/web\/wp-content\/uploads\/2016\/04\/p-4368-Orientales._Una__4e8cba5d16c56.jpg",300,214,true],"medium_large":["https:\/\/ajupe.com.uy\/web\/wp-content\/uploads\/2016\/04\/p-4368-Orientales._Una__4e8cba5d16c56.jpg",300,300,false],"large":["https:\/\/ajupe.com.uy\/web\/wp-content\/uploads\/2016\/04\/p-4368-Orientales._Una__4e8cba5d16c56.jpg",300,300,false],"1536x1536":["https:\/\/ajupe.com.uy\/web\/wp-content\/uploads\/2016\/04\/p-4368-Orientales._Una__4e8cba5d16c56.jpg",300,300,false],"2048x2048":["https:\/\/ajupe.com.uy\/web\/wp-content\/uploads\/2016\/04\/p-4368-Orientales._Una__4e8cba5d16c56.jpg",300,300,false],"woocommerce_archive_thumbnail":["https:\/\/ajupe.com.uy\/web\/wp-content\/uploads\/2016\/04\/p-4368-Orientales._Una__4e8cba5d16c56.jpg",300,300,false],"woocommerce_thumbnail":["https:\/\/ajupe.com.uy\/web\/wp-content\/uploads\/2016\/04\/p-4368-Orientales._Una__4e8cba5d16c56.jpg",300,300,false],"woocommerce_single":["https:\/\/ajupe.com.uy\/web\/wp-content\/uploads\/2016\/04\/p-4368-Orientales._Una__4e8cba5d16c56.jpg",300,300,false],"woocommerce_gallery_thumbnail":["https:\/\/ajupe.com.uy\/web\/wp-content\/uploads\/2016\/04\/p-4368-Orientales._Una__4e8cba5d16c56-100x100.jpg",100,100,true]},"post_excerpt_stackable_v2":"<p>Este segundo tomo de Orientales abarca el per\u00edodo de m\u00e1s de 70 a\u00f1os durante el cual la Rep\u00fablica Oriental de Uruguay dej\u00f3 de ser una comunidad primitiva de organizaci\u00f3n embrionaria y se constituy\u00f3 en una naci\u00f3n que, en algunos aspectos, tuvo veleidades de vanguardia. A partir del derrocamiento del gobierno democr\u00e1tico en 1865 y el ejercicio dictatorial del poder por Venancio Flores, y atravesando la terrible jornada del 19 de febrero de 1968, digna de un relato hom\u00e9rico, el pa\u00eds fue quemando etapas de progreso que, parad\u00f3jicamente, resultaron a veces m\u00e1s violentas en su devenir que las del per\u00edodo anterior.&hellip;<\/p>\n","category_list_v2":"","author_info_v2":{"name":"","url":""},"comments_num_v2":"0 comentarios","_links":{"self":[{"href":"https:\/\/ajupe.com.uy\/web\/wp-json\/wp\/v2\/product\/4368","targetHints":{"allow":["GET"]}}],"collection":[{"href":"https:\/\/ajupe.com.uy\/web\/wp-json\/wp\/v2\/product"}],"about":[{"href":"https:\/\/ajupe.com.uy\/web\/wp-json\/wp\/v2\/types\/product"}],"wp:featuredmedia":[{"embeddable":true,"href":"https:\/\/ajupe.com.uy\/web\/wp-json\/wp\/v2\/media\/4369"}],"wp:attachment":[{"href":"https:\/\/ajupe.com.uy\/web\/wp-json\/wp\/v2\/media?parent=4368"}],"wp:term":[{"taxonomy":"product_brand","embeddable":true,"href":"https:\/\/ajupe.com.uy\/web\/wp-json\/wp\/v2\/product_brand?post=4368"},{"taxonomy":"product_cat","embeddable":true,"href":"https:\/\/ajupe.com.uy\/web\/wp-json\/wp\/v2\/product_cat?post=4368"},{"taxonomy":"product_tag","embeddable":true,"href":"https:\/\/ajupe.com.uy\/web\/wp-json\/wp\/v2\/product_tag?post=4368"}],"curies":[{"name":"wp","href":"https:\/\/api.w.org\/{rel}","templated":true}]}}

Orientales. Una historia política del Uruguay. Tomo 2

<p><span style="font-size: 10pt;">Este segundo tomo de Orientales abarca el  período de más de 70 años durante el cual la República Oriental de  Uruguay dejó de ser una comunidad primitiva de organización embrionaria y  se constituyó en una nación que, en algunos aspectos, tuvo veleidades  de vanguardia. A partir del derrocamiento del gobierno democrático en  1865 y el ejercicio dictatorial del poder por Venancio Flores, y  atravesando la terrible jornada del 19 de febrero de 1968, digna de un  relato homérico, el país fue quemando etapas de progreso que,  paradójicamente, resultaron a veces más violentas en su devenir que las  del período anterior. Mojones decisivos de esa evolución fueron el  primer acuerdo de coparticipación de los partidos (6 de abril de 1872),  la irrupción de una brillante pléyade de jóvenes universitarios a las  primeras filas de combate político y los gobiernos de base militar (que  terminaron de independizar al Estado de los controles eclesiáticos,  alambraron los campos con sentido propietarista e impulsaron una  profunda reforma en los sistemas de enseñanza). Los tiempos inmediatos  asistieron al acceso del “Uruguay popular”, conformado por los  inmigrantes y sus descendientes, a la conducción del país, a la  formación y el desarrollo del movimiento sindical y a la instauración de  una política reformista en los planos económico y social que fue  configurando una sociedad mesocrática. Todo ello generó la utopía de la  “Suiza de América” y permitió la conformación de un sistema electoral  fiable y funcional, que superó la prueba de la primera gran guerra  internacional –cuya repercusión fue mucho menos favorable de lo que  ciertos sectores de la histografía vernácula han proclamado- , pero cayó  ante los embates de la crisis del capitalismo mundial iniciada en 1929.  Desfilan a través de estas páginas las grandes personalidades que  forjaron, en sus aciertos, sus errores y sus insuficiencias, el país  optimista y pujante que un día fuimos: Lorenzo Latorre, Aparicio  Saravia, Juan José Batlle y Ordonez, Emilio Frugoni, Luis Alberto de  Herrera, Baltasar Brum, Gabriel Terra y tantos otros. Y se recrean los  principales hechos políticos, sociales y económicos, culturales e  incluso deportivos que contribuyeron a generar la sociedad en la que hoy  vivimos.</span></p>

<p>Este segundo tomo de Orientales abarca el período de más de 70 años durante el cual la República Oriental de Uruguay dejó de ser una comunidad primitiva de organización embrionaria y se constituyó en una nación que, en algunos aspectos, tuvo veleidades de vanguardia. A partir del derrocamiento del gobierno democrático en 1865 y el [&hellip;]</p>

<p>Este segundo tomo de Orientales abarca el período de más de 70 años durante el cual la República Oriental de Uruguay dejó de ser una comunidad primitiva de organización embrionaria y se constituyó en una nación que, en algunos aspectos, tuvo veleidades de vanguardia. A partir del derrocamiento del gobierno democrático en 1865 y el ejercicio dictatorial del poder por Venancio Flores, y atravesando la terrible jornada del 19 de febrero de 1968, digna de un relato homérico, el país fue quemando etapas de progreso que, paradójicamente, resultaron a veces más violentas en su devenir que las del período anterior.&hellip;</p>
