{"id":4377,"date":"2011-10-05T20:23:54","date_gmt":"2011-10-05T23:23:54","guid":{"rendered":"http:\/\/ajupe.com.uy\/web\/?post_type=product&#038;p=4377"},"modified":"2011-10-07T18:00:52","modified_gmt":"2011-10-07T21:00:52","slug":"orientales-una-historia-politica-del-uruguay-tomo-3","status":"publish","type":"product","link":"https:\/\/ajupe.com.uy\/web\/biblioteca\/orientales-una-historia-politica-del-uruguay-tomo-3\/","title":{"rendered":"Orientales. Una historia pol\u00edtica del Uruguay. Tomo 3"},"content":{"rendered":"<p><span style=\"font-size: 10pt;\">Treinta y tres a\u00f1os transcurrieron entre  1938, cuando comenz\u00f3 la presidencia de Alfredo Baldomir, y la elecciones  de 1971. Treinta y tres a\u00f1os en cuya proteiforme peripecia el Uruguay  vivi\u00f3 los que fueron tal vez los momentos m\u00e1s euf\u00f3ricos y esperanzadores  de su historia, para ingresar casi abruptamente en el per\u00edodo m\u00e1s  oscuro. El lapso que aqu\u00ed se aborda comenz\u00f3 con los coletazos de la  crisis capitalista de 1929 para abrirse a un per\u00edodo expansivo que la  sociedad registr\u00f3 como destinado a eternizarse, pese a las hura\u00f1as  advertencias de la \u00abgeneraci\u00f3n el 45\u00bb. Fueron los a\u00f1os del  \u00abneobatllismo\u00bb, signados por la prosperidad econ\u00f3mica, la llegada del  \u00faltimo flujo de inmigrantes, las leyes avanzadas y la forja de un modelo  social que se exhib\u00eda ante el mundo como ejemplo de integrada cohesi\u00f3n.  A partir de mediados de la d\u00e9cada del 50, el juego caleidosc\u00f3pico de  factores diversos deriv\u00f3 en una inesperada decadencia de la que el pa\u00eds  nunca m\u00e1s se recuperar\u00eda totalmente: la reflej\u00f3 incluso el lenguaje, y  los orientales debieron familiarizarse con t\u00e9rminos \u00abtercer mundo\u00bb o  \u00absubdesarrollo\u00bb; el optimista \u00abComo Uruguay no hay\u00bb devino \u00abEl \u00faltimo  que apague la luz\u00bb. A trav\u00e9s de las p\u00e1ginas de este libro desfilan los  a\u00f1os satisfechos: el Graf Spee, el retorno del batllismo al gobierno, la  b\u00fasqueda de petr\u00f3leo del padre Am\u00e9ndola, la victoria hist\u00f3rica de  Maracan\u00e1, el Poder Ejecutivo colegiado, el tesoro de las Masilotti y  tantos hechos de un pa\u00eds risue\u00f1o y sonriente. Y tambi\u00e9n el tiempo de los  sue\u00f1os rotos, con la alternancia de los partidos en el gobierno, la  culminaci\u00f3n del proceso de unidad sindical, el surgimiento de la  guerrilla urbana, la intolerancia y la violencia. Pasan as\u00ed, como  sombras de un ayer que a veces parece tan lejano y a veces tan pr\u00f3ximo,  los l\u00edderes que enfrentaron aquella metamorfosis: Luis Batlle Berres,  Arismendi, Vivi\u00e1n Tr\u00edas, Jos\u00e9 D\u00b4El\u00eda, Nardone, Fern\u00e1ndez Crespo, Wilson  Ferreira Aldunate, Ra\u00fal Sendic, L\u00edber Seregni y Jorge Pacheco Areco,  entre otros muchos. Forjadores todos de la realidad que, con su  inevitable carga de frustraciones, hero\u00edsmos y esperanzas, transitamos  en la actualidad.<\/span><\/p>\n","protected":false},"excerpt":{"rendered":"<p>Treinta y tres a\u00f1os transcurrieron entre 1938, cuando comenz\u00f3 la presidencia de Alfredo Baldomir, y la elecciones de 1971. Treinta y tres a\u00f1os en cuya proteiforme peripecia el Uruguay vivi\u00f3 los que fueron tal vez los momentos m\u00e1s euf\u00f3ricos y esperanzadores de su historia, para ingresar casi abruptamente en el per\u00edodo m\u00e1s oscuro. El lapso [&hellip;]<\/p>\n","protected":false},"featured_media":4378,"template":"","meta":[],"product_brand":[489],"product_cat":[31,45],"product_tag":[],"class_list":{"0":"post-4377","1":"product","2":"type-product","3":"status-publish","4":"has-post-thumbnail","6":"product_brand-lincoln-r-maiztegui-casas","7":"product_cat-historico","8":"product_cat-uruguayo","10":"first","11":"instock","12":"purchasable","13":"product-type-simple"},"featured_image_urls_v2":{"full":["https:\/\/ajupe.com.uy\/web\/wp-content\/uploads\/2016\/04\/p-4377-Orientales._Una__4e8cbcda4e844.jpg",300,300,false],"thumbnail":["https:\/\/ajupe.com.uy\/web\/wp-content\/uploads\/2016\/04\/p-4377-Orientales._Una__4e8cbcda4e844.jpg",150,150,true],"medium":["https:\/\/ajupe.com.uy\/web\/wp-content\/uploads\/2016\/04\/p-4377-Orientales._Una__4e8cbcda4e844.jpg",300,214,true],"medium_large":["https:\/\/ajupe.com.uy\/web\/wp-content\/uploads\/2016\/04\/p-4377-Orientales._Una__4e8cbcda4e844.jpg",300,300,false],"large":["https:\/\/ajupe.com.uy\/web\/wp-content\/uploads\/2016\/04\/p-4377-Orientales._Una__4e8cbcda4e844.jpg",300,300,false],"1536x1536":["https:\/\/ajupe.com.uy\/web\/wp-content\/uploads\/2016\/04\/p-4377-Orientales._Una__4e8cbcda4e844.jpg",300,300,false],"2048x2048":["https:\/\/ajupe.com.uy\/web\/wp-content\/uploads\/2016\/04\/p-4377-Orientales._Una__4e8cbcda4e844.jpg",300,300,false],"woocommerce_archive_thumbnail":["https:\/\/ajupe.com.uy\/web\/wp-content\/uploads\/2016\/04\/p-4377-Orientales._Una__4e8cbcda4e844.jpg",300,300,false],"woocommerce_thumbnail":["https:\/\/ajupe.com.uy\/web\/wp-content\/uploads\/2016\/04\/p-4377-Orientales._Una__4e8cbcda4e844.jpg",300,300,false],"woocommerce_single":["https:\/\/ajupe.com.uy\/web\/wp-content\/uploads\/2016\/04\/p-4377-Orientales._Una__4e8cbcda4e844.jpg",300,300,false],"woocommerce_gallery_thumbnail":["https:\/\/ajupe.com.uy\/web\/wp-content\/uploads\/2016\/04\/p-4377-Orientales._Una__4e8cbcda4e844-100x100.jpg",100,100,true]},"post_excerpt_stackable_v2":"<p>Treinta y tres a\u00f1os transcurrieron entre 1938, cuando comenz\u00f3 la presidencia de Alfredo Baldomir, y la elecciones de 1971. Treinta y tres a\u00f1os en cuya proteiforme peripecia el Uruguay vivi\u00f3 los que fueron tal vez los momentos m\u00e1s euf\u00f3ricos y esperanzadores de su historia, para ingresar casi abruptamente en el per\u00edodo m\u00e1s oscuro. El lapso que aqu\u00ed se aborda comenz\u00f3 con los coletazos de la crisis capitalista de 1929 para abrirse a un per\u00edodo expansivo que la sociedad registr\u00f3 como destinado a eternizarse, pese a las hura\u00f1as advertencias de la \u00abgeneraci\u00f3n el 45\u00bb. Fueron los a\u00f1os del \u00abneobatllismo\u00bb, signados por&hellip;<\/p>\n","category_list_v2":"","author_info_v2":{"name":"","url":""},"comments_num_v2":"0 comentarios","_links":{"self":[{"href":"https:\/\/ajupe.com.uy\/web\/wp-json\/wp\/v2\/product\/4377","targetHints":{"allow":["GET"]}}],"collection":[{"href":"https:\/\/ajupe.com.uy\/web\/wp-json\/wp\/v2\/product"}],"about":[{"href":"https:\/\/ajupe.com.uy\/web\/wp-json\/wp\/v2\/types\/product"}],"wp:featuredmedia":[{"embeddable":true,"href":"https:\/\/ajupe.com.uy\/web\/wp-json\/wp\/v2\/media\/4378"}],"wp:attachment":[{"href":"https:\/\/ajupe.com.uy\/web\/wp-json\/wp\/v2\/media?parent=4377"}],"wp:term":[{"taxonomy":"product_brand","embeddable":true,"href":"https:\/\/ajupe.com.uy\/web\/wp-json\/wp\/v2\/product_brand?post=4377"},{"taxonomy":"product_cat","embeddable":true,"href":"https:\/\/ajupe.com.uy\/web\/wp-json\/wp\/v2\/product_cat?post=4377"},{"taxonomy":"product_tag","embeddable":true,"href":"https:\/\/ajupe.com.uy\/web\/wp-json\/wp\/v2\/product_tag?post=4377"}],"curies":[{"name":"wp","href":"https:\/\/api.w.org\/{rel}","templated":true}]}}