{"id":4512,"date":"2011-10-06T20:10:25","date_gmt":"2011-10-06T23:10:25","guid":{"rendered":"http:\/\/ajupe.com.uy\/web\/?post_type=product&#038;p=4512"},"modified":"2011-10-11T17:37:09","modified_gmt":"2011-10-11T20:37:09","slug":"operacion-conejo-rojo","status":"publish","type":"product","link":"https:\/\/ajupe.com.uy\/web\/biblioteca\/operacion-conejo-rojo\/","title":{"rendered":"Operaci\u00f3n Conejo Rojo"},"content":{"rendered":"<table id=\"descripcion\" style=\"width: 992px; height: 194px;\" border=\"0\" cellspacing=\"0\" cellpadding=\"0\">\n<tbody>\n<tr>\n<td><strong><br \/><\/strong><\/td>\n<td colspan=\"4\">Estamos a  principios de los a\u00f1os ochenta. Mucho antes de ser el presidente de la  CIA, el ex marine Jack Ryan es un historiador y profesor que se  encuentra en Inglaterra investigando para un libro sobre el IRA<strong>.<\/strong><\/td>\n<\/tr>\n<tr>\n<td><\/td>\n<td colspan=\"3\">\n<p>Una serie de  peligrosos encuentros con miembros de esta organizaci\u00f3n terrorista ha  llamado la atenci\u00f3n del director de la CIA James Greer, quien le propone  a Jack trabajar como analista para la agencia. Pero en el primer d\u00eda de  trabajo, un important\u00edsimo documento llega a su mesa y hace que Jack  olvide todo lo dem\u00e1s. El nuevo Papa, Juan Pablo II, ha enviado un  ultim\u00e1tum privado a Varsovia: si el r\u00e9gimen persiste con la represi\u00f3n,  \u00e9l se ver\u00e1 obligado a renunciar al papado y volver a Polonia, a luchar  contra el bloque sovi\u00e9tico. En Mosc\u00fa, Yuri Andropov, director de la KGB,  est\u00e1 seriamente preocupado por lo que esto significa para \u00e9l y para su  gobierno. Un solo hombre puede hacer fracasar todo el trabajo de su  vida. Pero s\u00f3lo un hombre ser\u00eda capaz de detenerlo. El Papa es muy  poderoso, pero tambi\u00e9n es mortal\u2026 En las semanas siguientes, Ryan deber\u00e1  enfrentar una reacci\u00f3n en cadena que jam\u00e1s hubiera imaginado, un juego  en las altas esferas que amenazan no solo a l\u00edderes mundiales sino a  naciones enteras y que un analista novato de la CIA tal vez sea incapaz  de manejar. Operaci\u00f3n Conejo Rojo es el nuevo y esperado bestseller de  Tom Clancy en estado puro.<\/p>\n<\/td>\n<\/tr>\n<\/tbody>\n<\/table>\n","protected":false},"excerpt":{"rendered":"<p>Estamos a principios de los a\u00f1os ochenta. Mucho antes de ser el presidente de la CIA, el ex marine Jack Ryan es un historiador y profesor que se encuentra en Inglaterra investigando para un libro sobre el IRA. Una serie de peligrosos encuentros con miembros de esta organizaci\u00f3n terrorista ha llamado la atenci\u00f3n del director [&hellip;]<\/p>\n","protected":false},"featured_media":4513,"template":"","meta":[],"product_brand":[95],"product_cat":[30],"product_tag":[],"class_list":{"0":"post-4512","1":"product","2":"type-product","3":"status-publish","4":"has-post-thumbnail","6":"product_brand-tom-clancy","7":"product_cat-suspenso","9":"first","10":"instock","11":"purchasable","12":"product-type-simple"},"featured_image_urls_v2":{"full":["https:\/\/ajupe.com.uy\/web\/wp-content\/uploads\/2016\/04\/p-4512-Operaci__n_Conej_4e8e0b30f2e6b.jpg",150,233,false],"thumbnail":["https:\/\/ajupe.com.uy\/web\/wp-content\/uploads\/2016\/04\/p-4512-Operaci__n_Conej_4e8e0b30f2e6b.jpg",150,150,true],"medium":["https:\/\/ajupe.com.uy\/web\/wp-content\/uploads\/2016\/04\/p-4512-Operaci__n_Conej_4e8e0b30f2e6b.jpg",300,214,true],"medium_large":["https:\/\/ajupe.com.uy\/web\/wp-content\/uploads\/2016\/04\/p-4512-Operaci__n_Conej_4e8e0b30f2e6b.jpg",150,233,false],"large":["https:\/\/ajupe.com.uy\/web\/wp-content\/uploads\/2016\/04\/p-4512-Operaci__n_Conej_4e8e0b30f2e6b.jpg",150,233,false],"1536x1536":["https:\/\/ajupe.com.uy\/web\/wp-content\/uploads\/2016\/04\/p-4512-Operaci__n_Conej_4e8e0b30f2e6b.jpg",150,233,false],"2048x2048":["https:\/\/ajupe.com.uy\/web\/wp-content\/uploads\/2016\/04\/p-4512-Operaci__n_Conej_4e8e0b30f2e6b.jpg",150,233,false],"woocommerce_archive_thumbnail":["https:\/\/ajupe.com.uy\/web\/wp-content\/uploads\/2016\/04\/p-4512-Operaci__n_Conej_4e8e0b30f2e6b.jpg",150,233,false],"woocommerce_thumbnail":["https:\/\/ajupe.com.uy\/web\/wp-content\/uploads\/2016\/04\/p-4512-Operaci__n_Conej_4e8e0b30f2e6b.jpg",150,233,false],"woocommerce_single":["https:\/\/ajupe.com.uy\/web\/wp-content\/uploads\/2016\/04\/p-4512-Operaci__n_Conej_4e8e0b30f2e6b.jpg",150,233,false],"woocommerce_gallery_thumbnail":["https:\/\/ajupe.com.uy\/web\/wp-content\/uploads\/2016\/04\/p-4512-Operaci__n_Conej_4e8e0b30f2e6b-100x100.jpg",100,100,true]},"post_excerpt_stackable_v2":"<p>Estamos a principios de los a\u00f1os ochenta. Mucho antes de ser el presidente de la CIA, el ex marine Jack Ryan es un historiador y profesor que se encuentra en Inglaterra investigando para un libro sobre el IRA. Una serie de peligrosos encuentros con miembros de esta organizaci\u00f3n terrorista ha llamado la atenci\u00f3n del director de la CIA James Greer, quien le propone a Jack trabajar como analista para la agencia. Pero en el primer d\u00eda de trabajo, un important\u00edsimo documento llega a su mesa y hace que Jack olvide todo lo dem\u00e1s. El nuevo Papa, Juan Pablo II, ha&hellip;<\/p>\n","category_list_v2":"","author_info_v2":{"name":"","url":""},"comments_num_v2":"0 comentarios","_links":{"self":[{"href":"https:\/\/ajupe.com.uy\/web\/wp-json\/wp\/v2\/product\/4512","targetHints":{"allow":["GET"]}}],"collection":[{"href":"https:\/\/ajupe.com.uy\/web\/wp-json\/wp\/v2\/product"}],"about":[{"href":"https:\/\/ajupe.com.uy\/web\/wp-json\/wp\/v2\/types\/product"}],"wp:featuredmedia":[{"embeddable":true,"href":"https:\/\/ajupe.com.uy\/web\/wp-json\/wp\/v2\/media\/4513"}],"wp:attachment":[{"href":"https:\/\/ajupe.com.uy\/web\/wp-json\/wp\/v2\/media?parent=4512"}],"wp:term":[{"taxonomy":"product_brand","embeddable":true,"href":"https:\/\/ajupe.com.uy\/web\/wp-json\/wp\/v2\/product_brand?post=4512"},{"taxonomy":"product_cat","embeddable":true,"href":"https:\/\/ajupe.com.uy\/web\/wp-json\/wp\/v2\/product_cat?post=4512"},{"taxonomy":"product_tag","embeddable":true,"href":"https:\/\/ajupe.com.uy\/web\/wp-json\/wp\/v2\/product_tag?post=4512"}],"curies":[{"name":"wp","href":"https:\/\/api.w.org\/{rel}","templated":true}]}}