{"id":4575,"date":"2011-10-06T23:05:05","date_gmt":"2011-10-07T02:05:05","guid":{"rendered":"http:\/\/ajupe.com.uy\/web\/?post_type=product&#038;p=4575"},"modified":"2011-10-11T17:50:39","modified_gmt":"2011-10-11T20:50:39","slug":"concierto-para-doble-discurso-y-orquesta","status":"publish","type":"product","link":"https:\/\/ajupe.com.uy\/web\/biblioteca\/concierto-para-doble-discurso-y-orquesta\/","title":{"rendered":"Concierto para Doble Discurso y Orquesta"},"content":{"rendered":"<p>El senador Ram\u00f3n Artigas Ternero De Noro\u00f1a ser\u00eda  f\u00e1cilmente localizable  entre aquellos pol\u00edticos que votan proyectos de  leyes sin siquiera  tomarse el trabajo de leerlos, o entre los que se  pasan maquinando  estrategias destructivas contra sus opositores, o los  que se obsesionan  elucubrando sobre sus posibles traidores. Como  protagonista de esta  novela sat\u00edrica de incuestionable actualidad, el  senador es  entrevistado por un periodista avezado en estas lides, qui\u00e9n  tampoco se  queda atr\u00e1s en organizar escaramuzas o poner zancadillas,  v\u00edctima  tambi\u00e9n \u00e9l de un sistema que obliga a la obediencia, aunque esta   conduzca a la mediocridad o a la m\u00e1s ostensible hipocres\u00eda. Estos dos   campeones del doble discurso ejecutan su concierto de intrigas   acompa\u00f1ados por una orquesta de c\u00f3mplices, adeptos incondicionales y   adulones, entre quienes seguramente tambi\u00e9n est\u00e9n ocultos sus enemigos.   En un pa\u00eds muy alejado de su a\u00f1orada transparencia, el desopilante  humor  negro de que hace gala la pluma de <strong>C\u00e9sar de Candia <\/strong>no ceja en intentar  aliviar, no sin cierto escepticismo, la grisura de tanta pena.<\/p>\n","protected":false},"excerpt":{"rendered":"<p>El senador Ram\u00f3n Artigas Ternero De Noro\u00f1a ser\u00eda f\u00e1cilmente localizable entre aquellos pol\u00edticos que votan proyectos de leyes sin siquiera tomarse el trabajo de leerlos, o entre los que se pasan maquinando estrategias destructivas contra sus opositores, o los que se obsesionan elucubrando sobre sus posibles traidores. Como protagonista de esta novela sat\u00edrica de incuestionable [&hellip;]<\/p>\n","protected":false},"featured_media":4576,"template":"","meta":[],"product_brand":[72],"product_cat":[29,45],"product_tag":[],"class_list":{"0":"post-4575","1":"product","2":"type-product","3":"status-publish","4":"has-post-thumbnail","6":"product_brand-cesar-di-candia","7":"product_cat-novela","8":"product_cat-uruguayo","10":"first","11":"instock","12":"purchasable","13":"product-type-simple"},"featured_image_urls_v2":{"full":["https:\/\/ajupe.com.uy\/web\/wp-content\/uploads\/2016\/04\/p-4575-Concierto_para_D_4e8e3421d4ccf.jpg",130,211,false],"thumbnail":["https:\/\/ajupe.com.uy\/web\/wp-content\/uploads\/2016\/04\/p-4575-Concierto_para_D_4e8e3421d4ccf.jpg",150,150,true],"medium":["https:\/\/ajupe.com.uy\/web\/wp-content\/uploads\/2016\/04\/p-4575-Concierto_para_D_4e8e3421d4ccf.jpg",300,214,true],"medium_large":["https:\/\/ajupe.com.uy\/web\/wp-content\/uploads\/2016\/04\/p-4575-Concierto_para_D_4e8e3421d4ccf.jpg",130,211,false],"large":["https:\/\/ajupe.com.uy\/web\/wp-content\/uploads\/2016\/04\/p-4575-Concierto_para_D_4e8e3421d4ccf.jpg",130,211,false],"1536x1536":["https:\/\/ajupe.com.uy\/web\/wp-content\/uploads\/2016\/04\/p-4575-Concierto_para_D_4e8e3421d4ccf.jpg",130,211,false],"2048x2048":["https:\/\/ajupe.com.uy\/web\/wp-content\/uploads\/2016\/04\/p-4575-Concierto_para_D_4e8e3421d4ccf.jpg",130,211,false],"woocommerce_archive_thumbnail":["https:\/\/ajupe.com.uy\/web\/wp-content\/uploads\/2016\/04\/p-4575-Concierto_para_D_4e8e3421d4ccf.jpg",130,211,false],"woocommerce_thumbnail":["https:\/\/ajupe.com.uy\/web\/wp-content\/uploads\/2016\/04\/p-4575-Concierto_para_D_4e8e3421d4ccf.jpg",130,211,false],"woocommerce_single":["https:\/\/ajupe.com.uy\/web\/wp-content\/uploads\/2016\/04\/p-4575-Concierto_para_D_4e8e3421d4ccf.jpg",130,211,false],"woocommerce_gallery_thumbnail":["https:\/\/ajupe.com.uy\/web\/wp-content\/uploads\/2016\/04\/p-4575-Concierto_para_D_4e8e3421d4ccf-100x100.jpg",100,100,true]},"post_excerpt_stackable_v2":"<p>El senador Ram\u00f3n Artigas Ternero De Noro\u00f1a ser\u00eda f\u00e1cilmente localizable entre aquellos pol\u00edticos que votan proyectos de leyes sin siquiera tomarse el trabajo de leerlos, o entre los que se pasan maquinando estrategias destructivas contra sus opositores, o los que se obsesionan elucubrando sobre sus posibles traidores. Como protagonista de esta novela sat\u00edrica de incuestionable actualidad, el senador es entrevistado por un periodista avezado en estas lides, qui\u00e9n tampoco se queda atr\u00e1s en organizar escaramuzas o poner zancadillas, v\u00edctima tambi\u00e9n \u00e9l de un sistema que obliga a la obediencia, aunque esta conduzca a la mediocridad o a la m\u00e1s ostensible&hellip;<\/p>\n","category_list_v2":"","author_info_v2":{"name":"","url":""},"comments_num_v2":"0 comentarios","_links":{"self":[{"href":"https:\/\/ajupe.com.uy\/web\/wp-json\/wp\/v2\/product\/4575","targetHints":{"allow":["GET"]}}],"collection":[{"href":"https:\/\/ajupe.com.uy\/web\/wp-json\/wp\/v2\/product"}],"about":[{"href":"https:\/\/ajupe.com.uy\/web\/wp-json\/wp\/v2\/types\/product"}],"wp:featuredmedia":[{"embeddable":true,"href":"https:\/\/ajupe.com.uy\/web\/wp-json\/wp\/v2\/media\/4576"}],"wp:attachment":[{"href":"https:\/\/ajupe.com.uy\/web\/wp-json\/wp\/v2\/media?parent=4575"}],"wp:term":[{"taxonomy":"product_brand","embeddable":true,"href":"https:\/\/ajupe.com.uy\/web\/wp-json\/wp\/v2\/product_brand?post=4575"},{"taxonomy":"product_cat","embeddable":true,"href":"https:\/\/ajupe.com.uy\/web\/wp-json\/wp\/v2\/product_cat?post=4575"},{"taxonomy":"product_tag","embeddable":true,"href":"https:\/\/ajupe.com.uy\/web\/wp-json\/wp\/v2\/product_tag?post=4575"}],"curies":[{"name":"wp","href":"https:\/\/api.w.org\/{rel}","templated":true}]}}