{"id":4638,"date":"2011-10-07T18:55:37","date_gmt":"2011-10-07T21:55:37","guid":{"rendered":"http:\/\/ajupe.com.uy\/web\/?post_type=product&#038;p=4638"},"modified":"2011-10-26T15:41:49","modified_gmt":"2011-10-26T18:41:49","slug":"p-de-peligro","status":"publish","type":"product","link":"https:\/\/ajupe.com.uy\/web\/biblioteca\/p-de-peligro\/","title":{"rendered":"P de Peligro"},"content":{"rendered":"<p>Nadie puede explicarse por qu\u00e9 Down Purcell, un reputado especialista en  medicina geri\u00e1trica de Santa Teresa (California), lleva desaparecido  desde hace nueve semanas. Purcell est\u00e1 aparentemente muy enamorado de  Crystal, su segunda esposa, una ex bailarina de strip-tease. Pero lo  curioso es que es Fiona, su primera esposa, quien contrata a Kinsey  Millhone, convencida de que, en realidad, Purcell quer\u00eda huir de  Crystal. La detective no tarda en averiguar que hay otras posibilidades  mucho m\u00e1s t\u00e9tricas: \u00bfse ha esfumado Purcell para eludir alguna cuenta  pendiente con la justicia?, \u00bftiene algo que ver el mill\u00f3n de d\u00f3lares que  Fiona cobrar\u00eda del seguro si fallece su ex marido? Durante la  investigaci\u00f3n, Kinsey conoce a uno de los hermanos Hevener, y se  ilusiona pensando que puede haber novedades en su vida. Lo que ignora es  que esas novedades son en realidad de muy distinta y amenazadora  naturaleza&#8230;<\/p>\n","protected":false},"excerpt":{"rendered":"<p>Nadie puede explicarse por qu\u00e9 Down Purcell, un reputado especialista en medicina geri\u00e1trica de Santa Teresa (California), lleva desaparecido desde hace nueve semanas. Purcell est\u00e1 aparentemente muy enamorado de Crystal, su segunda esposa, una ex bailarina de strip-tease. Pero lo curioso es que es Fiona, su primera esposa, quien contrata a Kinsey Millhone, convencida de [&hellip;]<\/p>\n","protected":false},"featured_media":4639,"template":"","meta":[],"product_brand":[900],"product_cat":[40,30],"product_tag":[],"class_list":{"0":"post-4638","1":"product","2":"type-product","3":"status-publish","4":"has-post-thumbnail","6":"product_brand-sue-grafton","7":"product_cat-policial","8":"product_cat-suspenso","10":"first","11":"instock","12":"purchasable","13":"product-type-simple"},"featured_image_urls_v2":{"full":["https:\/\/ajupe.com.uy\/web\/wp-content\/uploads\/2016\/04\/p-4638-P_de_Peligro_4e8f4b29d9545.jpg",100,136,false],"thumbnail":["https:\/\/ajupe.com.uy\/web\/wp-content\/uploads\/2016\/04\/p-4638-P_de_Peligro_4e8f4b29d9545.jpg",150,150,true],"medium":["https:\/\/ajupe.com.uy\/web\/wp-content\/uploads\/2016\/04\/p-4638-P_de_Peligro_4e8f4b29d9545.jpg",300,214,true],"medium_large":["https:\/\/ajupe.com.uy\/web\/wp-content\/uploads\/2016\/04\/p-4638-P_de_Peligro_4e8f4b29d9545.jpg",100,136,false],"large":["https:\/\/ajupe.com.uy\/web\/wp-content\/uploads\/2016\/04\/p-4638-P_de_Peligro_4e8f4b29d9545.jpg",100,136,false],"1536x1536":["https:\/\/ajupe.com.uy\/web\/wp-content\/uploads\/2016\/04\/p-4638-P_de_Peligro_4e8f4b29d9545.jpg",100,136,false],"2048x2048":["https:\/\/ajupe.com.uy\/web\/wp-content\/uploads\/2016\/04\/p-4638-P_de_Peligro_4e8f4b29d9545.jpg",100,136,false],"woocommerce_archive_thumbnail":["https:\/\/ajupe.com.uy\/web\/wp-content\/uploads\/2016\/04\/p-4638-P_de_Peligro_4e8f4b29d9545.jpg",100,136,false],"woocommerce_thumbnail":["https:\/\/ajupe.com.uy\/web\/wp-content\/uploads\/2016\/04\/p-4638-P_de_Peligro_4e8f4b29d9545.jpg",100,136,false],"woocommerce_single":["https:\/\/ajupe.com.uy\/web\/wp-content\/uploads\/2016\/04\/p-4638-P_de_Peligro_4e8f4b29d9545.jpg",100,136,false],"woocommerce_gallery_thumbnail":["https:\/\/ajupe.com.uy\/web\/wp-content\/uploads\/2016\/04\/p-4638-P_de_Peligro_4e8f4b29d9545-100x100.jpg",100,100,true]},"post_excerpt_stackable_v2":"<p>Nadie puede explicarse por qu\u00e9 Down Purcell, un reputado especialista en medicina geri\u00e1trica de Santa Teresa (California), lleva desaparecido desde hace nueve semanas. Purcell est\u00e1 aparentemente muy enamorado de Crystal, su segunda esposa, una ex bailarina de strip-tease. Pero lo curioso es que es Fiona, su primera esposa, quien contrata a Kinsey Millhone, convencida de que, en realidad, Purcell quer\u00eda huir de Crystal. La detective no tarda en averiguar que hay otras posibilidades mucho m\u00e1s t\u00e9tricas: \u00bfse ha esfumado Purcell para eludir alguna cuenta pendiente con la justicia?, \u00bftiene algo que ver el mill\u00f3n de d\u00f3lares que Fiona cobrar\u00eda del&hellip;<\/p>\n","category_list_v2":"","author_info_v2":{"name":"","url":""},"comments_num_v2":"0 comentarios","_links":{"self":[{"href":"https:\/\/ajupe.com.uy\/web\/wp-json\/wp\/v2\/product\/4638","targetHints":{"allow":["GET"]}}],"collection":[{"href":"https:\/\/ajupe.com.uy\/web\/wp-json\/wp\/v2\/product"}],"about":[{"href":"https:\/\/ajupe.com.uy\/web\/wp-json\/wp\/v2\/types\/product"}],"wp:featuredmedia":[{"embeddable":true,"href":"https:\/\/ajupe.com.uy\/web\/wp-json\/wp\/v2\/media\/4639"}],"wp:attachment":[{"href":"https:\/\/ajupe.com.uy\/web\/wp-json\/wp\/v2\/media?parent=4638"}],"wp:term":[{"taxonomy":"product_brand","embeddable":true,"href":"https:\/\/ajupe.com.uy\/web\/wp-json\/wp\/v2\/product_brand?post=4638"},{"taxonomy":"product_cat","embeddable":true,"href":"https:\/\/ajupe.com.uy\/web\/wp-json\/wp\/v2\/product_cat?post=4638"},{"taxonomy":"product_tag","embeddable":true,"href":"https:\/\/ajupe.com.uy\/web\/wp-json\/wp\/v2\/product_tag?post=4638"}],"curies":[{"name":"wp","href":"https:\/\/api.w.org\/{rel}","templated":true}]}}