{"id":4641,"date":"2011-10-07T19:16:06","date_gmt":"2011-10-07T22:16:06","guid":{"rendered":"http:\/\/ajupe.com.uy\/web\/?post_type=product&#038;p=4641"},"modified":"2012-02-06T18:38:45","modified_gmt":"2012-02-06T21:38:45","slug":"desde-1811","status":"publish","type":"product","link":"https:\/\/ajupe.com.uy\/web\/biblioteca\/desde-1811\/","title":{"rendered":"Desde 1811"},"content":{"rendered":"<p>El proyecto presenta a m\u00e1s de 100 personalidades que con sus ideas, emprendimientos y acciones construyeron el Uruguay de hoy.<\/p>\n<p>La edici\u00f3n tambi\u00e9n est\u00e1 compuesta por contenidos hist\u00f3ricos que hacen  hincapi\u00e9 en los acontecimientos que despertaron o hicieron posible la  independencia del pa\u00eds, como el Grito de Asencio, el \u00c9xodo, La Batalla  de las Piedras y\u00a0 cuenta con un buen sustento fotogr\u00e1fico.<\/p>\n","protected":false},"excerpt":{"rendered":"<p>Desde 1811 es un libro dedicado a la historia del Uruguay escrito por M.a Emilia P\u00e9rez Santarcieri. El proyecto presenta a m\u00e1s de 100 personalidades que con sus ideas, emprendimientos y acciones contribuyeron el Uruguay de hoy.<\/p>\n","protected":false},"featured_media":4642,"template":"","meta":[],"product_brand":[371],"product_cat":[45],"product_tag":[],"class_list":{"0":"post-4641","1":"product","2":"type-product","3":"status-publish","4":"has-post-thumbnail","6":"product_brand-maria-emilia-perez-santarcieri","7":"product_cat-uruguayo","9":"first","10":"instock","11":"purchasable","12":"product-type-simple"},"featured_image_urls_v2":{"full":["https:\/\/ajupe.com.uy\/web\/wp-content\/uploads\/2016\/04\/p-4641-Desde_1811_4f301e351cdb8.jpg",286,388,false],"thumbnail":["https:\/\/ajupe.com.uy\/web\/wp-content\/uploads\/2016\/04\/p-4641-Desde_1811_4f301e351cdb8.jpg",150,150,true],"medium":["https:\/\/ajupe.com.uy\/web\/wp-content\/uploads\/2016\/04\/p-4641-Desde_1811_4f301e351cdb8.jpg",300,214,true],"medium_large":["https:\/\/ajupe.com.uy\/web\/wp-content\/uploads\/2016\/04\/p-4641-Desde_1811_4f301e351cdb8.jpg",286,388,false],"large":["https:\/\/ajupe.com.uy\/web\/wp-content\/uploads\/2016\/04\/p-4641-Desde_1811_4f301e351cdb8.jpg",286,388,false],"1536x1536":["https:\/\/ajupe.com.uy\/web\/wp-content\/uploads\/2016\/04\/p-4641-Desde_1811_4f301e351cdb8.jpg",286,388,false],"2048x2048":["https:\/\/ajupe.com.uy\/web\/wp-content\/uploads\/2016\/04\/p-4641-Desde_1811_4f301e351cdb8.jpg",286,388,false],"woocommerce_archive_thumbnail":["https:\/\/ajupe.com.uy\/web\/wp-content\/uploads\/2016\/04\/p-4641-Desde_1811_4f301e351cdb8-286x300.jpg",286,300,true],"woocommerce_thumbnail":["https:\/\/ajupe.com.uy\/web\/wp-content\/uploads\/2016\/04\/p-4641-Desde_1811_4f301e351cdb8-286x300.jpg",286,300,true],"woocommerce_single":["https:\/\/ajupe.com.uy\/web\/wp-content\/uploads\/2016\/04\/p-4641-Desde_1811_4f301e351cdb8.jpg",286,388,false],"woocommerce_gallery_thumbnail":["https:\/\/ajupe.com.uy\/web\/wp-content\/uploads\/2016\/04\/p-4641-Desde_1811_4f301e351cdb8-100x100.jpg",100,100,true]},"post_excerpt_stackable_v2":"<p>Desde 1811 es un libro dedicado a la historia del Uruguay escrito por M.a Emilia P\u00e9rez Santarcieri. El proyecto presenta a m\u00e1s de 100 personalidades que con sus ideas, emprendimientos y acciones contribuyeron el Uruguay de hoy.<\/p>\n","category_list_v2":"","author_info_v2":{"name":"","url":""},"comments_num_v2":"0 comentarios","_links":{"self":[{"href":"https:\/\/ajupe.com.uy\/web\/wp-json\/wp\/v2\/product\/4641","targetHints":{"allow":["GET"]}}],"collection":[{"href":"https:\/\/ajupe.com.uy\/web\/wp-json\/wp\/v2\/product"}],"about":[{"href":"https:\/\/ajupe.com.uy\/web\/wp-json\/wp\/v2\/types\/product"}],"wp:featuredmedia":[{"embeddable":true,"href":"https:\/\/ajupe.com.uy\/web\/wp-json\/wp\/v2\/media\/4642"}],"wp:attachment":[{"href":"https:\/\/ajupe.com.uy\/web\/wp-json\/wp\/v2\/media?parent=4641"}],"wp:term":[{"taxonomy":"product_brand","embeddable":true,"href":"https:\/\/ajupe.com.uy\/web\/wp-json\/wp\/v2\/product_brand?post=4641"},{"taxonomy":"product_cat","embeddable":true,"href":"https:\/\/ajupe.com.uy\/web\/wp-json\/wp\/v2\/product_cat?post=4641"},{"taxonomy":"product_tag","embeddable":true,"href":"https:\/\/ajupe.com.uy\/web\/wp-json\/wp\/v2\/product_tag?post=4641"}],"curies":[{"name":"wp","href":"https:\/\/api.w.org\/{rel}","templated":true}]}}