{"id":4677,"date":"2011-10-07T20:09:29","date_gmt":"2011-10-07T23:09:29","guid":{"rendered":"http:\/\/ajupe.com.uy\/web\/?post_type=product&#038;p=4677"},"modified":"2011-10-07T20:09:29","modified_gmt":"2011-10-07T23:09:29","slug":"la-patria-vieja-antologia","status":"publish","type":"product","link":"https:\/\/ajupe.com.uy\/web\/biblioteca\/la-patria-vieja-antologia\/","title":{"rendered":"LA PATRIA VIEJA (ANTOLOGIA)"},"content":{"rendered":"<p>\u00abLa patria Vieja\u00bb agrupa en un conjunto coherente aquellos textos que, dispersos en la novel\u00edstica acevediana, dan una imagen del pa\u00eds en que actu\u00f3 Artigas y de la sociedad que supo responder al llamado del caudillo.<br \/>\nLa Virgen de las Mercedes de Paita.<br \/>\nEl Cementerio de San Teodoro.<br \/>\nLa leyenda del tesoro manso.<br \/>\nGenial\u00eddades de un noble.<br \/>\nCastilla, Vivanco, el Tambo de Congor\u00e1.<br \/>\nCastilla y los piuranos.<br \/>\nLas cruces &#8230; la Torrecita y la Capilla de La Cruz.<br \/>\nLa Plaza Principal y el Mercado.<br \/>\nLa toma de Lima.<br \/>\nLa casa de las penas.<br \/>\n!Oh recuerdos y encantos!<br \/>\nLas cometas, las pedreas y los tipos de mis tiempos.<br \/>\nLa movilizaci\u00f3n del a\u00f1o 10.<br \/>\nIndiscreciones.<\/p>\n","protected":false},"excerpt":{"rendered":"<p>\u00abLa patria Vieja\u00bb agrupa en un conjunto coherente aquellos textos que, dispersos en la novel\u00edstica acevediana, dan una imagen del pa\u00eds en que actu\u00f3 Artigas y de la sociedad que supo responder al llamado del caudillo.<\/p>\n","protected":false},"featured_media":4678,"template":"","meta":[],"product_brand":[635],"product_cat":[31,45],"product_tag":[],"class_list":["post-4677","product","type-product","status-publish","has-post-thumbnail","product_brand-eduardo-acevedo-diaz","product_cat-historico","product_cat-uruguayo","first","instock","purchasable","product-type-simple"],"featured_image_urls_v2":{"full":["https:\/\/ajupe.com.uy\/web\/wp-content\/uploads\/2016\/04\/p-4677-LA_PATRIA_VIEJA__4e8f5c792e5e6.jpg",168,300,false],"thumbnail":["https:\/\/ajupe.com.uy\/web\/wp-content\/uploads\/2016\/04\/p-4677-LA_PATRIA_VIEJA__4e8f5c792e5e6.jpg",150,150,true],"medium":["https:\/\/ajupe.com.uy\/web\/wp-content\/uploads\/2016\/04\/p-4677-LA_PATRIA_VIEJA__4e8f5c792e5e6.jpg",300,214,true],"medium_large":["https:\/\/ajupe.com.uy\/web\/wp-content\/uploads\/2016\/04\/p-4677-LA_PATRIA_VIEJA__4e8f5c792e5e6.jpg",168,300,false],"large":["https:\/\/ajupe.com.uy\/web\/wp-content\/uploads\/2016\/04\/p-4677-LA_PATRIA_VIEJA__4e8f5c792e5e6.jpg",168,300,false],"1536x1536":["https:\/\/ajupe.com.uy\/web\/wp-content\/uploads\/2016\/04\/p-4677-LA_PATRIA_VIEJA__4e8f5c792e5e6.jpg",168,300,false],"2048x2048":["https:\/\/ajupe.com.uy\/web\/wp-content\/uploads\/2016\/04\/p-4677-LA_PATRIA_VIEJA__4e8f5c792e5e6.jpg",168,300,false],"woocommerce_archive_thumbnail":["https:\/\/ajupe.com.uy\/web\/wp-content\/uploads\/2016\/04\/p-4677-LA_PATRIA_VIEJA__4e8f5c792e5e6.jpg",168,300,false],"woocommerce_thumbnail":["https:\/\/ajupe.com.uy\/web\/wp-content\/uploads\/2016\/04\/p-4677-LA_PATRIA_VIEJA__4e8f5c792e5e6.jpg",168,300,false],"woocommerce_single":["https:\/\/ajupe.com.uy\/web\/wp-content\/uploads\/2016\/04\/p-4677-LA_PATRIA_VIEJA__4e8f5c792e5e6.jpg",168,300,false],"woocommerce_gallery_thumbnail":["https:\/\/ajupe.com.uy\/web\/wp-content\/uploads\/2016\/04\/p-4677-LA_PATRIA_VIEJA__4e8f5c792e5e6-100x100.jpg",100,100,true]},"post_excerpt_stackable_v2":"<p>\u00abLa patria Vieja\u00bb agrupa en un conjunto coherente aquellos textos que, dispersos en la novel\u00edstica acevediana, dan una imagen del pa\u00eds en que actu\u00f3 Artigas y de la sociedad que supo responder al llamado del caudillo.<\/p>\n","category_list_v2":"","author_info_v2":{"name":"","url":""},"comments_num_v2":"0 comentarios","_links":{"self":[{"href":"https:\/\/ajupe.com.uy\/web\/wp-json\/wp\/v2\/product\/4677","targetHints":{"allow":["GET"]}}],"collection":[{"href":"https:\/\/ajupe.com.uy\/web\/wp-json\/wp\/v2\/product"}],"about":[{"href":"https:\/\/ajupe.com.uy\/web\/wp-json\/wp\/v2\/types\/product"}],"wp:featuredmedia":[{"embeddable":true,"href":"https:\/\/ajupe.com.uy\/web\/wp-json\/wp\/v2\/media\/4678"}],"wp:attachment":[{"href":"https:\/\/ajupe.com.uy\/web\/wp-json\/wp\/v2\/media?parent=4677"}],"wp:term":[{"taxonomy":"product_brand","embeddable":true,"href":"https:\/\/ajupe.com.uy\/web\/wp-json\/wp\/v2\/product_brand?post=4677"},{"taxonomy":"product_cat","embeddable":true,"href":"https:\/\/ajupe.com.uy\/web\/wp-json\/wp\/v2\/product_cat?post=4677"},{"taxonomy":"product_tag","embeddable":true,"href":"https:\/\/ajupe.com.uy\/web\/wp-json\/wp\/v2\/product_tag?post=4677"}],"curies":[{"name":"wp","href":"https:\/\/api.w.org\/{rel}","templated":true}]}}

<p>«La patria Vieja» agrupa en un conjunto coherente aquellos textos que, dispersos en la novelística acevediana, dan una imagen del país en que actuó Artigas y de la sociedad que supo responder al llamado del caudillo.<br />
La Virgen de las Mercedes de Paita.<br />
El Cementerio de San Teodoro.<br />
La leyenda del tesoro manso.<br />
Genialídades de un noble.<br />
Castilla, Vivanco, el Tambo de Congorá.<br />
Castilla y los piuranos.<br />
Las cruces &#8230; la Torrecita y la Capilla de La Cruz.<br />
La Plaza Principal y el Mercado.<br />
La toma de Lima.<br />
La casa de las penas.<br />
!Oh recuerdos y encantos!<br />
Las cometas, las pedreas y los tipos de mis tiempos.<br />
La movilización del año 10.<br />
Indiscreciones.</p>

<p>«La patria Vieja» agrupa en un conjunto coherente aquellos textos que, dispersos en la novelística acevediana, dan una imagen del país en que actuó Artigas y de la sociedad que supo responder al llamado del caudillo.</p>
