{"id":4704,"date":"2011-10-07T21:13:52","date_gmt":"2011-10-08T00:13:52","guid":{"rendered":"http:\/\/ajupe.com.uy\/web\/?post_type=product&#038;p=4704"},"modified":"2011-10-07T21:13:52","modified_gmt":"2011-10-08T00:13:52","slug":"desde-el-cielo","status":"publish","type":"product","link":"https:\/\/ajupe.com.uy\/web\/biblioteca\/desde-el-cielo\/","title":{"rendered":"Desde el cielo"},"content":{"rendered":"<p>El comienzo del libro ya nos indica lo certero que va a ser, como una flecha que se clava, pero el desarrollo del libro hace que esa flecha se convierta en un \u00e1rbol, que eche ra\u00edces y crezca, deslumbr\u00e1ndonos, consiguiendo que la historia de una tragedia se convierta en un canto de vida lleno de esperanza.<br \/>\nSusie nos cuenta su propia historia, la historia de su vida y de su muerte, de como ahora vive en el cielo, pero es su propio cielo y desde ese lugar vela por los vivos que ha dejado atr\u00e1s, nos cuenta su historia tanto como la de ella y nos introduce entre una serie de personajes, todos complejos que deben afrontar su muerte y su ausencia, cada uno a su manera.<br \/>\nNo es ning\u00fan secreto para el lector c\u00f3mo muere, ni qui\u00e9n es su asesino, un par de p\u00e1ginas despu\u00e9s nos relata de forma fr\u00eda y distante como sucedi\u00f3, como un vecino del lugar plane\u00f3 lo que iba a ocurrir, como la viol\u00f3 y le arrebat\u00f3 la vida, y despu\u00e9s separ\u00f3 su cuerpo en mil fragmentos.<br \/>\nA partir de ese momento Susie deja de estar en el mundo terrenal para habitar su propio cielo personal, en \u00e9l recompone su cuerpo y se asoma a la tierra para ver a sus seres amados sufrir su ausencia. En su cielo Susie puede obtener todo aquello que siempre ha querido con tan solo desearlo, excepto lo que m\u00e1s desea, volver con los suyos. All\u00ed deber\u00e1 afrontar su muerte, comprenderla y asimilarla, y entender como sus seres queridos se enfrentan a su ausencia, cada uno del modo en que puede.<\/p>\n","protected":false},"excerpt":{"rendered":"<p>Alice Sebold nos cuenta en \u00e9l una asombrosa historia que mezcla la tragedia de la p\u00e9rdida de un ser querido con la ternura de las relaciones humanas.<\/p>\n","protected":false},"featured_media":4705,"template":"","meta":[],"product_brand":[546],"product_cat":[29],"product_tag":[],"class_list":{"0":"post-4704","1":"product","2":"type-product","3":"status-publish","4":"has-post-thumbnail","6":"product_brand-alice-sebold","7":"product_cat-novela","9":"first","10":"instock","11":"purchasable","12":"product-type-simple"},"featured_image_urls_v2":{"full":["https:\/\/ajupe.com.uy\/web\/wp-content\/uploads\/2016\/04\/p-4704-Desde_el_cielo_4e8f6b90b2aa9.jpg",211,320,false],"thumbnail":["https:\/\/ajupe.com.uy\/web\/wp-content\/uploads\/2016\/04\/p-4704-Desde_el_cielo_4e8f6b90b2aa9.jpg",150,150,true],"medium":["https:\/\/ajupe.com.uy\/web\/wp-content\/uploads\/2016\/04\/p-4704-Desde_el_cielo_4e8f6b90b2aa9.jpg",300,214,true],"medium_large":["https:\/\/ajupe.com.uy\/web\/wp-content\/uploads\/2016\/04\/p-4704-Desde_el_cielo_4e8f6b90b2aa9.jpg",211,320,false],"large":["https:\/\/ajupe.com.uy\/web\/wp-content\/uploads\/2016\/04\/p-4704-Desde_el_cielo_4e8f6b90b2aa9.jpg",211,320,false],"1536x1536":["https:\/\/ajupe.com.uy\/web\/wp-content\/uploads\/2016\/04\/p-4704-Desde_el_cielo_4e8f6b90b2aa9.jpg",211,320,false],"2048x2048":["https:\/\/ajupe.com.uy\/web\/wp-content\/uploads\/2016\/04\/p-4704-Desde_el_cielo_4e8f6b90b2aa9.jpg",211,320,false],"woocommerce_archive_thumbnail":["https:\/\/ajupe.com.uy\/web\/wp-content\/uploads\/2016\/04\/p-4704-Desde_el_cielo_4e8f6b90b2aa9-211x300.jpg",211,300,true],"woocommerce_thumbnail":["https:\/\/ajupe.com.uy\/web\/wp-content\/uploads\/2016\/04\/p-4704-Desde_el_cielo_4e8f6b90b2aa9-211x300.jpg",211,300,true],"woocommerce_single":["https:\/\/ajupe.com.uy\/web\/wp-content\/uploads\/2016\/04\/p-4704-Desde_el_cielo_4e8f6b90b2aa9.jpg",211,320,false],"woocommerce_gallery_thumbnail":["https:\/\/ajupe.com.uy\/web\/wp-content\/uploads\/2016\/04\/p-4704-Desde_el_cielo_4e8f6b90b2aa9-100x100.jpg",100,100,true]},"post_excerpt_stackable_v2":"<p>Alice Sebold nos cuenta en \u00e9l una asombrosa historia que mezcla la tragedia de la p\u00e9rdida de un ser querido con la ternura de las relaciones humanas.<\/p>\n","category_list_v2":"","author_info_v2":{"name":"","url":""},"comments_num_v2":"0 comentarios","_links":{"self":[{"href":"https:\/\/ajupe.com.uy\/web\/wp-json\/wp\/v2\/product\/4704","targetHints":{"allow":["GET"]}}],"collection":[{"href":"https:\/\/ajupe.com.uy\/web\/wp-json\/wp\/v2\/product"}],"about":[{"href":"https:\/\/ajupe.com.uy\/web\/wp-json\/wp\/v2\/types\/product"}],"wp:featuredmedia":[{"embeddable":true,"href":"https:\/\/ajupe.com.uy\/web\/wp-json\/wp\/v2\/media\/4705"}],"wp:attachment":[{"href":"https:\/\/ajupe.com.uy\/web\/wp-json\/wp\/v2\/media?parent=4704"}],"wp:term":[{"taxonomy":"product_brand","embeddable":true,"href":"https:\/\/ajupe.com.uy\/web\/wp-json\/wp\/v2\/product_brand?post=4704"},{"taxonomy":"product_cat","embeddable":true,"href":"https:\/\/ajupe.com.uy\/web\/wp-json\/wp\/v2\/product_cat?post=4704"},{"taxonomy":"product_tag","embeddable":true,"href":"https:\/\/ajupe.com.uy\/web\/wp-json\/wp\/v2\/product_tag?post=4704"}],"curies":[{"name":"wp","href":"https:\/\/api.w.org\/{rel}","templated":true}]}}