{"id":4767,"date":"2011-10-07T22:43:21","date_gmt":"2011-10-08T01:43:21","guid":{"rendered":"http:\/\/ajupe.com.uy\/web\/?post_type=product&#038;p=4767"},"modified":"2011-10-25T19:17:09","modified_gmt":"2011-10-25T22:17:09","slug":"no-siempre-ganan-los-buenos","status":"publish","type":"product","link":"https:\/\/ajupe.com.uy\/web\/biblioteca\/no-siempre-ganan-los-buenos\/","title":{"rendered":"No Siempre Ganan Los Buenos"},"content":{"rendered":"<p>\u00bfQu\u00e9 har\u00edamos si, al llegar una tarde a casa, descubri\u00e9semos que nuestra  esposa ha sido brutalmente asesinada, que las pruebas apuntan hacia  nosotros y que somos el principal sospechoso? <strong>Daniel Sanch\u00eds<\/strong> <strong>Lima<\/strong>,  ejecutivo de una multinacional, deber\u00e1 dar respuesta a esta pregunta.  En unas horas, ver\u00e1 hundirse bajo sus pies los cimientos de su vida  gris, rutinaria y an\u00f3nima, para quedar a la deriva en un torbellino  donde nada es lo que parece. S\u00f3lo su determinaci\u00f3n podr\u00e1 salvarle. \u00bfLo  conseguir\u00e1?<\/p>\n","protected":false},"excerpt":{"rendered":"<p>\u00bfQu\u00e9 har\u00edamos si, al llegar una tarde a casa, descubri\u00e9semos que nuestra esposa ha sido brutalmente asesinada, que las pruebas apuntan hacia nosotros y que somos el principal sospechoso? Daniel Sanch\u00eds Lima, ejecutivo de una multinacional, deber\u00e1 dar respuesta a esta pregunta. En unas horas, ver\u00e1 hundirse bajo sus pies los cimientos de su vida [&hellip;]<\/p>\n","protected":false},"featured_media":4768,"template":"","meta":[],"product_brand":[822],"product_cat":[43,40,30],"product_tag":[],"class_list":{"0":"post-4767","1":"product","2":"type-product","3":"status-publish","4":"has-post-thumbnail","6":"product_brand-nacho-guirado","7":"product_cat-espionaje","8":"product_cat-policial","9":"product_cat-suspenso","11":"first","12":"instock","13":"purchasable","14":"product-type-simple"},"featured_image_urls_v2":{"full":["https:\/\/ajupe.com.uy\/web\/wp-content\/uploads\/2016\/04\/p-4767-No_Siempre_Ganan_4e8f80892072d.jpg",176,276,false],"thumbnail":["https:\/\/ajupe.com.uy\/web\/wp-content\/uploads\/2016\/04\/p-4767-No_Siempre_Ganan_4e8f80892072d.jpg",150,150,true],"medium":["https:\/\/ajupe.com.uy\/web\/wp-content\/uploads\/2016\/04\/p-4767-No_Siempre_Ganan_4e8f80892072d.jpg",300,214,true],"medium_large":["https:\/\/ajupe.com.uy\/web\/wp-content\/uploads\/2016\/04\/p-4767-No_Siempre_Ganan_4e8f80892072d.jpg",176,276,false],"large":["https:\/\/ajupe.com.uy\/web\/wp-content\/uploads\/2016\/04\/p-4767-No_Siempre_Ganan_4e8f80892072d.jpg",176,276,false],"1536x1536":["https:\/\/ajupe.com.uy\/web\/wp-content\/uploads\/2016\/04\/p-4767-No_Siempre_Ganan_4e8f80892072d.jpg",176,276,false],"2048x2048":["https:\/\/ajupe.com.uy\/web\/wp-content\/uploads\/2016\/04\/p-4767-No_Siempre_Ganan_4e8f80892072d.jpg",176,276,false],"woocommerce_archive_thumbnail":["https:\/\/ajupe.com.uy\/web\/wp-content\/uploads\/2016\/04\/p-4767-No_Siempre_Ganan_4e8f80892072d.jpg",176,276,false],"woocommerce_thumbnail":["https:\/\/ajupe.com.uy\/web\/wp-content\/uploads\/2016\/04\/p-4767-No_Siempre_Ganan_4e8f80892072d.jpg",176,276,false],"woocommerce_single":["https:\/\/ajupe.com.uy\/web\/wp-content\/uploads\/2016\/04\/p-4767-No_Siempre_Ganan_4e8f80892072d.jpg",176,276,false],"woocommerce_gallery_thumbnail":["https:\/\/ajupe.com.uy\/web\/wp-content\/uploads\/2016\/04\/p-4767-No_Siempre_Ganan_4e8f80892072d-100x100.jpg",100,100,true]},"post_excerpt_stackable_v2":"<p>\u00bfQu\u00e9 har\u00edamos si, al llegar una tarde a casa, descubri\u00e9semos que nuestra esposa ha sido brutalmente asesinada, que las pruebas apuntan hacia nosotros y que somos el principal sospechoso? Daniel Sanch\u00eds Lima, ejecutivo de una multinacional, deber\u00e1 dar respuesta a esta pregunta. En unas horas, ver\u00e1 hundirse bajo sus pies los cimientos de su vida gris, rutinaria y an\u00f3nima, para quedar a la deriva en un torbellino donde nada es lo que parece. S\u00f3lo su determinaci\u00f3n podr\u00e1 salvarle. \u00bfLo conseguir\u00e1?<\/p>\n","category_list_v2":"","author_info_v2":{"name":"","url":""},"comments_num_v2":"0 comentarios","_links":{"self":[{"href":"https:\/\/ajupe.com.uy\/web\/wp-json\/wp\/v2\/product\/4767","targetHints":{"allow":["GET"]}}],"collection":[{"href":"https:\/\/ajupe.com.uy\/web\/wp-json\/wp\/v2\/product"}],"about":[{"href":"https:\/\/ajupe.com.uy\/web\/wp-json\/wp\/v2\/types\/product"}],"wp:featuredmedia":[{"embeddable":true,"href":"https:\/\/ajupe.com.uy\/web\/wp-json\/wp\/v2\/media\/4768"}],"wp:attachment":[{"href":"https:\/\/ajupe.com.uy\/web\/wp-json\/wp\/v2\/media?parent=4767"}],"wp:term":[{"taxonomy":"product_brand","embeddable":true,"href":"https:\/\/ajupe.com.uy\/web\/wp-json\/wp\/v2\/product_brand?post=4767"},{"taxonomy":"product_cat","embeddable":true,"href":"https:\/\/ajupe.com.uy\/web\/wp-json\/wp\/v2\/product_cat?post=4767"},{"taxonomy":"product_tag","embeddable":true,"href":"https:\/\/ajupe.com.uy\/web\/wp-json\/wp\/v2\/product_tag?post=4767"}],"curies":[{"name":"wp","href":"https:\/\/api.w.org\/{rel}","templated":true}]}}