{"id":4779,"date":"2011-10-07T22:55:11","date_gmt":"2011-10-08T01:55:11","guid":{"rendered":"http:\/\/ajupe.com.uy\/web\/?post_type=product&#038;p=4779"},"modified":"2011-10-25T19:12:01","modified_gmt":"2011-10-25T22:12:01","slug":"un-hombre-para-mi-2","status":"publish","type":"product","link":"https:\/\/ajupe.com.uy\/web\/biblioteca\/un-hombre-para-mi-2\/","title":{"rendered":"Un Hombre para Mi"},"content":{"rendered":"<p><strong><\/strong>Nueva Inglaterra, 1870. Las gemelas Amanda y Marian  Laton pueden parecer identicas, pero la primera es caprichosa,  temperamental y muy vanidosa, mientras que su en\u00e9rgica hermana esconde  su belleza detr\u00e1s de sus gafas y sus ropas descuidadas. Ambas se  convertir\u00e1n en rivales, cuando se enamoren de un mismo hombre&#8230; Una  deliciosa historia de amor, por una de las autoras m\u00e1s populares de este  g\u00e9nero.<\/p>\n","protected":false},"excerpt":{"rendered":"<p>Nueva Inglaterra, 1870. Las gemelas Amanda y Marian Laton pueden parecer identicas, pero la primera es caprichosa, temperamental y muy vanidosa, mientras que su en\u00e9rgica hermana esconde su belleza detr\u00e1s de sus gafas y sus ropas descuidadas. Ambas se convertir\u00e1n en rivales, cuando se enamoren de un mismo hombre&#8230; Una deliciosa historia de amor, por [&hellip;]<\/p>\n","protected":false},"featured_media":4780,"template":"","meta":[],"product_brand":[442],"product_cat":[38,29],"product_tag":[],"class_list":{"0":"post-4779","1":"product","2":"type-product","3":"status-publish","4":"has-post-thumbnail","6":"product_brand-johanna-lindsey","7":"product_cat-amor","8":"product_cat-novela","10":"first","11":"instock","12":"purchasable","13":"product-type-simple"},"featured_image_urls_v2":{"full":["https:\/\/ajupe.com.uy\/web\/wp-content\/uploads\/2016\/04\/p-4779-Un_Hombre_para_M_4e8f834f76ecc.jpg",124,161,false],"thumbnail":["https:\/\/ajupe.com.uy\/web\/wp-content\/uploads\/2016\/04\/p-4779-Un_Hombre_para_M_4e8f834f76ecc.jpg",150,150,true],"medium":["https:\/\/ajupe.com.uy\/web\/wp-content\/uploads\/2016\/04\/p-4779-Un_Hombre_para_M_4e8f834f76ecc.jpg",300,214,true],"medium_large":["https:\/\/ajupe.com.uy\/web\/wp-content\/uploads\/2016\/04\/p-4779-Un_Hombre_para_M_4e8f834f76ecc.jpg",124,161,false],"large":["https:\/\/ajupe.com.uy\/web\/wp-content\/uploads\/2016\/04\/p-4779-Un_Hombre_para_M_4e8f834f76ecc.jpg",124,161,false],"1536x1536":["https:\/\/ajupe.com.uy\/web\/wp-content\/uploads\/2016\/04\/p-4779-Un_Hombre_para_M_4e8f834f76ecc.jpg",124,161,false],"2048x2048":["https:\/\/ajupe.com.uy\/web\/wp-content\/uploads\/2016\/04\/p-4779-Un_Hombre_para_M_4e8f834f76ecc.jpg",124,161,false],"woocommerce_archive_thumbnail":["https:\/\/ajupe.com.uy\/web\/wp-content\/uploads\/2016\/04\/p-4779-Un_Hombre_para_M_4e8f834f76ecc.jpg",124,161,false],"woocommerce_thumbnail":["https:\/\/ajupe.com.uy\/web\/wp-content\/uploads\/2016\/04\/p-4779-Un_Hombre_para_M_4e8f834f76ecc.jpg",124,161,false],"woocommerce_single":["https:\/\/ajupe.com.uy\/web\/wp-content\/uploads\/2016\/04\/p-4779-Un_Hombre_para_M_4e8f834f76ecc.jpg",124,161,false],"woocommerce_gallery_thumbnail":["https:\/\/ajupe.com.uy\/web\/wp-content\/uploads\/2016\/04\/p-4779-Un_Hombre_para_M_4e8f834f76ecc-100x100.jpg",100,100,true]},"post_excerpt_stackable_v2":"<p>Nueva Inglaterra, 1870. Las gemelas Amanda y Marian Laton pueden parecer identicas, pero la primera es caprichosa, temperamental y muy vanidosa, mientras que su en\u00e9rgica hermana esconde su belleza detr\u00e1s de sus gafas y sus ropas descuidadas. Ambas se convertir\u00e1n en rivales, cuando se enamoren de un mismo hombre&#8230; Una deliciosa historia de amor, por una de las autoras m\u00e1s populares de este g\u00e9nero.<\/p>\n","category_list_v2":"","author_info_v2":{"name":"","url":""},"comments_num_v2":"0 comentarios","_links":{"self":[{"href":"https:\/\/ajupe.com.uy\/web\/wp-json\/wp\/v2\/product\/4779","targetHints":{"allow":["GET"]}}],"collection":[{"href":"https:\/\/ajupe.com.uy\/web\/wp-json\/wp\/v2\/product"}],"about":[{"href":"https:\/\/ajupe.com.uy\/web\/wp-json\/wp\/v2\/types\/product"}],"wp:featuredmedia":[{"embeddable":true,"href":"https:\/\/ajupe.com.uy\/web\/wp-json\/wp\/v2\/media\/4780"}],"wp:attachment":[{"href":"https:\/\/ajupe.com.uy\/web\/wp-json\/wp\/v2\/media?parent=4779"}],"wp:term":[{"taxonomy":"product_brand","embeddable":true,"href":"https:\/\/ajupe.com.uy\/web\/wp-json\/wp\/v2\/product_brand?post=4779"},{"taxonomy":"product_cat","embeddable":true,"href":"https:\/\/ajupe.com.uy\/web\/wp-json\/wp\/v2\/product_cat?post=4779"},{"taxonomy":"product_tag","embeddable":true,"href":"https:\/\/ajupe.com.uy\/web\/wp-json\/wp\/v2\/product_tag?post=4779"}],"curies":[{"name":"wp","href":"https:\/\/api.w.org\/{rel}","templated":true}]}}