{"id":4820,"date":"2011-10-07T23:32:17","date_gmt":"2011-10-08T02:32:17","guid":{"rendered":"http:\/\/ajupe.com.uy\/web\/?post_type=product&#038;p=4820"},"modified":"2011-10-25T19:05:24","modified_gmt":"2011-10-25T22:05:24","slug":"una-dama-a-sueldo-2","status":"publish","type":"product","link":"https:\/\/ajupe.com.uy\/web\/biblioteca\/una-dama-a-sueldo-2\/","title":{"rendered":"Una Dama A Sueldo"},"content":{"rendered":"<p>Arthur, conde de St. Merryn, necesita a una mujer. La joven habr\u00e1 de  simular ser su prometida durante unas semanas. Encontrar a la candidata  perfecta resulta m\u00e1s dif\u00edcil de lo que esperaba. Por fin, conoce a  Elenora Lodge. El aspecto anodino de la muchacha no oculta su bella  figura y el fuego de sus ojos. Elenora acepta la generosa oferta del  conde. Sin embargo, algo no funciona en la tenebrosa mansi\u00f3n de Arthur y  Elenora est\u00e1 convencida de que \u00e9ste esconde un secreto&#8230;<\/p>\n","protected":false},"excerpt":{"rendered":"<p>Arthur, conde de St. Merryn, necesita a una mujer. La joven habr\u00e1 de simular ser su prometida durante unas semanas. Encontrar a la candidata perfecta resulta m\u00e1s dif\u00edcil de lo que esperaba. Por fin, conoce a Elenora Lodge. El aspecto anodino de la muchacha no oculta su bella figura y el fuego de sus ojos. [&hellip;]<\/p>\n","protected":false},"featured_media":4821,"template":"","meta":[],"product_brand":[119],"product_cat":[38,29],"product_tag":[],"class_list":{"0":"post-4820","1":"product","2":"type-product","3":"status-publish","4":"has-post-thumbnail","6":"product_brand-amanda-quick","7":"product_cat-amor","8":"product_cat-novela","10":"first","11":"instock","12":"purchasable","13":"product-type-simple"},"featured_image_urls_v2":{"full":["https:\/\/ajupe.com.uy\/web\/wp-content\/uploads\/2016\/04\/p-4820-Una_Dama_A_Sueld_4e8f8c01be8d3.jpg",150,236,false],"thumbnail":["https:\/\/ajupe.com.uy\/web\/wp-content\/uploads\/2016\/04\/p-4820-Una_Dama_A_Sueld_4e8f8c01be8d3.jpg",150,150,true],"medium":["https:\/\/ajupe.com.uy\/web\/wp-content\/uploads\/2016\/04\/p-4820-Una_Dama_A_Sueld_4e8f8c01be8d3.jpg",300,214,true],"medium_large":["https:\/\/ajupe.com.uy\/web\/wp-content\/uploads\/2016\/04\/p-4820-Una_Dama_A_Sueld_4e8f8c01be8d3.jpg",150,236,false],"large":["https:\/\/ajupe.com.uy\/web\/wp-content\/uploads\/2016\/04\/p-4820-Una_Dama_A_Sueld_4e8f8c01be8d3.jpg",150,236,false],"1536x1536":["https:\/\/ajupe.com.uy\/web\/wp-content\/uploads\/2016\/04\/p-4820-Una_Dama_A_Sueld_4e8f8c01be8d3.jpg",150,236,false],"2048x2048":["https:\/\/ajupe.com.uy\/web\/wp-content\/uploads\/2016\/04\/p-4820-Una_Dama_A_Sueld_4e8f8c01be8d3.jpg",150,236,false],"woocommerce_archive_thumbnail":["https:\/\/ajupe.com.uy\/web\/wp-content\/uploads\/2016\/04\/p-4820-Una_Dama_A_Sueld_4e8f8c01be8d3.jpg",150,236,false],"woocommerce_thumbnail":["https:\/\/ajupe.com.uy\/web\/wp-content\/uploads\/2016\/04\/p-4820-Una_Dama_A_Sueld_4e8f8c01be8d3.jpg",150,236,false],"woocommerce_single":["https:\/\/ajupe.com.uy\/web\/wp-content\/uploads\/2016\/04\/p-4820-Una_Dama_A_Sueld_4e8f8c01be8d3.jpg",150,236,false],"woocommerce_gallery_thumbnail":["https:\/\/ajupe.com.uy\/web\/wp-content\/uploads\/2016\/04\/p-4820-Una_Dama_A_Sueld_4e8f8c01be8d3-100x100.jpg",100,100,true]},"post_excerpt_stackable_v2":"<p>Arthur, conde de St. Merryn, necesita a una mujer. La joven habr\u00e1 de simular ser su prometida durante unas semanas. Encontrar a la candidata perfecta resulta m\u00e1s dif\u00edcil de lo que esperaba. Por fin, conoce a Elenora Lodge. El aspecto anodino de la muchacha no oculta su bella figura y el fuego de sus ojos. Elenora acepta la generosa oferta del conde. Sin embargo, algo no funciona en la tenebrosa mansi\u00f3n de Arthur y Elenora est\u00e1 convencida de que \u00e9ste esconde un secreto&#8230;<\/p>\n","category_list_v2":"","author_info_v2":{"name":"","url":""},"comments_num_v2":"0 comentarios","_links":{"self":[{"href":"https:\/\/ajupe.com.uy\/web\/wp-json\/wp\/v2\/product\/4820","targetHints":{"allow":["GET"]}}],"collection":[{"href":"https:\/\/ajupe.com.uy\/web\/wp-json\/wp\/v2\/product"}],"about":[{"href":"https:\/\/ajupe.com.uy\/web\/wp-json\/wp\/v2\/types\/product"}],"wp:featuredmedia":[{"embeddable":true,"href":"https:\/\/ajupe.com.uy\/web\/wp-json\/wp\/v2\/media\/4821"}],"wp:attachment":[{"href":"https:\/\/ajupe.com.uy\/web\/wp-json\/wp\/v2\/media?parent=4820"}],"wp:term":[{"taxonomy":"product_brand","embeddable":true,"href":"https:\/\/ajupe.com.uy\/web\/wp-json\/wp\/v2\/product_brand?post=4820"},{"taxonomy":"product_cat","embeddable":true,"href":"https:\/\/ajupe.com.uy\/web\/wp-json\/wp\/v2\/product_cat?post=4820"},{"taxonomy":"product_tag","embeddable":true,"href":"https:\/\/ajupe.com.uy\/web\/wp-json\/wp\/v2\/product_tag?post=4820"}],"curies":[{"name":"wp","href":"https:\/\/api.w.org\/{rel}","templated":true}]}}