{"id":4850,"date":"2011-10-08T20:02:45","date_gmt":"2011-10-08T23:02:45","guid":{"rendered":"http:\/\/ajupe.com.uy\/web\/?post_type=product&#038;p=4850"},"modified":"2011-10-12T15:25:09","modified_gmt":"2011-10-12T18:25:09","slug":"la-isla-salvaje","status":"publish","type":"product","link":"https:\/\/ajupe.com.uy\/web\/biblioteca\/la-isla-salvaje\/","title":{"rendered":"LA ISLA SALVAJE"},"content":{"rendered":"<p>As\u00ed comienza una aventura que, lejos de las visiones de colinas cubiertas de brezo, corrientes cristalinas, hombres, castillos de cuento de hadas. En lugar de eso se hunde en el extra\u00f1o mundo de la familia aristocr\u00e1tica de Beauregard, con sus tensiones, celos y violencia. El escenario es la isla salvaje en s\u00ed, a veces encantadora, pero muy a menudo alarmantemente aterradora; las corrientes, no de plata, pero de color marr\u00f3n y siniestra, su casa de vacaciones con su influencia perturbadora, la gente &#8211; ninguno de ellos lo que parecen.<\/p>\n","protected":false},"excerpt":{"rendered":"<p>Como Jemima Shore, investigador, llega a la estaci\u00f3n de Inverness para unas vacaciones de monta\u00f1a, el sol est\u00e1 brillando. Para\u00edso, piensa. Pero en ese momento, se oye una voz: \u00abTodo este camino para un funeral.\u00bb<\/p>\n","protected":false},"featured_media":4851,"template":"","meta":[],"product_brand":[563],"product_cat":[40,30],"product_tag":[],"class_list":{"0":"post-4850","1":"product","2":"type-product","3":"status-publish","4":"has-post-thumbnail","6":"product_brand-antonia-fraser","7":"product_cat-policial","8":"product_cat-suspenso","10":"first","11":"instock","12":"purchasable","13":"product-type-simple"},"featured_image_urls_v2":{"full":["https:\/\/ajupe.com.uy\/web\/wp-content\/uploads\/2016\/04\/p-4850-LA_ISLA_SALVAJE_4e90ac65030d1.jpg",317,500,false],"thumbnail":["https:\/\/ajupe.com.uy\/web\/wp-content\/uploads\/2016\/04\/p-4850-LA_ISLA_SALVAJE_4e90ac65030d1.jpg",150,150,true],"medium":["https:\/\/ajupe.com.uy\/web\/wp-content\/uploads\/2016\/04\/p-4850-LA_ISLA_SALVAJE_4e90ac65030d1.jpg",300,214,true],"medium_large":["https:\/\/ajupe.com.uy\/web\/wp-content\/uploads\/2016\/04\/p-4850-LA_ISLA_SALVAJE_4e90ac65030d1.jpg",317,500,false],"large":["https:\/\/ajupe.com.uy\/web\/wp-content\/uploads\/2016\/04\/p-4850-LA_ISLA_SALVAJE_4e90ac65030d1.jpg",317,500,false],"1536x1536":["https:\/\/ajupe.com.uy\/web\/wp-content\/uploads\/2016\/04\/p-4850-LA_ISLA_SALVAJE_4e90ac65030d1.jpg",317,500,false],"2048x2048":["https:\/\/ajupe.com.uy\/web\/wp-content\/uploads\/2016\/04\/p-4850-LA_ISLA_SALVAJE_4e90ac65030d1.jpg",317,500,false],"woocommerce_archive_thumbnail":["https:\/\/ajupe.com.uy\/web\/wp-content\/uploads\/2016\/04\/p-4850-LA_ISLA_SALVAJE_4e90ac65030d1-300x450.jpg",300,450,true],"woocommerce_thumbnail":["https:\/\/ajupe.com.uy\/web\/wp-content\/uploads\/2016\/04\/p-4850-LA_ISLA_SALVAJE_4e90ac65030d1-300x300.jpg",300,300,true],"woocommerce_single":["https:\/\/ajupe.com.uy\/web\/wp-content\/uploads\/2016\/04\/p-4850-LA_ISLA_SALVAJE_4e90ac65030d1-300x473.jpg",300,473,true],"woocommerce_gallery_thumbnail":["https:\/\/ajupe.com.uy\/web\/wp-content\/uploads\/2016\/04\/p-4850-LA_ISLA_SALVAJE_4e90ac65030d1-100x100.jpg",100,100,true]},"post_excerpt_stackable_v2":"<p>Como Jemima Shore, investigador, llega a la estaci\u00f3n de Inverness para unas vacaciones de monta\u00f1a, el sol est\u00e1 brillando. Para\u00edso, piensa. Pero en ese momento, se oye una voz: \u00abTodo este camino para un funeral.\u00bb<\/p>\n","category_list_v2":"","author_info_v2":{"name":"","url":""},"comments_num_v2":"0 comentarios","_links":{"self":[{"href":"https:\/\/ajupe.com.uy\/web\/wp-json\/wp\/v2\/product\/4850","targetHints":{"allow":["GET"]}}],"collection":[{"href":"https:\/\/ajupe.com.uy\/web\/wp-json\/wp\/v2\/product"}],"about":[{"href":"https:\/\/ajupe.com.uy\/web\/wp-json\/wp\/v2\/types\/product"}],"wp:featuredmedia":[{"embeddable":true,"href":"https:\/\/ajupe.com.uy\/web\/wp-json\/wp\/v2\/media\/4851"}],"wp:attachment":[{"href":"https:\/\/ajupe.com.uy\/web\/wp-json\/wp\/v2\/media?parent=4850"}],"wp:term":[{"taxonomy":"product_brand","embeddable":true,"href":"https:\/\/ajupe.com.uy\/web\/wp-json\/wp\/v2\/product_brand?post=4850"},{"taxonomy":"product_cat","embeddable":true,"href":"https:\/\/ajupe.com.uy\/web\/wp-json\/wp\/v2\/product_cat?post=4850"},{"taxonomy":"product_tag","embeddable":true,"href":"https:\/\/ajupe.com.uy\/web\/wp-json\/wp\/v2\/product_tag?post=4850"}],"curies":[{"name":"wp","href":"https:\/\/api.w.org\/{rel}","templated":true}]}}