{"id":4856,"date":"2011-10-08T20:48:22","date_gmt":"2011-10-08T23:48:22","guid":{"rendered":"http:\/\/ajupe.com.uy\/web\/?post_type=product&#038;p=4856"},"modified":"2011-10-08T20:48:22","modified_gmt":"2011-10-08T23:48:22","slug":"el-sindrome-de-anastasia-y-otros-relatos","status":"publish","type":"product","link":"https:\/\/ajupe.com.uy\/web\/biblioteca\/el-sindrome-de-anastasia-y-otros-relatos\/","title":{"rendered":"EL SINDROME DE ANASTASIA Y OTROS RELATOS"},"content":{"rendered":"<p>En el relato que da t\u00edtulo a este libro, inspirado en la verdadera historia de Ana Anderson, quien dec\u00eda ser la gran Duquesa Anastasia, hija del zar de Rusia, una mujer enamorada se ve forzada a enfrentarse con los demonios de su pasado- y presente- mientras unos vagos recuerdos sombr\u00edos la ponen en la pista de una oleada de atentados terroristas. Las restantes cuatro historias son unas obras maestras en miniatura del suspense.<\/p>\n","protected":false},"excerpt":{"rendered":"<p>Mary Higgins Clark en este libro nos ofrece su primera colecci\u00f3n de relatos cortos, en los que pone de manifiesto sus profundos conocimientos en parapsicolog\u00eda, el sexto sentido y la transmisi\u00f3n del pensamiento. En estas p\u00e1ginas est\u00e1n brillantemente repre<\/p>\n","protected":false},"featured_media":4857,"template":"","meta":[],"product_brand":[52],"product_cat":[29,30],"product_tag":[],"class_list":{"0":"post-4856","1":"product","2":"type-product","3":"status-publish","4":"has-post-thumbnail","6":"product_brand-mary-higgins-clark","7":"product_cat-novela","8":"product_cat-suspenso","10":"first","11":"instock","12":"purchasable","13":"product-type-simple"},"featured_image_urls_v2":{"full":["https:\/\/ajupe.com.uy\/web\/wp-content\/uploads\/2016\/04\/p-4856-EL_SINDROME_DE_A_4e90b7164d8b5.jpg",156,250,false],"thumbnail":["https:\/\/ajupe.com.uy\/web\/wp-content\/uploads\/2016\/04\/p-4856-EL_SINDROME_DE_A_4e90b7164d8b5.jpg",150,150,true],"medium":["https:\/\/ajupe.com.uy\/web\/wp-content\/uploads\/2016\/04\/p-4856-EL_SINDROME_DE_A_4e90b7164d8b5.jpg",300,214,true],"medium_large":["https:\/\/ajupe.com.uy\/web\/wp-content\/uploads\/2016\/04\/p-4856-EL_SINDROME_DE_A_4e90b7164d8b5.jpg",156,250,false],"large":["https:\/\/ajupe.com.uy\/web\/wp-content\/uploads\/2016\/04\/p-4856-EL_SINDROME_DE_A_4e90b7164d8b5.jpg",156,250,false],"1536x1536":["https:\/\/ajupe.com.uy\/web\/wp-content\/uploads\/2016\/04\/p-4856-EL_SINDROME_DE_A_4e90b7164d8b5.jpg",156,250,false],"2048x2048":["https:\/\/ajupe.com.uy\/web\/wp-content\/uploads\/2016\/04\/p-4856-EL_SINDROME_DE_A_4e90b7164d8b5.jpg",156,250,false],"woocommerce_archive_thumbnail":["https:\/\/ajupe.com.uy\/web\/wp-content\/uploads\/2016\/04\/p-4856-EL_SINDROME_DE_A_4e90b7164d8b5.jpg",156,250,false],"woocommerce_thumbnail":["https:\/\/ajupe.com.uy\/web\/wp-content\/uploads\/2016\/04\/p-4856-EL_SINDROME_DE_A_4e90b7164d8b5.jpg",156,250,false],"woocommerce_single":["https:\/\/ajupe.com.uy\/web\/wp-content\/uploads\/2016\/04\/p-4856-EL_SINDROME_DE_A_4e90b7164d8b5.jpg",156,250,false],"woocommerce_gallery_thumbnail":["https:\/\/ajupe.com.uy\/web\/wp-content\/uploads\/2016\/04\/p-4856-EL_SINDROME_DE_A_4e90b7164d8b5-100x100.jpg",100,100,true]},"post_excerpt_stackable_v2":"<p>Mary Higgins Clark en este libro nos ofrece su primera colecci\u00f3n de relatos cortos, en los que pone de manifiesto sus profundos conocimientos en parapsicolog\u00eda, el sexto sentido y la transmisi\u00f3n del pensamiento. En estas p\u00e1ginas est\u00e1n brillantemente repre<\/p>\n","category_list_v2":"","author_info_v2":{"name":"","url":""},"comments_num_v2":"0 comentarios","_links":{"self":[{"href":"https:\/\/ajupe.com.uy\/web\/wp-json\/wp\/v2\/product\/4856","targetHints":{"allow":["GET"]}}],"collection":[{"href":"https:\/\/ajupe.com.uy\/web\/wp-json\/wp\/v2\/product"}],"about":[{"href":"https:\/\/ajupe.com.uy\/web\/wp-json\/wp\/v2\/types\/product"}],"wp:featuredmedia":[{"embeddable":true,"href":"https:\/\/ajupe.com.uy\/web\/wp-json\/wp\/v2\/media\/4857"}],"wp:attachment":[{"href":"https:\/\/ajupe.com.uy\/web\/wp-json\/wp\/v2\/media?parent=4856"}],"wp:term":[{"taxonomy":"product_brand","embeddable":true,"href":"https:\/\/ajupe.com.uy\/web\/wp-json\/wp\/v2\/product_brand?post=4856"},{"taxonomy":"product_cat","embeddable":true,"href":"https:\/\/ajupe.com.uy\/web\/wp-json\/wp\/v2\/product_cat?post=4856"},{"taxonomy":"product_tag","embeddable":true,"href":"https:\/\/ajupe.com.uy\/web\/wp-json\/wp\/v2\/product_tag?post=4856"}],"curies":[{"name":"wp","href":"https:\/\/api.w.org\/{rel}","templated":true}]}}