{"id":4952,"date":"2011-10-10T19:45:02","date_gmt":"2011-10-10T22:45:02","guid":{"rendered":"http:\/\/ajupe.com.uy\/web\/?post_type=product&#038;p=4952"},"modified":"2011-10-10T19:45:02","modified_gmt":"2011-10-10T22:45:02","slug":"truman-capote","status":"publish","type":"product","link":"https:\/\/ajupe.com.uy\/web\/biblioteca\/truman-capote\/","title":{"rendered":"Truman Capote"},"content":{"rendered":"<p><span>Fue uno de los grandes talentos de la literatura norteamericana y  tambi\u00e9n uno de los m\u00e1s pol\u00e9micos. Escribi\u00f3 libros como A sangre fr\u00eda y  Desayuno en Tijfany\u00b4s, y lleg\u00f3 a convertirse en una de las figuras  imprescindibles de los grandes shows televisivos. Histri\u00f3nico y  malicioso, inestable, exquisito, Truman Capote fue todo un personaje en  s\u00ed mismo y ya en vida consigui\u00f3 convertirse en un mito.  Gerald Clarke, prestigioso periodista de la revista Time, recorre en  esta magn\u00edfica biograf\u00eda la trayectoria humana y literaria de Capote:  desde su dif\u00edcil infancia y sus precoces comienzos como escritor, hasta  su amistad con Marilyn Monroe, Tennessee Williams y Jackie Kennedy;  desde la escalofriante investigaci\u00f3n de los cr\u00edmenes que le llevaron a  escribir A sangre fr\u00eda, hasta su turbulenta vida sentimental y su  destructiva dependencia del alcohol y los tranquilizantes.  Durante a\u00f1os, Clarke cont\u00f3 con la colaboraci\u00f3n del propio Capote; tuvo  acceso a sus diarios, consult\u00f3 su correspondencia y logr\u00f3 entrevistar a  todas las personas de su c\u00edrculo de amistades. El resultado es un libro  exhaustivo, apasionante y definitivo.  \u00abUn prodigioso trabajo de b\u00fasqueda elegantemente presentado&#8230; Consigue  un raro equilibrio entre empatia e imparcialidad.\u00bb  Molly Haskell, New York Times Book Review  \u00abAbsorbente, vivido, maravillosamente escrito, un retrato a gran escala  del rico y famoso&#8230; Un ejemplo de c\u00f3mo debe escribirse una biograf\u00eda  literaria, tan denso e intenso como una novela.\u00bb  James Atlas, Vogue<\/span><\/p>\n","protected":false},"excerpt":{"rendered":"<p>Fue uno de los grandes talentos de la literatura norteamericana y tambi\u00e9n uno de los m\u00e1s pol\u00e9micos. Escribi\u00f3 libros como A sangre fr\u00eda y Desayuno en Tijfany\u00b4s, y lleg\u00f3 a convertirse en una de las figuras imprescindibles de los grandes shows televisivos. Histri\u00f3nico y malicioso, inestable, exquisito, Truman Capote fue todo un personaje en s\u00ed [&hellip;]<\/p>\n","protected":false},"featured_media":4953,"template":"","meta":[],"product_brand":[668],"product_cat":[44],"product_tag":[],"class_list":{"0":"post-4952","1":"product","2":"type-product","3":"status-publish","4":"has-post-thumbnail","6":"product_brand-gerelad-clark","7":"product_cat-biografico","9":"first","10":"instock","11":"purchasable","12":"product-type-simple"},"featured_image_urls_v2":{"full":["https:\/\/ajupe.com.uy\/web\/wp-content\/uploads\/2016\/04\/p-4952-Truman_Capote_4e934b3ea386b.jpg",288,447,false],"thumbnail":["https:\/\/ajupe.com.uy\/web\/wp-content\/uploads\/2016\/04\/p-4952-Truman_Capote_4e934b3ea386b.jpg",150,150,true],"medium":["https:\/\/ajupe.com.uy\/web\/wp-content\/uploads\/2016\/04\/p-4952-Truman_Capote_4e934b3ea386b.jpg",300,214,true],"medium_large":["https:\/\/ajupe.com.uy\/web\/wp-content\/uploads\/2016\/04\/p-4952-Truman_Capote_4e934b3ea386b.jpg",288,447,false],"large":["https:\/\/ajupe.com.uy\/web\/wp-content\/uploads\/2016\/04\/p-4952-Truman_Capote_4e934b3ea386b.jpg",288,447,false],"1536x1536":["https:\/\/ajupe.com.uy\/web\/wp-content\/uploads\/2016\/04\/p-4952-Truman_Capote_4e934b3ea386b.jpg",288,447,false],"2048x2048":["https:\/\/ajupe.com.uy\/web\/wp-content\/uploads\/2016\/04\/p-4952-Truman_Capote_4e934b3ea386b.jpg",288,447,false],"woocommerce_archive_thumbnail":["https:\/\/ajupe.com.uy\/web\/wp-content\/uploads\/2016\/04\/p-4952-Truman_Capote_4e934b3ea386b-288x400.jpg",288,400,true],"woocommerce_thumbnail":["https:\/\/ajupe.com.uy\/web\/wp-content\/uploads\/2016\/04\/p-4952-Truman_Capote_4e934b3ea386b-288x300.jpg",288,300,true],"woocommerce_single":["https:\/\/ajupe.com.uy\/web\/wp-content\/uploads\/2016\/04\/p-4952-Truman_Capote_4e934b3ea386b.jpg",288,447,false],"woocommerce_gallery_thumbnail":["https:\/\/ajupe.com.uy\/web\/wp-content\/uploads\/2016\/04\/p-4952-Truman_Capote_4e934b3ea386b-100x100.jpg",100,100,true]},"post_excerpt_stackable_v2":"<p>Fue uno de los grandes talentos de la literatura norteamericana y tambi\u00e9n uno de los m\u00e1s pol\u00e9micos. Escribi\u00f3 libros como A sangre fr\u00eda y Desayuno en Tijfany\u00b4s, y lleg\u00f3 a convertirse en una de las figuras imprescindibles de los grandes shows televisivos. Histri\u00f3nico y malicioso, inestable, exquisito, Truman Capote fue todo un personaje en s\u00ed mismo y ya en vida consigui\u00f3 convertirse en un mito. Gerald Clarke, prestigioso periodista de la revista Time, recorre en esta magn\u00edfica biograf\u00eda la trayectoria humana y literaria de Capote: desde su dif\u00edcil infancia y sus precoces comienzos como escritor, hasta su amistad con Marilyn&hellip;<\/p>\n","category_list_v2":"","author_info_v2":{"name":"","url":""},"comments_num_v2":"0 comentarios","_links":{"self":[{"href":"https:\/\/ajupe.com.uy\/web\/wp-json\/wp\/v2\/product\/4952","targetHints":{"allow":["GET"]}}],"collection":[{"href":"https:\/\/ajupe.com.uy\/web\/wp-json\/wp\/v2\/product"}],"about":[{"href":"https:\/\/ajupe.com.uy\/web\/wp-json\/wp\/v2\/types\/product"}],"wp:featuredmedia":[{"embeddable":true,"href":"https:\/\/ajupe.com.uy\/web\/wp-json\/wp\/v2\/media\/4953"}],"wp:attachment":[{"href":"https:\/\/ajupe.com.uy\/web\/wp-json\/wp\/v2\/media?parent=4952"}],"wp:term":[{"taxonomy":"product_brand","embeddable":true,"href":"https:\/\/ajupe.com.uy\/web\/wp-json\/wp\/v2\/product_brand?post=4952"},{"taxonomy":"product_cat","embeddable":true,"href":"https:\/\/ajupe.com.uy\/web\/wp-json\/wp\/v2\/product_cat?post=4952"},{"taxonomy":"product_tag","embeddable":true,"href":"https:\/\/ajupe.com.uy\/web\/wp-json\/wp\/v2\/product_tag?post=4952"}],"curies":[{"name":"wp","href":"https:\/\/api.w.org\/{rel}","templated":true}]}}