{"id":4988,"date":"2011-10-10T20:43:54","date_gmt":"2011-10-10T23:43:54","guid":{"rendered":"http:\/\/ajupe.com.uy\/web\/?post_type=product&#038;p=4988"},"modified":"2011-10-10T20:43:54","modified_gmt":"2011-10-10T23:43:54","slug":"el-enigma-vivaldi","status":"publish","type":"product","link":"https:\/\/ajupe.com.uy\/web\/biblioteca\/el-enigma-vivaldi\/","title":{"rendered":"El enigma Vivaldi"},"content":{"rendered":"<p>Una trama detectivesca en la Venecia barroca y contempor\u00e1nea. Una  partitura en clave, atribuida a Vivaldi, es la llave de este enigma. Por  qu\u00e9 las rarezas del genial compositor veneciano Antonio Vivaldi  llamaron la atenci\u00f3n de sus contempor\u00e1neos y a lo largo del tiempo han  hecho correr r\u00edos de tinta? Antes de morir, el cura rojo, nombre con el  que se le conoce en alusi\u00f3n al color de su pelo, dejar\u00e1 un extra\u00f1o  documento que contiene un terrible secreto que confiar\u00e1 a una secta  denominada Fraternitas Charitatis, a la que perteneci\u00f3 Vivaldi,  encargada de custodiar saberes ocultos y peligrosos. \u00bfQu\u00e9 esconde el  misterio que dej\u00f3 Vivaldi? \u00bfQu\u00e9 hay detr\u00e1s del llamado enigma del cura  rojo? La presencia de un m\u00fasico espa\u00f1ol, devoto de Vivaldi, en Venecia  casi tres siglos despu\u00e9s para realizar ciertas investigaciones sobre el  compositor lograr\u00e1 despertar la ambici\u00f3n de poderosas organizaciones.  \u00bfPor qu\u00e9 tanto tiempo despu\u00e9s hay gente dispuesta a matar por hacerse  con el extra\u00f1o documento?.<\/p>\n","protected":false},"excerpt":{"rendered":"<p>Una trama detectivesca en la Venecia barroca y contempor\u00e1nea. Una partitura en clave, atribuida a Vivaldi, es la llave de este enigma. Por qu\u00e9 las rarezas del genial compositor veneciano Antonio Vivaldi llamaron la atenci\u00f3n de sus contempor\u00e1neos y a lo largo del tiempo han hecho correr r\u00edos de tinta? Antes de morir, el cura [&hellip;]<\/p>\n","protected":false},"featured_media":4989,"template":"","meta":[],"product_brand":[847],"product_cat":[29,30],"product_tag":[],"class_list":{"0":"post-4988","1":"product","2":"type-product","3":"status-publish","4":"has-post-thumbnail","6":"product_brand-peter-harris","7":"product_cat-novela","8":"product_cat-suspenso","10":"first","11":"instock","12":"purchasable","13":"product-type-simple"},"featured_image_urls_v2":{"full":["https:\/\/ajupe.com.uy\/web\/wp-content\/uploads\/2016\/04\/p-4988-El_enigma_Vivald_4e93590a311c8.jpg",80,120,false],"thumbnail":["https:\/\/ajupe.com.uy\/web\/wp-content\/uploads\/2016\/04\/p-4988-El_enigma_Vivald_4e93590a311c8.jpg",150,150,true],"medium":["https:\/\/ajupe.com.uy\/web\/wp-content\/uploads\/2016\/04\/p-4988-El_enigma_Vivald_4e93590a311c8.jpg",300,214,true],"medium_large":["https:\/\/ajupe.com.uy\/web\/wp-content\/uploads\/2016\/04\/p-4988-El_enigma_Vivald_4e93590a311c8.jpg",80,120,false],"large":["https:\/\/ajupe.com.uy\/web\/wp-content\/uploads\/2016\/04\/p-4988-El_enigma_Vivald_4e93590a311c8.jpg",80,120,false],"1536x1536":["https:\/\/ajupe.com.uy\/web\/wp-content\/uploads\/2016\/04\/p-4988-El_enigma_Vivald_4e93590a311c8.jpg",80,120,false],"2048x2048":["https:\/\/ajupe.com.uy\/web\/wp-content\/uploads\/2016\/04\/p-4988-El_enigma_Vivald_4e93590a311c8.jpg",80,120,false],"woocommerce_archive_thumbnail":["https:\/\/ajupe.com.uy\/web\/wp-content\/uploads\/2016\/04\/p-4988-El_enigma_Vivald_4e93590a311c8.jpg",80,120,false],"woocommerce_thumbnail":["https:\/\/ajupe.com.uy\/web\/wp-content\/uploads\/2016\/04\/p-4988-El_enigma_Vivald_4e93590a311c8.jpg",80,120,false],"woocommerce_single":["https:\/\/ajupe.com.uy\/web\/wp-content\/uploads\/2016\/04\/p-4988-El_enigma_Vivald_4e93590a311c8.jpg",80,120,false],"woocommerce_gallery_thumbnail":["https:\/\/ajupe.com.uy\/web\/wp-content\/uploads\/2016\/04\/p-4988-El_enigma_Vivald_4e93590a311c8-80x100.jpg",80,100,true]},"post_excerpt_stackable_v2":"<p>Una trama detectivesca en la Venecia barroca y contempor\u00e1nea. Una partitura en clave, atribuida a Vivaldi, es la llave de este enigma. Por qu\u00e9 las rarezas del genial compositor veneciano Antonio Vivaldi llamaron la atenci\u00f3n de sus contempor\u00e1neos y a lo largo del tiempo han hecho correr r\u00edos de tinta? Antes de morir, el cura rojo, nombre con el que se le conoce en alusi\u00f3n al color de su pelo, dejar\u00e1 un extra\u00f1o documento que contiene un terrible secreto que confiar\u00e1 a una secta denominada Fraternitas Charitatis, a la que perteneci\u00f3 Vivaldi, encargada de custodiar saberes ocultos y peligrosos. \u00bfQu\u00e9&hellip;<\/p>\n","category_list_v2":"","author_info_v2":{"name":"","url":""},"comments_num_v2":"0 comentarios","_links":{"self":[{"href":"https:\/\/ajupe.com.uy\/web\/wp-json\/wp\/v2\/product\/4988","targetHints":{"allow":["GET"]}}],"collection":[{"href":"https:\/\/ajupe.com.uy\/web\/wp-json\/wp\/v2\/product"}],"about":[{"href":"https:\/\/ajupe.com.uy\/web\/wp-json\/wp\/v2\/types\/product"}],"wp:featuredmedia":[{"embeddable":true,"href":"https:\/\/ajupe.com.uy\/web\/wp-json\/wp\/v2\/media\/4989"}],"wp:attachment":[{"href":"https:\/\/ajupe.com.uy\/web\/wp-json\/wp\/v2\/media?parent=4988"}],"wp:term":[{"taxonomy":"product_brand","embeddable":true,"href":"https:\/\/ajupe.com.uy\/web\/wp-json\/wp\/v2\/product_brand?post=4988"},{"taxonomy":"product_cat","embeddable":true,"href":"https:\/\/ajupe.com.uy\/web\/wp-json\/wp\/v2\/product_cat?post=4988"},{"taxonomy":"product_tag","embeddable":true,"href":"https:\/\/ajupe.com.uy\/web\/wp-json\/wp\/v2\/product_tag?post=4988"}],"curies":[{"name":"wp","href":"https:\/\/api.w.org\/{rel}","templated":true}]}}