{"id":5060,"date":"2011-10-10T22:08:11","date_gmt":"2011-10-11T01:08:11","guid":{"rendered":"http:\/\/ajupe.com.uy\/web\/?post_type=product&#038;p=5060"},"modified":"2011-10-25T18:42:39","modified_gmt":"2011-10-25T21:42:39","slug":"senderos-montevideanos-punta-carretas","status":"publish","type":"product","link":"https:\/\/ajupe.com.uy\/web\/biblioteca\/senderos-montevideanos-punta-carretas\/","title":{"rendered":"Senderos Montevideanos Punta Carretas"},"content":{"rendered":"<p><span>No hay barrio que no encierre un mundo.  Parafraseando a Borges, siempre habr\u00e1 \u00abotro patio\u00bb o \u00abuna entrevista  parra\u00bb que guardan secretos recelosos. Hace ya mucho tiempo que los  artistas -los dada\u00edstas, m\u00e1s tarde las teor\u00edas sobre la \u00abobra abierta\u00bb-  nos han dado la libertad y la responsabilidad a nosotros, espectadores,  lectores, escuchas o paseantes, de descubrir, organizar e interpretar  los signos de las cosas. Alguien podr\u00e1 decir -y le asiste raz\u00f3n- que un  arte sin la participaci\u00f3n activa, recreativa de quien lo recibe, no  merece ser considerado. Toda comunicaci\u00f3n implica receptores capaces de  emprender tales tareas. La colecci\u00f3n \u00abSenderos montevideanos\u00bb invita a  sus lectores a practicar un arte que involucra los cinco sentidos.  Insin\u00faa programas, cuenta historias, describe tramas y patrimonios  urbanos. Pero por sobre todo, propone al lector una tarea creativa: la  construcci\u00f3n de una experiencia sensible, propia e intransferible.  \u00abSenderos Montevideanos\u00bb invita a descubrir aquello que los barrios  guardan celosamente: sus entrevistos patios, sus afiligranados frentes,  las caprichosas luces de calles \u00abcon luz de patio\u00bb, los edificios  construidos por los genios y las genialidades construidas por an\u00f3nimos  constructores, el legado de quienes plantaron \u00e1rboles cuya madurez no  ver\u00edan, los pasos de quienes nos precedieron en una misma esquina o bajo  un mismo \u00e1rbol.<\/span><\/p>\n","protected":false},"excerpt":{"rendered":"<p>No hay barrio que no encierre un mundo. Parafraseando a Borges, siempre habr\u00e1 \u00abotro patio\u00bb o \u00abuna entrevista parra\u00bb que guardan secretos recelosos. Hace ya mucho tiempo que los artistas -los dada\u00edstas, m\u00e1s tarde las teor\u00edas sobre la \u00abobra abierta\u00bb- nos han dado la libertad y la responsabilidad a nosotros, espectadores, lectores, escuchas o paseantes, [&hellip;]<\/p>\n","protected":false},"featured_media":5061,"template":"","meta":[],"product_brand":[453],"product_cat":[31,45],"product_tag":[],"class_list":{"0":"post-5060","1":"product","2":"type-product","3":"status-publish","4":"has-post-thumbnail","6":"product_brand-luciano-lvarez","7":"product_cat-historico","8":"product_cat-uruguayo","10":"first","11":"instock","12":"purchasable","13":"product-type-simple"},"featured_image_urls_v2":{"full":["https:\/\/ajupe.com.uy\/web\/wp-content\/uploads\/2016\/04\/p-5060-Senderos_Montevi_4e936ccb63d83.jpg",415,615,false],"thumbnail":["https:\/\/ajupe.com.uy\/web\/wp-content\/uploads\/2016\/04\/p-5060-Senderos_Montevi_4e936ccb63d83.jpg",150,150,true],"medium":["https:\/\/ajupe.com.uy\/web\/wp-content\/uploads\/2016\/04\/p-5060-Senderos_Montevi_4e936ccb63d83.jpg",300,214,true],"medium_large":["https:\/\/ajupe.com.uy\/web\/wp-content\/uploads\/2016\/04\/p-5060-Senderos_Montevi_4e936ccb63d83.jpg",415,615,false],"large":["https:\/\/ajupe.com.uy\/web\/wp-content\/uploads\/2016\/04\/p-5060-Senderos_Montevi_4e936ccb63d83.jpg",415,615,false],"1536x1536":["https:\/\/ajupe.com.uy\/web\/wp-content\/uploads\/2016\/04\/p-5060-Senderos_Montevi_4e936ccb63d83.jpg",415,615,false],"2048x2048":["https:\/\/ajupe.com.uy\/web\/wp-content\/uploads\/2016\/04\/p-5060-Senderos_Montevi_4e936ccb63d83.jpg",415,615,false],"woocommerce_archive_thumbnail":["https:\/\/ajupe.com.uy\/web\/wp-content\/uploads\/2016\/04\/p-5060-Senderos_Montevi_4e936ccb63d83-300x450.jpg",300,450,true],"woocommerce_thumbnail":["https:\/\/ajupe.com.uy\/web\/wp-content\/uploads\/2016\/04\/p-5060-Senderos_Montevi_4e936ccb63d83-300x300.jpg",300,300,true],"woocommerce_single":["https:\/\/ajupe.com.uy\/web\/wp-content\/uploads\/2016\/04\/p-5060-Senderos_Montevi_4e936ccb63d83-300x445.jpg",300,445,true],"woocommerce_gallery_thumbnail":["https:\/\/ajupe.com.uy\/web\/wp-content\/uploads\/2016\/04\/p-5060-Senderos_Montevi_4e936ccb63d83-100x100.jpg",100,100,true]},"post_excerpt_stackable_v2":"<p>No hay barrio que no encierre un mundo. Parafraseando a Borges, siempre habr\u00e1 \u00abotro patio\u00bb o \u00abuna entrevista parra\u00bb que guardan secretos recelosos. Hace ya mucho tiempo que los artistas -los dada\u00edstas, m\u00e1s tarde las teor\u00edas sobre la \u00abobra abierta\u00bb- nos han dado la libertad y la responsabilidad a nosotros, espectadores, lectores, escuchas o paseantes, de descubrir, organizar e interpretar los signos de las cosas. Alguien podr\u00e1 decir -y le asiste raz\u00f3n- que un arte sin la participaci\u00f3n activa, recreativa de quien lo recibe, no merece ser considerado. Toda comunicaci\u00f3n implica receptores capaces de emprender tales tareas. La colecci\u00f3n \u00abSenderos&hellip;<\/p>\n","category_list_v2":"","author_info_v2":{"name":"","url":""},"comments_num_v2":"0 comentarios","_links":{"self":[{"href":"https:\/\/ajupe.com.uy\/web\/wp-json\/wp\/v2\/product\/5060","targetHints":{"allow":["GET"]}}],"collection":[{"href":"https:\/\/ajupe.com.uy\/web\/wp-json\/wp\/v2\/product"}],"about":[{"href":"https:\/\/ajupe.com.uy\/web\/wp-json\/wp\/v2\/types\/product"}],"wp:featuredmedia":[{"embeddable":true,"href":"https:\/\/ajupe.com.uy\/web\/wp-json\/wp\/v2\/media\/5061"}],"wp:attachment":[{"href":"https:\/\/ajupe.com.uy\/web\/wp-json\/wp\/v2\/media?parent=5060"}],"wp:term":[{"taxonomy":"product_brand","embeddable":true,"href":"https:\/\/ajupe.com.uy\/web\/wp-json\/wp\/v2\/product_brand?post=5060"},{"taxonomy":"product_cat","embeddable":true,"href":"https:\/\/ajupe.com.uy\/web\/wp-json\/wp\/v2\/product_cat?post=5060"},{"taxonomy":"product_tag","embeddable":true,"href":"https:\/\/ajupe.com.uy\/web\/wp-json\/wp\/v2\/product_tag?post=5060"}],"curies":[{"name":"wp","href":"https:\/\/api.w.org\/{rel}","templated":true}]}}