{"id":5141,"date":"2011-10-23T23:06:58","date_gmt":"2011-10-24T02:06:58","guid":{"rendered":"http:\/\/ajupe.com.uy\/web\/?post_type=product&#038;p=5141"},"modified":"2011-10-23T23:06:58","modified_gmt":"2011-10-24T02:06:58","slug":"vida","status":"publish","type":"product","link":"https:\/\/ajupe.com.uy\/web\/biblioteca\/vida\/","title":{"rendered":"Vida"},"content":{"rendered":"<p>Un libro para tener al alcance de la mano, con una selecci\u00f3n de citas sobre la esencia de la vida, de uno de los escritores m\u00e1s amados de nuestros tiempos: Paulo Coelho.<\/p>\n<p>Paulo Coelho, a quien muchos consideran un alquimista de las palabras, es el escritor m\u00e1s influyente de este siglo. Ha llegado a ser un referente para sus lectores de m\u00e1s de 150 pa\u00edses, sin barreras de credos ni culturas.<\/p>\n<p>Sus libros, traducidos a 56 idiomas, no s\u00f3lo han llegado a ser objeto de debate social y cultural. Las ideas, la filosof\u00eda y los temas de sus libros influyen en las aspiraciones de millones de lectores que buscan su camino y nuevas maneras de entender el mundo.<\/p>\n","protected":false},"excerpt":{"rendered":"<p>Un libro para tener al alcance de la mano, con una selecci\u00f3n de citas sobre la esencia de la vida, de uno de los escritores m\u00e1s amados de nuestros tiempos: Paulo Coelho. Paulo Coelho, a quien muchos consideran un alquimista de las palabras, es el escritor m\u00e1s influyente de este siglo. Ha llegado a ser [&hellip;]<\/p>\n","protected":false},"featured_media":5142,"template":"","meta":[],"product_brand":[110],"product_cat":[32,35],"product_tag":[],"class_list":{"0":"post-5141","1":"product","2":"type-product","3":"status-publish","4":"has-post-thumbnail","6":"product_brand-paulo-coelho","7":"product_cat-autoayuda","8":"product_cat-filosofico","10":"first","11":"instock","12":"purchasable","13":"product-type-simple"},"featured_image_urls_v2":{"full":["https:\/\/ajupe.com.uy\/web\/wp-content\/uploads\/2016\/04\/p-5141-Vida_4ea49e12a8cc7.jpg",1315,2144,false],"thumbnail":["https:\/\/ajupe.com.uy\/web\/wp-content\/uploads\/2016\/04\/p-5141-Vida_4ea49e12a8cc7.jpg",150,150,true],"medium":["https:\/\/ajupe.com.uy\/web\/wp-content\/uploads\/2016\/04\/p-5141-Vida_4ea49e12a8cc7.jpg",300,214,true],"medium_large":["https:\/\/ajupe.com.uy\/web\/wp-content\/uploads\/2016\/04\/p-5141-Vida_4ea49e12a8cc7.jpg",768,1252,false],"large":["https:\/\/ajupe.com.uy\/web\/wp-content\/uploads\/2016\/04\/p-5141-Vida_4ea49e12a8cc7.jpg",628,1024,false],"1536x1536":["https:\/\/ajupe.com.uy\/web\/wp-content\/uploads\/2016\/04\/p-5141-Vida_4ea49e12a8cc7.jpg",942,1536,false],"2048x2048":["https:\/\/ajupe.com.uy\/web\/wp-content\/uploads\/2016\/04\/p-5141-Vida_4ea49e12a8cc7.jpg",1256,2048,false],"woocommerce_archive_thumbnail":["https:\/\/ajupe.com.uy\/web\/wp-content\/uploads\/2016\/04\/p-5141-Vida_4ea49e12a8cc7-300x450.jpg",300,450,true],"woocommerce_thumbnail":["https:\/\/ajupe.com.uy\/web\/wp-content\/uploads\/2016\/04\/p-5141-Vida_4ea49e12a8cc7-300x300.jpg",300,300,true],"woocommerce_single":["https:\/\/ajupe.com.uy\/web\/wp-content\/uploads\/2016\/04\/p-5141-Vida_4ea49e12a8cc7-300x489.jpg",300,489,true],"woocommerce_gallery_thumbnail":["https:\/\/ajupe.com.uy\/web\/wp-content\/uploads\/2016\/04\/p-5141-Vida_4ea49e12a8cc7-100x100.jpg",100,100,true]},"post_excerpt_stackable_v2":"<p>Un libro para tener al alcance de la mano, con una selecci\u00f3n de citas sobre la esencia de la vida, de uno de los escritores m\u00e1s amados de nuestros tiempos: Paulo Coelho. Paulo Coelho, a quien muchos consideran un alquimista de las palabras, es el escritor m\u00e1s influyente de este siglo. Ha llegado a ser un referente para sus lectores de m\u00e1s de 150 pa\u00edses, sin barreras de credos ni culturas. Sus libros, traducidos a 56 idiomas, no s\u00f3lo han llegado a ser objeto de debate social y cultural. Las ideas, la filosof\u00eda y los temas de sus libros influyen&hellip;<\/p>\n","category_list_v2":"","author_info_v2":{"name":"","url":""},"comments_num_v2":"0 comentarios","_links":{"self":[{"href":"https:\/\/ajupe.com.uy\/web\/wp-json\/wp\/v2\/product\/5141","targetHints":{"allow":["GET"]}}],"collection":[{"href":"https:\/\/ajupe.com.uy\/web\/wp-json\/wp\/v2\/product"}],"about":[{"href":"https:\/\/ajupe.com.uy\/web\/wp-json\/wp\/v2\/types\/product"}],"wp:featuredmedia":[{"embeddable":true,"href":"https:\/\/ajupe.com.uy\/web\/wp-json\/wp\/v2\/media\/5142"}],"wp:attachment":[{"href":"https:\/\/ajupe.com.uy\/web\/wp-json\/wp\/v2\/media?parent=5141"}],"wp:term":[{"taxonomy":"product_brand","embeddable":true,"href":"https:\/\/ajupe.com.uy\/web\/wp-json\/wp\/v2\/product_brand?post=5141"},{"taxonomy":"product_cat","embeddable":true,"href":"https:\/\/ajupe.com.uy\/web\/wp-json\/wp\/v2\/product_cat?post=5141"},{"taxonomy":"product_tag","embeddable":true,"href":"https:\/\/ajupe.com.uy\/web\/wp-json\/wp\/v2\/product_tag?post=5141"}],"curies":[{"name":"wp","href":"https:\/\/api.w.org\/{rel}","templated":true}]}}