{"id":5189,"date":"2011-10-25T18:20:34","date_gmt":"2011-10-25T21:20:34","guid":{"rendered":"http:\/\/ajupe.com.uy\/web\/?post_type=product&#038;p=5189"},"modified":"2011-10-25T18:20:34","modified_gmt":"2011-10-25T21:20:34","slug":"diario-de-un-ladron","status":"publish","type":"product","link":"https:\/\/ajupe.com.uy\/web\/biblioteca\/diario-de-un-ladron\/","title":{"rendered":"Diario de un ladr\u00f3n"},"content":{"rendered":"<p>Bex y Ollie son una pareja de ladrones de medio pelo que viven en una peque\u00f1a ciudad cercana a Londres. Cualquier robo es bueno si con ello sacan para pagar las cervezas y, m\u00e1s a\u00fan, si con ello evitan tener que trabajar de lunes a viernes. Les gusta la sensaci\u00f3n de la adrenalina, el riesgo y se divierten asaltando casas para llevarse videos y televisores. Y no tienen m\u00e1s ambici\u00f3n que seguir robando.<\/p>\n<p>Diario de un ladr\u00f3n nos ofrece una narraci\u00f3n testimonial con la que el autor se adentra en el mundo del crimen con irreverencia y humor a la vez que nos desvela sus vivencias al otro lado de la ley.<\/p>\n<p>Muchos autores llegan a la novela negra por afici\u00f3n a estos temas. Incluso los hay que han trabajado como polic\u00edas o detectives. Danny King se adentra en la ficci\u00f3n criminal para relatarnos sus vivencias como delincuente. En esta novela nos relata las experiencias de una adolescencia alocada.<\/p>\n<p>Fue tal la repercusi\u00f3n del libro en el momento de su publicaci\u00f3n, que continu\u00f3 la saga con m\u00e1s novelas narradas desde el punto de vista del delincuente; eso s\u00ed, sin perder la vitalidad y el desparpajo. La obra de King aborda desde robos a bancos hasta las andanzas de un asesino en serie; desde la industria del porno hasta la delincuencia callejera.<\/p>\n","protected":false},"excerpt":{"rendered":"<p>Bex y Ollie son una pareja de ladrones de medio pelo que viven en una peque\u00f1a ciudad cercana a Londres. Cualquier robo es bueno si con ello sacan para pagar las cervezas y, m\u00e1s a\u00fan, si con ello evitan tener que trabajar de lunes a viernes. Les gusta la sensaci\u00f3n de la adrenalina, el riesgo [&hellip;]<\/p>\n","protected":false},"featured_media":5190,"template":"","meta":[],"product_brand":[618],"product_cat":[29],"product_tag":[],"class_list":{"0":"post-5189","1":"product","2":"type-product","3":"status-publish","4":"has-post-thumbnail","6":"product_brand-danny-king","7":"product_cat-novela","9":"first","10":"instock","11":"purchasable","12":"product-type-simple"},"featured_image_urls_v2":{"full":["https:\/\/ajupe.com.uy\/web\/wp-content\/uploads\/2016\/04\/p-5189-Diario_de_un_lad_4ea6fdf1f2546-scaled.jpg",1730,2560,false],"thumbnail":["https:\/\/ajupe.com.uy\/web\/wp-content\/uploads\/2016\/04\/p-5189-Diario_de_un_lad_4ea6fdf1f2546.jpg",150,150,true],"medium":["https:\/\/ajupe.com.uy\/web\/wp-content\/uploads\/2016\/04\/p-5189-Diario_de_un_lad_4ea6fdf1f2546.jpg",300,214,true],"medium_large":["https:\/\/ajupe.com.uy\/web\/wp-content\/uploads\/2016\/04\/p-5189-Diario_de_un_lad_4ea6fdf1f2546-scaled.jpg",768,1136,false],"large":["https:\/\/ajupe.com.uy\/web\/wp-content\/uploads\/2016\/04\/p-5189-Diario_de_un_lad_4ea6fdf1f2546-scaled.jpg",692,1024,false],"1536x1536":["https:\/\/ajupe.com.uy\/web\/wp-content\/uploads\/2016\/04\/p-5189-Diario_de_un_lad_4ea6fdf1f2546-scaled.jpg",1038,1536,false],"2048x2048":["https:\/\/ajupe.com.uy\/web\/wp-content\/uploads\/2016\/04\/p-5189-Diario_de_un_lad_4ea6fdf1f2546-scaled.jpg",1384,2048,false],"woocommerce_archive_thumbnail":["https:\/\/ajupe.com.uy\/web\/wp-content\/uploads\/2016\/04\/p-5189-Diario_de_un_lad_4ea6fdf1f2546-scaled-300x450.jpg",300,450,true],"woocommerce_thumbnail":["https:\/\/ajupe.com.uy\/web\/wp-content\/uploads\/2016\/04\/p-5189-Diario_de_un_lad_4ea6fdf1f2546-scaled-300x300.jpg",300,300,true],"woocommerce_single":["https:\/\/ajupe.com.uy\/web\/wp-content\/uploads\/2016\/04\/p-5189-Diario_de_un_lad_4ea6fdf1f2546-scaled-300x444.jpg",300,444,true],"woocommerce_gallery_thumbnail":["https:\/\/ajupe.com.uy\/web\/wp-content\/uploads\/2016\/04\/p-5189-Diario_de_un_lad_4ea6fdf1f2546-scaled-100x100.jpg",100,100,true]},"post_excerpt_stackable_v2":"<p>Bex y Ollie son una pareja de ladrones de medio pelo que viven en una peque\u00f1a ciudad cercana a Londres. Cualquier robo es bueno si con ello sacan para pagar las cervezas y, m\u00e1s a\u00fan, si con ello evitan tener que trabajar de lunes a viernes. Les gusta la sensaci\u00f3n de la adrenalina, el riesgo y se divierten asaltando casas para llevarse videos y televisores. Y no tienen m\u00e1s ambici\u00f3n que seguir robando. Diario de un ladr\u00f3n nos ofrece una narraci\u00f3n testimonial con la que el autor se adentra en el mundo del crimen con irreverencia y humor a la&hellip;<\/p>\n","category_list_v2":"","author_info_v2":{"name":"","url":""},"comments_num_v2":"0 comentarios","_links":{"self":[{"href":"https:\/\/ajupe.com.uy\/web\/wp-json\/wp\/v2\/product\/5189","targetHints":{"allow":["GET"]}}],"collection":[{"href":"https:\/\/ajupe.com.uy\/web\/wp-json\/wp\/v2\/product"}],"about":[{"href":"https:\/\/ajupe.com.uy\/web\/wp-json\/wp\/v2\/types\/product"}],"wp:featuredmedia":[{"embeddable":true,"href":"https:\/\/ajupe.com.uy\/web\/wp-json\/wp\/v2\/media\/5190"}],"wp:attachment":[{"href":"https:\/\/ajupe.com.uy\/web\/wp-json\/wp\/v2\/media?parent=5189"}],"wp:term":[{"taxonomy":"product_brand","embeddable":true,"href":"https:\/\/ajupe.com.uy\/web\/wp-json\/wp\/v2\/product_brand?post=5189"},{"taxonomy":"product_cat","embeddable":true,"href":"https:\/\/ajupe.com.uy\/web\/wp-json\/wp\/v2\/product_cat?post=5189"},{"taxonomy":"product_tag","embeddable":true,"href":"https:\/\/ajupe.com.uy\/web\/wp-json\/wp\/v2\/product_tag?post=5189"}],"curies":[{"name":"wp","href":"https:\/\/api.w.org\/{rel}","templated":true}]}}