{"id":5303,"date":"2011-10-26T18:24:46","date_gmt":"2011-10-26T21:24:46","guid":{"rendered":"http:\/\/ajupe.com.uy\/web\/?post_type=product&#038;p=5303"},"modified":"2011-10-27T16:44:07","modified_gmt":"2011-10-27T19:44:07","slug":"el-rey-de-los-secretos","status":"publish","type":"product","link":"https:\/\/ajupe.com.uy\/web\/biblioteca\/el-rey-de-los-secretos\/","title":{"rendered":"El Rey de los Secretos"},"content":{"rendered":"<p>Un maestro de yoga de renombre mundial se enfrenta al comercialismo que oscurece ahora al verdadero sentido del yoga. \u00c9l explica que m\u00e1s all\u00e1 de posturas y ejercicios, las antiguas ense\u00f1anzas del yoga aspiran a la uni\u00f3n amorosa perdurable con el Supremo.<\/p>\n","protected":false},"excerpt":{"rendered":"<p>Un maestro de yoga de renombre mundial se enfrenta al comercialismo que oscurece ahora al verdadero sentido del yoga. \u00c9l explica que m\u00e1s all\u00e1 de posturas y ejercicios, las antiguas ense\u00f1anzas del yoga aspiran a la uni\u00f3n amorosa perdurable con el Supremo.<\/p>\n","protected":false},"featured_media":5304,"template":"","meta":[],"product_brand":[580],"product_cat":[32],"product_tag":[],"class_list":{"0":"post-5303","1":"product","2":"type-product","3":"status-publish","4":"has-post-thumbnail","6":"product_brand-bhaktivedanta-swami-prabhupada","7":"product_cat-autoayuda","9":"first","10":"instock","11":"purchasable","12":"product-type-simple"},"featured_image_urls_v2":{"full":["https:\/\/ajupe.com.uy\/web\/wp-content\/uploads\/2016\/04\/p-5303-El_Rey_de_los_Se_4ea8506e89426.jpg",1227,1816,false],"thumbnail":["https:\/\/ajupe.com.uy\/web\/wp-content\/uploads\/2016\/04\/p-5303-El_Rey_de_los_Se_4ea8506e89426.jpg",150,150,true],"medium":["https:\/\/ajupe.com.uy\/web\/wp-content\/uploads\/2016\/04\/p-5303-El_Rey_de_los_Se_4ea8506e89426.jpg",300,214,true],"medium_large":["https:\/\/ajupe.com.uy\/web\/wp-content\/uploads\/2016\/04\/p-5303-El_Rey_de_los_Se_4ea8506e89426.jpg",768,1137,false],"large":["https:\/\/ajupe.com.uy\/web\/wp-content\/uploads\/2016\/04\/p-5303-El_Rey_de_los_Se_4ea8506e89426.jpg",692,1024,false],"1536x1536":["https:\/\/ajupe.com.uy\/web\/wp-content\/uploads\/2016\/04\/p-5303-El_Rey_de_los_Se_4ea8506e89426.jpg",1038,1536,false],"2048x2048":["https:\/\/ajupe.com.uy\/web\/wp-content\/uploads\/2016\/04\/p-5303-El_Rey_de_los_Se_4ea8506e89426.jpg",1227,1816,false],"woocommerce_archive_thumbnail":["https:\/\/ajupe.com.uy\/web\/wp-content\/uploads\/2016\/04\/p-5303-El_Rey_de_los_Se_4ea8506e89426-300x450.jpg",300,450,true],"woocommerce_thumbnail":["https:\/\/ajupe.com.uy\/web\/wp-content\/uploads\/2016\/04\/p-5303-El_Rey_de_los_Se_4ea8506e89426-300x300.jpg",300,300,true],"woocommerce_single":["https:\/\/ajupe.com.uy\/web\/wp-content\/uploads\/2016\/04\/p-5303-El_Rey_de_los_Se_4ea8506e89426-300x444.jpg",300,444,true],"woocommerce_gallery_thumbnail":["https:\/\/ajupe.com.uy\/web\/wp-content\/uploads\/2016\/04\/p-5303-El_Rey_de_los_Se_4ea8506e89426-100x100.jpg",100,100,true]},"post_excerpt_stackable_v2":"<p>Un maestro de yoga de renombre mundial se enfrenta al comercialismo que oscurece ahora al verdadero sentido del yoga. \u00c9l explica que m\u00e1s all\u00e1 de posturas y ejercicios, las antiguas ense\u00f1anzas del yoga aspiran a la uni\u00f3n amorosa perdurable con el Supremo.<\/p>\n","category_list_v2":"","author_info_v2":{"name":"","url":""},"comments_num_v2":"0 comentarios","_links":{"self":[{"href":"https:\/\/ajupe.com.uy\/web\/wp-json\/wp\/v2\/product\/5303","targetHints":{"allow":["GET"]}}],"collection":[{"href":"https:\/\/ajupe.com.uy\/web\/wp-json\/wp\/v2\/product"}],"about":[{"href":"https:\/\/ajupe.com.uy\/web\/wp-json\/wp\/v2\/types\/product"}],"wp:featuredmedia":[{"embeddable":true,"href":"https:\/\/ajupe.com.uy\/web\/wp-json\/wp\/v2\/media\/5304"}],"wp:attachment":[{"href":"https:\/\/ajupe.com.uy\/web\/wp-json\/wp\/v2\/media?parent=5303"}],"wp:term":[{"taxonomy":"product_brand","embeddable":true,"href":"https:\/\/ajupe.com.uy\/web\/wp-json\/wp\/v2\/product_brand?post=5303"},{"taxonomy":"product_cat","embeddable":true,"href":"https:\/\/ajupe.com.uy\/web\/wp-json\/wp\/v2\/product_cat?post=5303"},{"taxonomy":"product_tag","embeddable":true,"href":"https:\/\/ajupe.com.uy\/web\/wp-json\/wp\/v2\/product_tag?post=5303"}],"curies":[{"name":"wp","href":"https:\/\/api.w.org\/{rel}","templated":true}]}}