{"id":5354,"date":"2011-10-27T19:43:17","date_gmt":"2011-10-27T22:43:17","guid":{"rendered":"http:\/\/ajupe.com.uy\/web\/?post_type=product&#038;p=5354"},"modified":"2012-02-07T19:43:17","modified_gmt":"2012-02-07T22:43:17","slug":"cuerpos-sucesivos","status":"publish","type":"product","link":"https:\/\/ajupe.com.uy\/web\/biblioteca\/cuerpos-sucesivos\/","title":{"rendered":"Cuerpos sucesivos"},"content":{"rendered":"<p>Si el amor es un fluido \u00fanico que pasa a trav\u00e9s de cuerpos sucesivos, esta historia es un fragmento de ese r\u00edo. Desde la oscuridad del placer afloran unas biograf\u00edas amorosas que se entrecruzan hasta crear un solo caudal, y arrastrada por su corriente furiosa brilla tambi\u00e9n en el interior de la carne la hoja de una navaja como la \u00faltima forma que adopta el <a href=\"http:\/\/www.lecturalia.com\/libro\/969\/cuerpos-sucesivos\">destino<\/a>. El amor es lo eterno y no lo amado, dice un verso de Cernuda. \u00c9sta es la historia de un hombre que se debat\u00eda entre la melancol\u00eda del fin de la seducci\u00f3n y la necesidad de medirse a s\u00ed mismo todav\u00eda como un h\u00e9roe para rescatar de la destrucci\u00f3n a una mujer con el arma de las palabras, de los viajes imaginarios, de los sue\u00f1os imposibles al alcance de la mano. A trav\u00e9s del cuerpo de esta mujer el amante derruido se encontrar\u00eda resucitando en otro cuerpo. Nada que no suceda todos los d\u00edas.<\/p>\n","protected":false},"excerpt":{"rendered":"<p>Si el amor es un fluido \u00fanico que pasa a trav\u00e9s de cuerpos sucesivos, esta historia es un fragmento de ese r\u00edo.<\/p>\n","protected":false},"featured_media":5355,"template":"","meta":[],"product_brand":[265],"product_cat":[29],"product_tag":[],"class_list":{"0":"post-5354","1":"product","2":"type-product","3":"status-publish","4":"has-post-thumbnail","6":"product_brand-manuel-vicent","7":"product_cat-novela","9":"first","10":"instock","11":"purchasable","12":"product-type-simple"},"featured_image_urls_v2":{"full":["https:\/\/ajupe.com.uy\/web\/wp-content\/uploads\/2016\/04\/p-5354-Cuerpos_sucesivo_4f317ed56e326.jpg",200,333,false],"thumbnail":["https:\/\/ajupe.com.uy\/web\/wp-content\/uploads\/2016\/04\/p-5354-Cuerpos_sucesivo_4f317ed56e326.jpg",150,150,true],"medium":["https:\/\/ajupe.com.uy\/web\/wp-content\/uploads\/2016\/04\/p-5354-Cuerpos_sucesivo_4f317ed56e326.jpg",300,214,true],"medium_large":["https:\/\/ajupe.com.uy\/web\/wp-content\/uploads\/2016\/04\/p-5354-Cuerpos_sucesivo_4f317ed56e326.jpg",200,333,false],"large":["https:\/\/ajupe.com.uy\/web\/wp-content\/uploads\/2016\/04\/p-5354-Cuerpos_sucesivo_4f317ed56e326.jpg",200,333,false],"1536x1536":["https:\/\/ajupe.com.uy\/web\/wp-content\/uploads\/2016\/04\/p-5354-Cuerpos_sucesivo_4f317ed56e326.jpg",200,333,false],"2048x2048":["https:\/\/ajupe.com.uy\/web\/wp-content\/uploads\/2016\/04\/p-5354-Cuerpos_sucesivo_4f317ed56e326.jpg",200,333,false],"woocommerce_archive_thumbnail":["https:\/\/ajupe.com.uy\/web\/wp-content\/uploads\/2016\/04\/p-5354-Cuerpos_sucesivo_4f317ed56e326.jpg",200,333,false],"woocommerce_thumbnail":["https:\/\/ajupe.com.uy\/web\/wp-content\/uploads\/2016\/04\/p-5354-Cuerpos_sucesivo_4f317ed56e326-200x300.jpg",200,300,true],"woocommerce_single":["https:\/\/ajupe.com.uy\/web\/wp-content\/uploads\/2016\/04\/p-5354-Cuerpos_sucesivo_4f317ed56e326.jpg",200,333,false],"woocommerce_gallery_thumbnail":["https:\/\/ajupe.com.uy\/web\/wp-content\/uploads\/2016\/04\/p-5354-Cuerpos_sucesivo_4f317ed56e326-100x100.jpg",100,100,true]},"post_excerpt_stackable_v2":"<p>Si el amor es un fluido \u00fanico que pasa a trav\u00e9s de cuerpos sucesivos, esta historia es un fragmento de ese r\u00edo.<\/p>\n","category_list_v2":"","author_info_v2":{"name":"","url":""},"comments_num_v2":"0 comentarios","_links":{"self":[{"href":"https:\/\/ajupe.com.uy\/web\/wp-json\/wp\/v2\/product\/5354","targetHints":{"allow":["GET"]}}],"collection":[{"href":"https:\/\/ajupe.com.uy\/web\/wp-json\/wp\/v2\/product"}],"about":[{"href":"https:\/\/ajupe.com.uy\/web\/wp-json\/wp\/v2\/types\/product"}],"wp:featuredmedia":[{"embeddable":true,"href":"https:\/\/ajupe.com.uy\/web\/wp-json\/wp\/v2\/media\/5355"}],"wp:attachment":[{"href":"https:\/\/ajupe.com.uy\/web\/wp-json\/wp\/v2\/media?parent=5354"}],"wp:term":[{"taxonomy":"product_brand","embeddable":true,"href":"https:\/\/ajupe.com.uy\/web\/wp-json\/wp\/v2\/product_brand?post=5354"},{"taxonomy":"product_cat","embeddable":true,"href":"https:\/\/ajupe.com.uy\/web\/wp-json\/wp\/v2\/product_cat?post=5354"},{"taxonomy":"product_tag","embeddable":true,"href":"https:\/\/ajupe.com.uy\/web\/wp-json\/wp\/v2\/product_tag?post=5354"}],"curies":[{"name":"wp","href":"https:\/\/api.w.org\/{rel}","templated":true}]}}