{"id":5357,"date":"2011-10-27T20:00:44","date_gmt":"2011-10-27T23:00:44","guid":{"rendered":"http:\/\/ajupe.com.uy\/web\/?post_type=product&#038;p=5357"},"modified":"2012-02-07T19:45:05","modified_gmt":"2012-02-07T22:45:05","slug":"para-siempre-4-bodas","status":"publish","type":"product","link":"https:\/\/ajupe.com.uy\/web\/biblioteca\/para-siempre-4-bodas\/","title":{"rendered":"Para siempre (4\u00ba Bodas)"},"content":{"rendered":"<p>De peque\u00f1as lo compartieron todo. Con los a\u00f1os se han transformado en  unas mujeres divertidas, sexis e independientes. Y han creado una  empresa donde cada una aporta lo mejor de s\u00ed para convertir una boda en  el d\u00eda perfecto. El \u00e9xito est\u00e1 asegurado cuando Parker se encarga de la  planificaci\u00f3n, Laurel del banquete, Mackensie de las fotograf\u00edas y  Emmaline de las flores. Si alguien sabe c\u00f3mo organizar el mejor  casamiento son estas cuatro amigas. Aunque encargarse de varias bodas a  la semana no garantiza encontrar el amor, que siempre surge cuando y  donde menos te lo esperas&#8230; como le acaba de suceder a Parker Brown.<\/p>\n<p> Hasta el momento, la relaci\u00f3n m\u00e1s larga y estable que ha tenido Parker  ha sido con su BlackBerry. Ya ha pasado cierto tiempo desde que  convirti\u00f3 a sus amigas en socias y montaron \u00abVotos\u00bb. Desde entonces  todas han dado con su amor&#8230; menos ella. Hasta que una tarde de lluvia  su autom\u00f3vil se sale de la carretera. Y en ese momento tan poco  rom\u00e1ntico aparece Malcom <br \/> <a name=\"more\"><\/a>Kavanaugh, quien m\u00e1s que ser un pr\u00edncipe azul es un  mec\u00e1nico que personifica lo que Parker m\u00e1s detesta: lo impredecible. \u00bfO  no? A veces el destino es muy sabio&#8230; \u00bfPor qu\u00e9 no hacer m\u00e1s caso al  coraz\u00f3n que al cerebro por una vez en la vida cuando lo que est\u00e1 en  juego es tu propia felicidad?<\/p>\n","protected":false},"excerpt":{"rendered":"<p>De peque\u00f1as lo compartieron todo. Con los a\u00f1os se han transformado en unas mujeres divertidas, sexis e independientes. Y han creado una empresa donde cada una aporta lo mejor de s\u00ed para convertir una boda en el d\u00eda perfecto.<\/p>\n","protected":false},"featured_media":5358,"template":"","meta":[],"product_brand":[267],"product_cat":[29],"product_tag":[],"class_list":{"0":"post-5357","1":"product","2":"type-product","3":"status-publish","4":"has-post-thumbnail","6":"product_brand-nora-roberts","7":"product_cat-novela","9":"first","10":"instock","11":"purchasable","12":"product-type-simple"},"featured_image_urls_v2":{"full":["https:\/\/ajupe.com.uy\/web\/wp-content\/uploads\/2016\/04\/p-5357-Para_siempre__4__4f317f4143b01.jpg",226,333,false],"thumbnail":["https:\/\/ajupe.com.uy\/web\/wp-content\/uploads\/2016\/04\/p-5357-Para_siempre__4__4f317f4143b01.jpg",150,150,true],"medium":["https:\/\/ajupe.com.uy\/web\/wp-content\/uploads\/2016\/04\/p-5357-Para_siempre__4__4f317f4143b01.jpg",300,214,true],"medium_large":["https:\/\/ajupe.com.uy\/web\/wp-content\/uploads\/2016\/04\/p-5357-Para_siempre__4__4f317f4143b01.jpg",226,333,false],"large":["https:\/\/ajupe.com.uy\/web\/wp-content\/uploads\/2016\/04\/p-5357-Para_siempre__4__4f317f4143b01.jpg",226,333,false],"1536x1536":["https:\/\/ajupe.com.uy\/web\/wp-content\/uploads\/2016\/04\/p-5357-Para_siempre__4__4f317f4143b01.jpg",226,333,false],"2048x2048":["https:\/\/ajupe.com.uy\/web\/wp-content\/uploads\/2016\/04\/p-5357-Para_siempre__4__4f317f4143b01.jpg",226,333,false],"woocommerce_archive_thumbnail":["https:\/\/ajupe.com.uy\/web\/wp-content\/uploads\/2016\/04\/p-5357-Para_siempre__4__4f317f4143b01-226x300.jpg",226,300,true],"woocommerce_thumbnail":["https:\/\/ajupe.com.uy\/web\/wp-content\/uploads\/2016\/04\/p-5357-Para_siempre__4__4f317f4143b01-226x300.jpg",226,300,true],"woocommerce_single":["https:\/\/ajupe.com.uy\/web\/wp-content\/uploads\/2016\/04\/p-5357-Para_siempre__4__4f317f4143b01.jpg",226,333,false],"woocommerce_gallery_thumbnail":["https:\/\/ajupe.com.uy\/web\/wp-content\/uploads\/2016\/04\/p-5357-Para_siempre__4__4f317f4143b01-100x100.jpg",100,100,true]},"post_excerpt_stackable_v2":"<p>De peque\u00f1as lo compartieron todo. Con los a\u00f1os se han transformado en unas mujeres divertidas, sexis e independientes. Y han creado una empresa donde cada una aporta lo mejor de s\u00ed para convertir una boda en el d\u00eda perfecto.<\/p>\n","category_list_v2":"","author_info_v2":{"name":"","url":""},"comments_num_v2":"0 comentarios","_links":{"self":[{"href":"https:\/\/ajupe.com.uy\/web\/wp-json\/wp\/v2\/product\/5357","targetHints":{"allow":["GET"]}}],"collection":[{"href":"https:\/\/ajupe.com.uy\/web\/wp-json\/wp\/v2\/product"}],"about":[{"href":"https:\/\/ajupe.com.uy\/web\/wp-json\/wp\/v2\/types\/product"}],"wp:featuredmedia":[{"embeddable":true,"href":"https:\/\/ajupe.com.uy\/web\/wp-json\/wp\/v2\/media\/5358"}],"wp:attachment":[{"href":"https:\/\/ajupe.com.uy\/web\/wp-json\/wp\/v2\/media?parent=5357"}],"wp:term":[{"taxonomy":"product_brand","embeddable":true,"href":"https:\/\/ajupe.com.uy\/web\/wp-json\/wp\/v2\/product_brand?post=5357"},{"taxonomy":"product_cat","embeddable":true,"href":"https:\/\/ajupe.com.uy\/web\/wp-json\/wp\/v2\/product_cat?post=5357"},{"taxonomy":"product_tag","embeddable":true,"href":"https:\/\/ajupe.com.uy\/web\/wp-json\/wp\/v2\/product_tag?post=5357"}],"curies":[{"name":"wp","href":"https:\/\/api.w.org\/{rel}","templated":true}]}}