{"id":5363,"date":"2011-10-28T16:42:53","date_gmt":"2011-10-28T19:42:53","guid":{"rendered":"http:\/\/ajupe.com.uy\/web\/?post_type=product&#038;p=5363"},"modified":"2012-02-07T20:15:28","modified_gmt":"2012-02-07T23:15:28","slug":"valle-de-sombras-trilogia-del-circulo-iii","status":"publish","type":"product","link":"https:\/\/ajupe.com.uy\/web\/biblioteca\/valle-de-sombras-trilogia-del-circulo-iii\/","title":{"rendered":"Valle de sombras (trilogia del circulo III)"},"content":{"rendered":"<p>Cuando Jack Mercy muere, deja atr\u00e1s un buen n\u00famero de  enemigos y un  rancho en Montana valorado en veinte millones de d\u00f3lares. Sus tres   hijas, nacidas de diferentes matrimonios y las tres desconocidas entre  s\u00ed,  heredan la propiedad&#8230; y los problemas. <br \/>La joven Willa, que  viv\u00eda en el  rancho con su padre, esperaba hacerse cargo de todo debido a  su conocimiento del  tema, pero el testamento le impone la supervisi\u00f3n  de un ranchero vecino, tan  arrogante como atractivo. Tess, una  guionista de \u00e9xito en Hollywood, no sabe  nada acerca de la gesti\u00f3n de  una propiedad rural. Y Lily s\u00f3lo intenta escapar de  un matrimonio  brutal que la acosa. Pero las tres hermanas tendr\u00e1n que congeniar  a la  fuerza si quieren evitar no s\u00f3lo la ruina del rancho sino tambi\u00e9n la de  sus  propias vidas&#8230;<\/p>\n","protected":false},"excerpt":{"rendered":"<p>Cuando Jack Mercy muere, deja atr\u00e1s un buen n\u00famero de enemigos y un rancho en Montana valorado en veinte millones de d\u00f3lares. Sus tres hijas, nacidas de diferentes matrimonios y las tres desconocidas entre s\u00ed, heredan la propiedad&#8230; y los problemas.<\/p>\n","protected":false},"featured_media":5364,"template":"","meta":[],"product_brand":[267],"product_cat":[29],"product_tag":[],"class_list":{"0":"post-5363","1":"product","2":"type-product","3":"status-publish","4":"has-post-thumbnail","6":"product_brand-nora-roberts","7":"product_cat-novela","9":"first","10":"instock","11":"purchasable","12":"product-type-simple"},"featured_image_urls_v2":{"full":["https:\/\/ajupe.com.uy\/web\/wp-content\/uploads\/2016\/04\/p-5363-Valle_de_sombras_4f31866007d8d.jpg",179,279,false],"thumbnail":["https:\/\/ajupe.com.uy\/web\/wp-content\/uploads\/2016\/04\/p-5363-Valle_de_sombras_4f31866007d8d.jpg",150,150,true],"medium":["https:\/\/ajupe.com.uy\/web\/wp-content\/uploads\/2016\/04\/p-5363-Valle_de_sombras_4f31866007d8d.jpg",300,214,true],"medium_large":["https:\/\/ajupe.com.uy\/web\/wp-content\/uploads\/2016\/04\/p-5363-Valle_de_sombras_4f31866007d8d.jpg",179,279,false],"large":["https:\/\/ajupe.com.uy\/web\/wp-content\/uploads\/2016\/04\/p-5363-Valle_de_sombras_4f31866007d8d.jpg",179,279,false],"1536x1536":["https:\/\/ajupe.com.uy\/web\/wp-content\/uploads\/2016\/04\/p-5363-Valle_de_sombras_4f31866007d8d.jpg",179,279,false],"2048x2048":["https:\/\/ajupe.com.uy\/web\/wp-content\/uploads\/2016\/04\/p-5363-Valle_de_sombras_4f31866007d8d.jpg",179,279,false],"woocommerce_archive_thumbnail":["https:\/\/ajupe.com.uy\/web\/wp-content\/uploads\/2016\/04\/p-5363-Valle_de_sombras_4f31866007d8d.jpg",179,279,false],"woocommerce_thumbnail":["https:\/\/ajupe.com.uy\/web\/wp-content\/uploads\/2016\/04\/p-5363-Valle_de_sombras_4f31866007d8d.jpg",179,279,false],"woocommerce_single":["https:\/\/ajupe.com.uy\/web\/wp-content\/uploads\/2016\/04\/p-5363-Valle_de_sombras_4f31866007d8d.jpg",179,279,false],"woocommerce_gallery_thumbnail":["https:\/\/ajupe.com.uy\/web\/wp-content\/uploads\/2016\/04\/p-5363-Valle_de_sombras_4f31866007d8d-100x100.jpg",100,100,true]},"post_excerpt_stackable_v2":"<p>Cuando Jack Mercy muere, deja atr\u00e1s un buen n\u00famero de enemigos y un rancho en Montana valorado en veinte millones de d\u00f3lares. Sus tres hijas, nacidas de diferentes matrimonios y las tres desconocidas entre s\u00ed, heredan la propiedad&#8230; y los problemas.<\/p>\n","category_list_v2":"","author_info_v2":{"name":"","url":""},"comments_num_v2":"0 comentarios","_links":{"self":[{"href":"https:\/\/ajupe.com.uy\/web\/wp-json\/wp\/v2\/product\/5363","targetHints":{"allow":["GET"]}}],"collection":[{"href":"https:\/\/ajupe.com.uy\/web\/wp-json\/wp\/v2\/product"}],"about":[{"href":"https:\/\/ajupe.com.uy\/web\/wp-json\/wp\/v2\/types\/product"}],"wp:featuredmedia":[{"embeddable":true,"href":"https:\/\/ajupe.com.uy\/web\/wp-json\/wp\/v2\/media\/5364"}],"wp:attachment":[{"href":"https:\/\/ajupe.com.uy\/web\/wp-json\/wp\/v2\/media?parent=5363"}],"wp:term":[{"taxonomy":"product_brand","embeddable":true,"href":"https:\/\/ajupe.com.uy\/web\/wp-json\/wp\/v2\/product_brand?post=5363"},{"taxonomy":"product_cat","embeddable":true,"href":"https:\/\/ajupe.com.uy\/web\/wp-json\/wp\/v2\/product_cat?post=5363"},{"taxonomy":"product_tag","embeddable":true,"href":"https:\/\/ajupe.com.uy\/web\/wp-json\/wp\/v2\/product_tag?post=5363"}],"curies":[{"name":"wp","href":"https:\/\/api.w.org\/{rel}","templated":true}]}}