{"id":5426,"date":"2011-10-31T17:55:01","date_gmt":"2011-10-31T20:55:01","guid":{"rendered":"http:\/\/ajupe.com.uy\/web\/?post_type=product&#038;p=5426"},"modified":"2011-10-31T17:55:01","modified_gmt":"2011-10-31T20:55:01","slug":"el-hombre-sombra","status":"publish","type":"product","link":"https:\/\/ajupe.com.uy\/web\/biblioteca\/el-hombre-sombra\/","title":{"rendered":"El hombre sombra"},"content":{"rendered":"<p>Smoky deber\u00eda estar muerta. Tan muerta como su marido y su hija, tan muerta corno el s\u00e1dico que acab\u00f3 con ellos y la dej\u00f3 herida, rota, con el cuerpo y el alma llenos de cicatrices. Pero su maldici\u00f3n es seguir respirando y revivir su pesadilla una y otra vez, cazando a seres como el que destroz\u00f3 su vida. Porque sigue siendo la mejor jefa de equipo que tiene el FBI, y ahora se enfrenta a alguien que le hace recordar sus peores sue\u00f1os. Un asesino despiadado, que asegura descender del mism\u00edsimo jack el Destripador. Un criminal tan inteligente, violento y escurridizo como su antecesor, capaz de descubrir los puntos m\u00e1s vulnerables de Smoky y su equipo, de sacar a la luz sus secretos m\u00e1s \u00edntimos, alcanzar a los que m\u00e1s quiere&#8230; empuj\u00e1ndoles hasta el l\u00edmite.<\/p>\n","protected":false},"excerpt":{"rendered":"<p>Smoky deber\u00eda estar muerta. Tan muerta como su marido y su hija, tan muerta corno el s\u00e1dico que acab\u00f3 con ellos y la dej\u00f3 herida, rota, con el cuerpo y el alma llenos de cicatrices. Pero su maldici\u00f3n es seguir respirando y revivir su pesadilla una y otra <\/p>\n","protected":false},"featured_media":5427,"template":"","meta":[],"product_brand":[965],"product_cat":[29],"product_tag":[],"class_list":{"0":"post-5426","1":"product","2":"type-product","3":"status-publish","4":"has-post-thumbnail","6":"product_brand-cody-mcfadyen","7":"product_cat-novela","9":"first","10":"instock","11":"purchasable","12":"product-type-simple"},"featured_image_urls_v2":{"full":["https:\/\/ajupe.com.uy\/web\/wp-content\/uploads\/2016\/04\/p-5426-El_hombre_sombra_4eaee0f5322cd.jpg",282,427,false],"thumbnail":["https:\/\/ajupe.com.uy\/web\/wp-content\/uploads\/2016\/04\/p-5426-El_hombre_sombra_4eaee0f5322cd.jpg",150,150,true],"medium":["https:\/\/ajupe.com.uy\/web\/wp-content\/uploads\/2016\/04\/p-5426-El_hombre_sombra_4eaee0f5322cd.jpg",300,214,true],"medium_large":["https:\/\/ajupe.com.uy\/web\/wp-content\/uploads\/2016\/04\/p-5426-El_hombre_sombra_4eaee0f5322cd.jpg",282,427,false],"large":["https:\/\/ajupe.com.uy\/web\/wp-content\/uploads\/2016\/04\/p-5426-El_hombre_sombra_4eaee0f5322cd.jpg",282,427,false],"1536x1536":["https:\/\/ajupe.com.uy\/web\/wp-content\/uploads\/2016\/04\/p-5426-El_hombre_sombra_4eaee0f5322cd.jpg",282,427,false],"2048x2048":["https:\/\/ajupe.com.uy\/web\/wp-content\/uploads\/2016\/04\/p-5426-El_hombre_sombra_4eaee0f5322cd.jpg",282,427,false],"woocommerce_archive_thumbnail":["https:\/\/ajupe.com.uy\/web\/wp-content\/uploads\/2016\/04\/p-5426-El_hombre_sombra_4eaee0f5322cd-282x400.jpg",282,400,true],"woocommerce_thumbnail":["https:\/\/ajupe.com.uy\/web\/wp-content\/uploads\/2016\/04\/p-5426-El_hombre_sombra_4eaee0f5322cd-282x300.jpg",282,300,true],"woocommerce_single":["https:\/\/ajupe.com.uy\/web\/wp-content\/uploads\/2016\/04\/p-5426-El_hombre_sombra_4eaee0f5322cd.jpg",282,427,false],"woocommerce_gallery_thumbnail":["https:\/\/ajupe.com.uy\/web\/wp-content\/uploads\/2016\/04\/p-5426-El_hombre_sombra_4eaee0f5322cd-100x100.jpg",100,100,true]},"post_excerpt_stackable_v2":"<p>Smoky deber\u00eda estar muerta. Tan muerta como su marido y su hija, tan muerta corno el s\u00e1dico que acab\u00f3 con ellos y la dej\u00f3 herida, rota, con el cuerpo y el alma llenos de cicatrices. Pero su maldici\u00f3n es seguir respirando y revivir su pesadilla una y otra <\/p>\n","category_list_v2":"","author_info_v2":{"name":"","url":""},"comments_num_v2":"0 comentarios","_links":{"self":[{"href":"https:\/\/ajupe.com.uy\/web\/wp-json\/wp\/v2\/product\/5426","targetHints":{"allow":["GET"]}}],"collection":[{"href":"https:\/\/ajupe.com.uy\/web\/wp-json\/wp\/v2\/product"}],"about":[{"href":"https:\/\/ajupe.com.uy\/web\/wp-json\/wp\/v2\/types\/product"}],"wp:featuredmedia":[{"embeddable":true,"href":"https:\/\/ajupe.com.uy\/web\/wp-json\/wp\/v2\/media\/5427"}],"wp:attachment":[{"href":"https:\/\/ajupe.com.uy\/web\/wp-json\/wp\/v2\/media?parent=5426"}],"wp:term":[{"taxonomy":"product_brand","embeddable":true,"href":"https:\/\/ajupe.com.uy\/web\/wp-json\/wp\/v2\/product_brand?post=5426"},{"taxonomy":"product_cat","embeddable":true,"href":"https:\/\/ajupe.com.uy\/web\/wp-json\/wp\/v2\/product_cat?post=5426"},{"taxonomy":"product_tag","embeddable":true,"href":"https:\/\/ajupe.com.uy\/web\/wp-json\/wp\/v2\/product_tag?post=5426"}],"curies":[{"name":"wp","href":"https:\/\/api.w.org\/{rel}","templated":true}]}}