{"id":5489,"date":"2011-10-31T19:15:13","date_gmt":"2011-10-31T22:15:13","guid":{"rendered":"http:\/\/ajupe.com.uy\/web\/?post_type=product&#038;p=5489"},"modified":"2011-10-31T19:15:13","modified_gmt":"2011-10-31T22:15:13","slug":"historia-del-rey-transparente","status":"publish","type":"product","link":"https:\/\/ajupe.com.uy\/web\/biblioteca\/historia-del-rey-transparente\/","title":{"rendered":"Historia del Rey Transparente"},"content":{"rendered":"<p>En los siglos XII y XIII Europa vivi\u00f3                            una  serie de sucesos que resultan fundamentales como                             ra\u00edces del futuro Renacimiento: es la \u00e9poca                             de los trovadores y del refinamiento provenzal, de la                             extensi\u00f3n de la ciencia a la burgues\u00eda,                             del nacimiento del individualismo y de la autonom\u00eda                             de las ciudades. Pero tambi\u00e9n es el tiempo de                             grandes convulsiones religiosas: el conflicto de la                             Iglesia cat\u00f3lica con los c\u00e1taros y el                             fervor hacia los Santos Lugares, que dar\u00e1 origen                             a las Cruzadas contra el Islam. En este mundo en  perpetua                            ebullici\u00f3n vive <strong>Leola<\/strong>,  una adolescente                            plebeya que tras tomar una  decisi\u00f3n inaudita                            vivir\u00e1 una existencia  aventurera en la Francia                            de las luchas  feudales.<\/p>\n","protected":false},"excerpt":{"rendered":"<p>En los siglos XII y XIII Europa vivi\u00f3 una serie de sucesos que resultan fundamentales como ra\u00edces del futuro Renacimiento: es la \u00e9poca de los trovadores y del refinamiento provenzal, de la extensi\u00f3n de la ciencia a la burgues\u00eda, del nacimiento del individualismo y de la autonom\u00eda de las ciudades. Pero tambi\u00e9n es el tiempo [&hellip;]<\/p>\n","protected":false},"featured_media":5490,"template":"","meta":[],"product_brand":[70],"product_cat":[42,37,29],"product_tag":[],"class_list":{"0":"post-5489","1":"product","2":"type-product","3":"status-publish","4":"has-post-thumbnail","6":"product_brand-rosa-montero","7":"product_cat-aventura","8":"product_cat-ficcion","9":"product_cat-novela","11":"first","12":"instock","13":"purchasable","14":"product-type-simple"},"featured_image_urls_v2":{"full":["https:\/\/ajupe.com.uy\/web\/wp-content\/uploads\/2016\/04\/p-5489-Historia_del_Rey_4eaef3c180d21.jpg",180,293,false],"thumbnail":["https:\/\/ajupe.com.uy\/web\/wp-content\/uploads\/2016\/04\/p-5489-Historia_del_Rey_4eaef3c180d21.jpg",150,150,true],"medium":["https:\/\/ajupe.com.uy\/web\/wp-content\/uploads\/2016\/04\/p-5489-Historia_del_Rey_4eaef3c180d21.jpg",300,214,true],"medium_large":["https:\/\/ajupe.com.uy\/web\/wp-content\/uploads\/2016\/04\/p-5489-Historia_del_Rey_4eaef3c180d21.jpg",180,293,false],"large":["https:\/\/ajupe.com.uy\/web\/wp-content\/uploads\/2016\/04\/p-5489-Historia_del_Rey_4eaef3c180d21.jpg",180,293,false],"1536x1536":["https:\/\/ajupe.com.uy\/web\/wp-content\/uploads\/2016\/04\/p-5489-Historia_del_Rey_4eaef3c180d21.jpg",180,293,false],"2048x2048":["https:\/\/ajupe.com.uy\/web\/wp-content\/uploads\/2016\/04\/p-5489-Historia_del_Rey_4eaef3c180d21.jpg",180,293,false],"woocommerce_archive_thumbnail":["https:\/\/ajupe.com.uy\/web\/wp-content\/uploads\/2016\/04\/p-5489-Historia_del_Rey_4eaef3c180d21.jpg",180,293,false],"woocommerce_thumbnail":["https:\/\/ajupe.com.uy\/web\/wp-content\/uploads\/2016\/04\/p-5489-Historia_del_Rey_4eaef3c180d21.jpg",180,293,false],"woocommerce_single":["https:\/\/ajupe.com.uy\/web\/wp-content\/uploads\/2016\/04\/p-5489-Historia_del_Rey_4eaef3c180d21.jpg",180,293,false],"woocommerce_gallery_thumbnail":["https:\/\/ajupe.com.uy\/web\/wp-content\/uploads\/2016\/04\/p-5489-Historia_del_Rey_4eaef3c180d21-100x100.jpg",100,100,true]},"post_excerpt_stackable_v2":"<p>En los siglos XII y XIII Europa vivi\u00f3 una serie de sucesos que resultan fundamentales como ra\u00edces del futuro Renacimiento: es la \u00e9poca de los trovadores y del refinamiento provenzal, de la extensi\u00f3n de la ciencia a la burgues\u00eda, del nacimiento del individualismo y de la autonom\u00eda de las ciudades. Pero tambi\u00e9n es el tiempo de grandes convulsiones religiosas: el conflicto de la Iglesia cat\u00f3lica con los c\u00e1taros y el fervor hacia los Santos Lugares, que dar\u00e1 origen a las Cruzadas contra el Islam. En este mundo en perpetua ebullici\u00f3n vive Leola, una adolescente plebeya que tras tomar una decisi\u00f3n&hellip;<\/p>\n","category_list_v2":"","author_info_v2":{"name":"","url":""},"comments_num_v2":"0 comentarios","_links":{"self":[{"href":"https:\/\/ajupe.com.uy\/web\/wp-json\/wp\/v2\/product\/5489","targetHints":{"allow":["GET"]}}],"collection":[{"href":"https:\/\/ajupe.com.uy\/web\/wp-json\/wp\/v2\/product"}],"about":[{"href":"https:\/\/ajupe.com.uy\/web\/wp-json\/wp\/v2\/types\/product"}],"wp:featuredmedia":[{"embeddable":true,"href":"https:\/\/ajupe.com.uy\/web\/wp-json\/wp\/v2\/media\/5490"}],"wp:attachment":[{"href":"https:\/\/ajupe.com.uy\/web\/wp-json\/wp\/v2\/media?parent=5489"}],"wp:term":[{"taxonomy":"product_brand","embeddable":true,"href":"https:\/\/ajupe.com.uy\/web\/wp-json\/wp\/v2\/product_brand?post=5489"},{"taxonomy":"product_cat","embeddable":true,"href":"https:\/\/ajupe.com.uy\/web\/wp-json\/wp\/v2\/product_cat?post=5489"},{"taxonomy":"product_tag","embeddable":true,"href":"https:\/\/ajupe.com.uy\/web\/wp-json\/wp\/v2\/product_tag?post=5489"}],"curies":[{"name":"wp","href":"https:\/\/api.w.org\/{rel}","templated":true}]}}

<p>En los siglos XII y XIII Europa vivió                            una  serie de sucesos que resultan fundamentales como                             raíces del futuro Renacimiento: es la época                             de los trovadores y del refinamiento provenzal, de la                             extensión de la ciencia a la burguesía,                             del nacimiento del individualismo y de la autonomía                             de las ciudades. Pero también es el tiempo de                             grandes convulsiones religiosas: el conflicto de la                             Iglesia católica con los cátaros y el                             fervor hacia los Santos Lugares, que dará origen                             a las Cruzadas contra el Islam. En este mundo en  perpetua                            ebullición vive <strong>Leola</strong>,  una adolescente                            plebeya que tras tomar una  decisión inaudita                            vivirá una existencia  aventurera en la Francia                            de las luchas  feudales.</p>

<p>En los siglos XII y XIII Europa vivió una serie de sucesos que resultan fundamentales como raíces del futuro Renacimiento: es la época de los trovadores y del refinamiento provenzal, de la extensión de la ciencia a la burguesía, del nacimiento del individualismo y de la autonomía de las ciudades. Pero también es el tiempo [&hellip;]</p>

<p>En los siglos XII y XIII Europa vivió una serie de sucesos que resultan fundamentales como raíces del futuro Renacimiento: es la época de los trovadores y del refinamiento provenzal, de la extensión de la ciencia a la burguesía, del nacimiento del individualismo y de la autonomía de las ciudades. Pero también es el tiempo de grandes convulsiones religiosas: el conflicto de la Iglesia católica con los cátaros y el fervor hacia los Santos Lugares, que dará origen a las Cruzadas contra el Islam. En este mundo en perpetua ebullición vive Leola, una adolescente plebeya que tras tomar una decisión&hellip;</p>
