{"id":5501,"date":"2011-10-31T20:17:03","date_gmt":"2011-10-31T23:17:03","guid":{"rendered":"http:\/\/ajupe.com.uy\/web\/?post_type=product&#038;p=5501"},"modified":"2011-10-31T20:17:03","modified_gmt":"2011-10-31T23:17:03","slug":"el-asesino-accidental","status":"publish","type":"product","link":"https:\/\/ajupe.com.uy\/web\/biblioteca\/el-asesino-accidental\/","title":{"rendered":"El Asesino Accidental"},"content":{"rendered":"<div>\n<ul>\n<\/ul>\n<\/div>\n<div id=\"tabt_1\" style=\"display: block;\">\n<p>Samuel Carver es un experto provocando accidentes mortales. Sus  v\u00edctimas, traficantes de esclavos, capos mafiosos y terroristas, merecen  la muerte. Pero las personas que mueren en el t\u00fanel de Alma, en Par\u00eds,  no son delincuentes. \u00bfQui\u00e9n le tendi\u00f3 una trampa? \u00bfQui\u00e9n quer\u00eda la  muerte de Lady D? \u00bfPuede Sam Carver fiarse de la bella ex prostituta  rusa que se al\u00eda con \u00e9l?<\/p>\n<\/div>\n","protected":false},"excerpt":{"rendered":"<p>Samuel Carver es un experto provocando accidentes mortales. Sus v\u00edctimas, traficantes de esclavos, capos mafiosos y terroristas, merecen la muerte. Pero las personas que mueren en el t\u00fanel de Alma, en Par\u00eds, no son delincuentes. \u00bfQui\u00e9n le tendi\u00f3 una trampa? \u00bfQui\u00e9n quer\u00eda la muerte de Lady D? \u00bfPuede Sam Carver fiarse de la bella ex [&hellip;]<\/p>\n","protected":false},"featured_media":5502,"template":"","meta":[],"product_brand":[922],"product_cat":[29],"product_tag":[],"class_list":{"0":"post-5501","1":"product","2":"type-product","3":"status-publish","4":"has-post-thumbnail","6":"product_brand-tom-cain","7":"product_cat-novela","9":"first","10":"instock","11":"purchasable","12":"product-type-simple"},"featured_image_urls_v2":{"full":["https:\/\/ajupe.com.uy\/web\/wp-content\/uploads\/2016\/04\/p-5501-El_Asesino_Accid_4eaf023fc4165.jpg",93,145,false],"thumbnail":["https:\/\/ajupe.com.uy\/web\/wp-content\/uploads\/2016\/04\/p-5501-El_Asesino_Accid_4eaf023fc4165.jpg",150,150,true],"medium":["https:\/\/ajupe.com.uy\/web\/wp-content\/uploads\/2016\/04\/p-5501-El_Asesino_Accid_4eaf023fc4165.jpg",300,214,true],"medium_large":["https:\/\/ajupe.com.uy\/web\/wp-content\/uploads\/2016\/04\/p-5501-El_Asesino_Accid_4eaf023fc4165.jpg",93,145,false],"large":["https:\/\/ajupe.com.uy\/web\/wp-content\/uploads\/2016\/04\/p-5501-El_Asesino_Accid_4eaf023fc4165.jpg",93,145,false],"1536x1536":["https:\/\/ajupe.com.uy\/web\/wp-content\/uploads\/2016\/04\/p-5501-El_Asesino_Accid_4eaf023fc4165.jpg",93,145,false],"2048x2048":["https:\/\/ajupe.com.uy\/web\/wp-content\/uploads\/2016\/04\/p-5501-El_Asesino_Accid_4eaf023fc4165.jpg",93,145,false],"woocommerce_archive_thumbnail":["https:\/\/ajupe.com.uy\/web\/wp-content\/uploads\/2016\/04\/p-5501-El_Asesino_Accid_4eaf023fc4165.jpg",93,145,false],"woocommerce_thumbnail":["https:\/\/ajupe.com.uy\/web\/wp-content\/uploads\/2016\/04\/p-5501-El_Asesino_Accid_4eaf023fc4165.jpg",93,145,false],"woocommerce_single":["https:\/\/ajupe.com.uy\/web\/wp-content\/uploads\/2016\/04\/p-5501-El_Asesino_Accid_4eaf023fc4165.jpg",93,145,false],"woocommerce_gallery_thumbnail":["https:\/\/ajupe.com.uy\/web\/wp-content\/uploads\/2016\/04\/p-5501-El_Asesino_Accid_4eaf023fc4165-93x100.jpg",93,100,true]},"post_excerpt_stackable_v2":"<p>Samuel Carver es un experto provocando accidentes mortales. Sus v\u00edctimas, traficantes de esclavos, capos mafiosos y terroristas, merecen la muerte. Pero las personas que mueren en el t\u00fanel de Alma, en Par\u00eds, no son delincuentes. \u00bfQui\u00e9n le tendi\u00f3 una trampa? \u00bfQui\u00e9n quer\u00eda la muerte de Lady D? \u00bfPuede Sam Carver fiarse de la bella ex prostituta rusa que se al\u00eda con \u00e9l?<\/p>\n","category_list_v2":"","author_info_v2":{"name":"","url":""},"comments_num_v2":"0 comentarios","_links":{"self":[{"href":"https:\/\/ajupe.com.uy\/web\/wp-json\/wp\/v2\/product\/5501","targetHints":{"allow":["GET"]}}],"collection":[{"href":"https:\/\/ajupe.com.uy\/web\/wp-json\/wp\/v2\/product"}],"about":[{"href":"https:\/\/ajupe.com.uy\/web\/wp-json\/wp\/v2\/types\/product"}],"wp:featuredmedia":[{"embeddable":true,"href":"https:\/\/ajupe.com.uy\/web\/wp-json\/wp\/v2\/media\/5502"}],"wp:attachment":[{"href":"https:\/\/ajupe.com.uy\/web\/wp-json\/wp\/v2\/media?parent=5501"}],"wp:term":[{"taxonomy":"product_brand","embeddable":true,"href":"https:\/\/ajupe.com.uy\/web\/wp-json\/wp\/v2\/product_brand?post=5501"},{"taxonomy":"product_cat","embeddable":true,"href":"https:\/\/ajupe.com.uy\/web\/wp-json\/wp\/v2\/product_cat?post=5501"},{"taxonomy":"product_tag","embeddable":true,"href":"https:\/\/ajupe.com.uy\/web\/wp-json\/wp\/v2\/product_tag?post=5501"}],"curies":[{"name":"wp","href":"https:\/\/api.w.org\/{rel}","templated":true}]}}