{"id":5519,"date":"2011-11-01T19:26:42","date_gmt":"2011-11-01T22:26:42","guid":{"rendered":"http:\/\/ajupe.com.uy\/web\/?post_type=product&#038;p=5519"},"modified":"2012-02-07T20:26:23","modified_gmt":"2012-02-07T23:26:23","slug":"la-diosa-ciega","status":"publish","type":"product","link":"https:\/\/ajupe.com.uy\/web\/biblioteca\/la-diosa-ciega\/","title":{"rendered":"La diosa ciega"},"content":{"rendered":"<p>La subinspectora Hanne Wilhelmsen, miembro de la jefatura de Polic\u00eda de  Oslo, se vuelca a diario en su lucha por destapar los ojos de esa diosa  ciega que es la justicia. Wilhelmsen es una mujer moderna, competente y  aguda, cuya aparente seguridad y distancia en el trato esconden una  personalidad tan contradictoria como interesante. Junto a sus  compa\u00f1eros, H\u00e5kon Sand, Billy T. y Karen Borg, Wilhelmsen investiga una  serie de cr\u00edmenes en la capital noruega, a la vez lidia con los vaivenes  de su vida personal. Y es que en su entorno, no s\u00f3lo los criminales  tienen algo que ocultar.<br \/><strong><em>La diosa ciega<\/em><\/strong> pertenece a una serie de <strong>Anne Holt<\/strong> in\u00e9dita en Espa\u00f1a que se caracteriza por su minuciosa descripci\u00f3n de  los entresijos de la justicia criminal, as\u00ed como por abordar los  pormenores del trabajo cotidiano de una jefatura de Polic\u00eda. <strong>Anne Holt<\/strong> debe su dominio en este \u00e1mbito a sus a\u00f1os como asesora legal del cuerpo de Polic\u00eda noruego.<\/p>\n","protected":false},"excerpt":{"rendered":"<p>La subinspectora Hanne Wilhelmsen, miembro de la jefatura de Polic\u00eda de Oslo, se vuelca a diario en su lucha por destapar los ojos de esa diosa ciega que es la justicia.<\/p>\n","protected":false},"featured_media":5520,"template":"","meta":[],"product_brand":[499],"product_cat":[30],"product_tag":[],"class_list":{"0":"post-5519","1":"product","2":"type-product","3":"status-publish","4":"has-post-thumbnail","6":"product_brand-anne-holt","7":"product_cat-suspenso","9":"first","10":"instock","11":"purchasable","12":"product-type-simple"},"featured_image_urls_v2":{"full":["https:\/\/ajupe.com.uy\/web\/wp-content\/uploads\/2016\/04\/p-5519-La_diosa_ciega_4f3188ef9146c.jpg",229,334,false],"thumbnail":["https:\/\/ajupe.com.uy\/web\/wp-content\/uploads\/2016\/04\/p-5519-La_diosa_ciega_4f3188ef9146c.jpg",150,150,true],"medium":["https:\/\/ajupe.com.uy\/web\/wp-content\/uploads\/2016\/04\/p-5519-La_diosa_ciega_4f3188ef9146c.jpg",300,214,true],"medium_large":["https:\/\/ajupe.com.uy\/web\/wp-content\/uploads\/2016\/04\/p-5519-La_diosa_ciega_4f3188ef9146c.jpg",229,334,false],"large":["https:\/\/ajupe.com.uy\/web\/wp-content\/uploads\/2016\/04\/p-5519-La_diosa_ciega_4f3188ef9146c.jpg",229,334,false],"1536x1536":["https:\/\/ajupe.com.uy\/web\/wp-content\/uploads\/2016\/04\/p-5519-La_diosa_ciega_4f3188ef9146c.jpg",229,334,false],"2048x2048":["https:\/\/ajupe.com.uy\/web\/wp-content\/uploads\/2016\/04\/p-5519-La_diosa_ciega_4f3188ef9146c.jpg",229,334,false],"woocommerce_archive_thumbnail":["https:\/\/ajupe.com.uy\/web\/wp-content\/uploads\/2016\/04\/p-5519-La_diosa_ciega_4f3188ef9146c-229x300.jpg",229,300,true],"woocommerce_thumbnail":["https:\/\/ajupe.com.uy\/web\/wp-content\/uploads\/2016\/04\/p-5519-La_diosa_ciega_4f3188ef9146c-229x300.jpg",229,300,true],"woocommerce_single":["https:\/\/ajupe.com.uy\/web\/wp-content\/uploads\/2016\/04\/p-5519-La_diosa_ciega_4f3188ef9146c.jpg",229,334,false],"woocommerce_gallery_thumbnail":["https:\/\/ajupe.com.uy\/web\/wp-content\/uploads\/2016\/04\/p-5519-La_diosa_ciega_4f3188ef9146c-100x100.jpg",100,100,true]},"post_excerpt_stackable_v2":"<p>La subinspectora Hanne Wilhelmsen, miembro de la jefatura de Polic\u00eda de Oslo, se vuelca a diario en su lucha por destapar los ojos de esa diosa ciega que es la justicia.<\/p>\n","category_list_v2":"","author_info_v2":{"name":"","url":""},"comments_num_v2":"0 comentarios","_links":{"self":[{"href":"https:\/\/ajupe.com.uy\/web\/wp-json\/wp\/v2\/product\/5519","targetHints":{"allow":["GET"]}}],"collection":[{"href":"https:\/\/ajupe.com.uy\/web\/wp-json\/wp\/v2\/product"}],"about":[{"href":"https:\/\/ajupe.com.uy\/web\/wp-json\/wp\/v2\/types\/product"}],"wp:featuredmedia":[{"embeddable":true,"href":"https:\/\/ajupe.com.uy\/web\/wp-json\/wp\/v2\/media\/5520"}],"wp:attachment":[{"href":"https:\/\/ajupe.com.uy\/web\/wp-json\/wp\/v2\/media?parent=5519"}],"wp:term":[{"taxonomy":"product_brand","embeddable":true,"href":"https:\/\/ajupe.com.uy\/web\/wp-json\/wp\/v2\/product_brand?post=5519"},{"taxonomy":"product_cat","embeddable":true,"href":"https:\/\/ajupe.com.uy\/web\/wp-json\/wp\/v2\/product_cat?post=5519"},{"taxonomy":"product_tag","embeddable":true,"href":"https:\/\/ajupe.com.uy\/web\/wp-json\/wp\/v2\/product_tag?post=5519"}],"curies":[{"name":"wp","href":"https:\/\/api.w.org\/{rel}","templated":true}]}}