{"id":5600,"date":"2011-12-28T17:19:12","date_gmt":"2011-12-28T20:19:12","guid":{"rendered":"http:\/\/ajupe.com.uy\/web\/?post_type=product&#038;p=5600"},"modified":"2012-02-22T19:26:23","modified_gmt":"2012-02-22T22:26:23","slug":"vivir-con-l","status":"publish","type":"product","link":"https:\/\/ajupe.com.uy\/web\/biblioteca\/vivir-con-l\/","title":{"rendered":"Vivir con \u00c9l"},"content":{"rendered":"<p>La comunicadora, actriz y ahora escritora Clara Berenbau present\u00f3 el  libro \u00abVivir con \u00e9l. De c\u00f3mo el c\u00e1ncer me ense\u00f1\u00f3 a ser mejor\u00bb en el  Museo Zorrilla. En \u00e9l, cuenta su historia con la enfermedad, y a trav\u00e9s  de las vivencias relatadas en otros cuatro testimonios, nos da una  perspectiva m\u00e1s inspiradora y real del tab\u00fa que encierra al c\u00e1ncer. La  autora habla de las cosas por su nombre, de su b\u00fasqueda por encontrar  respuestas y de los giros que tom\u00f3 su vida desde ese entonces.<\/p>\n","protected":false},"excerpt":{"rendered":"<p>La comunicadora, actriz y ahora escritora Clara Berenbau present\u00f3 el libro \u00abVivir con \u00e9l. De c\u00f3mo el c\u00e1ncer me ense\u00f1\u00f3 a ser mejor\u00bb en el Museo Zorrilla.<\/p>\n","protected":false},"featured_media":5601,"template":"","meta":[],"product_brand":[1124],"product_cat":[32],"product_tag":[],"class_list":["post-5600","product","type-product","status-publish","has-post-thumbnail","product_brand-clara-berenbau","product_cat-autoayuda","first","instock","purchasable","product-type-simple"],"featured_image_urls_v2":{"full":["https:\/\/ajupe.com.uy\/web\/wp-content\/uploads\/2016\/04\/p-5600-Vivir_con___l_4f45415fb5ffc.jpg",220,337,false],"thumbnail":["https:\/\/ajupe.com.uy\/web\/wp-content\/uploads\/2016\/04\/p-5600-Vivir_con___l_4f45415fb5ffc.jpg",150,150,true],"medium":["https:\/\/ajupe.com.uy\/web\/wp-content\/uploads\/2016\/04\/p-5600-Vivir_con___l_4f45415fb5ffc.jpg",300,214,true],"medium_large":["https:\/\/ajupe.com.uy\/web\/wp-content\/uploads\/2016\/04\/p-5600-Vivir_con___l_4f45415fb5ffc.jpg",220,337,false],"large":["https:\/\/ajupe.com.uy\/web\/wp-content\/uploads\/2016\/04\/p-5600-Vivir_con___l_4f45415fb5ffc.jpg",220,337,false],"1536x1536":["https:\/\/ajupe.com.uy\/web\/wp-content\/uploads\/2016\/04\/p-5600-Vivir_con___l_4f45415fb5ffc.jpg",220,337,false],"2048x2048":["https:\/\/ajupe.com.uy\/web\/wp-content\/uploads\/2016\/04\/p-5600-Vivir_con___l_4f45415fb5ffc.jpg",220,337,false],"woocommerce_archive_thumbnail":["https:\/\/ajupe.com.uy\/web\/wp-content\/uploads\/2016\/04\/p-5600-Vivir_con___l_4f45415fb5ffc-220x300.jpg",220,300,true],"woocommerce_thumbnail":["https:\/\/ajupe.com.uy\/web\/wp-content\/uploads\/2016\/04\/p-5600-Vivir_con___l_4f45415fb5ffc-220x300.jpg",220,300,true],"woocommerce_single":["https:\/\/ajupe.com.uy\/web\/wp-content\/uploads\/2016\/04\/p-5600-Vivir_con___l_4f45415fb5ffc.jpg",220,337,false],"woocommerce_gallery_thumbnail":["https:\/\/ajupe.com.uy\/web\/wp-content\/uploads\/2016\/04\/p-5600-Vivir_con___l_4f45415fb5ffc-100x100.jpg",100,100,true]},"post_excerpt_stackable_v2":"<p>La comunicadora, actriz y ahora escritora Clara Berenbau present\u00f3 el libro \u00abVivir con \u00e9l. De c\u00f3mo el c\u00e1ncer me ense\u00f1\u00f3 a ser mejor\u00bb en el Museo Zorrilla.<\/p>\n","category_list_v2":"","author_info_v2":{"name":"","url":""},"comments_num_v2":"0 comentarios","_links":{"self":[{"href":"https:\/\/ajupe.com.uy\/web\/wp-json\/wp\/v2\/product\/5600","targetHints":{"allow":["GET"]}}],"collection":[{"href":"https:\/\/ajupe.com.uy\/web\/wp-json\/wp\/v2\/product"}],"about":[{"href":"https:\/\/ajupe.com.uy\/web\/wp-json\/wp\/v2\/types\/product"}],"wp:featuredmedia":[{"embeddable":true,"href":"https:\/\/ajupe.com.uy\/web\/wp-json\/wp\/v2\/media\/5601"}],"wp:attachment":[{"href":"https:\/\/ajupe.com.uy\/web\/wp-json\/wp\/v2\/media?parent=5600"}],"wp:term":[{"taxonomy":"product_brand","embeddable":true,"href":"https:\/\/ajupe.com.uy\/web\/wp-json\/wp\/v2\/product_brand?post=5600"},{"taxonomy":"product_cat","embeddable":true,"href":"https:\/\/ajupe.com.uy\/web\/wp-json\/wp\/v2\/product_cat?post=5600"},{"taxonomy":"product_tag","embeddable":true,"href":"https:\/\/ajupe.com.uy\/web\/wp-json\/wp\/v2\/product_tag?post=5600"}],"curies":[{"name":"wp","href":"https:\/\/api.w.org\/{rel}","templated":true}]}}

Vivir con Él

<p>La comunicadora, actriz y ahora escritora Clara Berenbau presentó el  libro «Vivir con él. De cómo el cáncer me enseñó a ser mejor» en el  Museo Zorrilla. En él, cuenta su historia con la enfermedad, y a través  de las vivencias relatadas en otros cuatro testimonios, nos da una  perspectiva más inspiradora y real del tabú que encierra al cáncer. La  autora habla de las cosas por su nombre, de su búsqueda por encontrar  respuestas y de los giros que tomó su vida desde ese entonces.</p>

<p>La comunicadora, actriz y ahora escritora Clara Berenbau presentó el libro «Vivir con él. De cómo el cáncer me enseñó a ser mejor» en el Museo Zorrilla.</p>
