{"id":5630,"date":"2012-03-01T20:03:57","date_gmt":"2012-03-01T23:03:57","guid":{"rendered":"http:\/\/ajupe.com.uy\/web\/?post_type=product&#038;p=5630"},"modified":"2012-03-01T20:03:57","modified_gmt":"2012-03-01T23:03:57","slug":"steve-jobs","status":"publish","type":"product","link":"https:\/\/ajupe.com.uy\/web\/biblioteca\/steve-jobs\/","title":{"rendered":"Steve Jobs"},"content":{"rendered":"<p>Tras m\u00e1s de cuarenta entrevistas con Steve Jobs y con un centenar de  personas de su entorno, familiares, amigos, adversarios y colegas, esta  es la biograf\u00eda definitiva de uno de los iconos indiscutibles de nuestro  tiempo, la cr\u00f3nica de la agitada vida y abrasiva personalidad del genio  cuya creatividad, energ\u00eda y perfeccionismo ha revolucionado seis  industrias: inform\u00e1tica, pel\u00edculas de animaci\u00f3n, m\u00fasica, tel\u00e9fonos,  tabletas y edici\u00f3n digital. Cuando el mundo busca c\u00f3mo construir las  bases de una econom\u00eda digital, Jobs es un s\u00edmbolo de la inventiva y de  la imaginaci\u00f3n pr\u00e1ctica. Consciente de que la mejor manera de crear  valor en el siglo XXI era conectar la creatividad con la tecnolog\u00eda,  fund\u00f3 una empresa en la que impresionantes saltos de la imaginaci\u00f3n iban  de la mano con asombrosos logros tecnol\u00f3gicos. Aunque Jobs colabor\u00f3 con  el libro, no pidi\u00f3 ning\u00fan control sobre el contenido, ni siquiera el  derecho a leerlo antes de la publicaci\u00f3n. No rehuy\u00f3 ning\u00fan tema y anim\u00f3 a  la gente que conoc\u00eda a hablar con franqueza. He hecho muchas cosas de  las que no me siento orgulloso, como dejar a mi novia embarazada a los  23 a\u00f1os y c\u00f3mo me comport\u00e9 entonces, pero no hay ning\u00fan cad\u00e1ver en mi  armario que no pueda salir a la luz. Jobs habla con sinceridad, a veces  brutal, sobre la gente con la que ha trabajado y contra la que ha  competido. De igual modo, sus amigos, rivales y colegas ofrecen una  vision sin edulcorar de las pasiones, los demonios, el perfeccionismo,  los deseos, el talento, los trucos y la obsesi\u00f3n por controlarlo todo  que modelan su visi\u00f3n empresarial y los innovadores productos que logr\u00f3  crear. Jobs podia desesperar a quienes le rodeaban. Pero su personalidad  y sus productos han estado siempre interrelacionados, igual que el  hardware y el software de Apple forman un potente sistema integrado. Su  historia, por tanto, est\u00e1 llena de lecciones sobre innovaci\u00f3n, car\u00e1cter,  liderazgo y valores. La historia de un genio capaz de enfurecer y  seducir a partes iguales.<\/p>\n","protected":false},"excerpt":{"rendered":"<p>La biograf\u00eda exclusiva de Steve Jobs, el fundador de Apple, escrita con su colaboraci\u00f3n.<\/p>\n","protected":false},"featured_media":5631,"template":"","meta":[],"product_brand":[1127],"product_cat":[44],"product_tag":[],"class_list":{"0":"post-5630","1":"product","2":"type-product","3":"status-publish","4":"has-post-thumbnail","6":"product_brand-walter-isaacson","7":"product_cat-biografico","9":"first","10":"instock","11":"purchasable","12":"product-type-simple"},"featured_image_urls_v2":{"full":["https:\/\/ajupe.com.uy\/web\/wp-content\/uploads\/2016\/04\/p-5630-Steve_Jobs_4f4fd62d8ab0e.jpg",221,338,false],"thumbnail":["https:\/\/ajupe.com.uy\/web\/wp-content\/uploads\/2016\/04\/p-5630-Steve_Jobs_4f4fd62d8ab0e.jpg",150,150,true],"medium":["https:\/\/ajupe.com.uy\/web\/wp-content\/uploads\/2016\/04\/p-5630-Steve_Jobs_4f4fd62d8ab0e.jpg",300,214,true],"medium_large":["https:\/\/ajupe.com.uy\/web\/wp-content\/uploads\/2016\/04\/p-5630-Steve_Jobs_4f4fd62d8ab0e.jpg",221,338,false],"large":["https:\/\/ajupe.com.uy\/web\/wp-content\/uploads\/2016\/04\/p-5630-Steve_Jobs_4f4fd62d8ab0e.jpg",221,338,false],"1536x1536":["https:\/\/ajupe.com.uy\/web\/wp-content\/uploads\/2016\/04\/p-5630-Steve_Jobs_4f4fd62d8ab0e.jpg",221,338,false],"2048x2048":["https:\/\/ajupe.com.uy\/web\/wp-content\/uploads\/2016\/04\/p-5630-Steve_Jobs_4f4fd62d8ab0e.jpg",221,338,false],"woocommerce_archive_thumbnail":["https:\/\/ajupe.com.uy\/web\/wp-content\/uploads\/2016\/04\/p-5630-Steve_Jobs_4f4fd62d8ab0e-221x300.jpg",221,300,true],"woocommerce_thumbnail":["https:\/\/ajupe.com.uy\/web\/wp-content\/uploads\/2016\/04\/p-5630-Steve_Jobs_4f4fd62d8ab0e-221x300.jpg",221,300,true],"woocommerce_single":["https:\/\/ajupe.com.uy\/web\/wp-content\/uploads\/2016\/04\/p-5630-Steve_Jobs_4f4fd62d8ab0e.jpg",221,338,false],"woocommerce_gallery_thumbnail":["https:\/\/ajupe.com.uy\/web\/wp-content\/uploads\/2016\/04\/p-5630-Steve_Jobs_4f4fd62d8ab0e-100x100.jpg",100,100,true]},"post_excerpt_stackable_v2":"<p>La biograf\u00eda exclusiva de Steve Jobs, el fundador de Apple, escrita con su colaboraci\u00f3n.<\/p>\n","category_list_v2":"","author_info_v2":{"name":"","url":""},"comments_num_v2":"0 comentarios","_links":{"self":[{"href":"https:\/\/ajupe.com.uy\/web\/wp-json\/wp\/v2\/product\/5630","targetHints":{"allow":["GET"]}}],"collection":[{"href":"https:\/\/ajupe.com.uy\/web\/wp-json\/wp\/v2\/product"}],"about":[{"href":"https:\/\/ajupe.com.uy\/web\/wp-json\/wp\/v2\/types\/product"}],"wp:featuredmedia":[{"embeddable":true,"href":"https:\/\/ajupe.com.uy\/web\/wp-json\/wp\/v2\/media\/5631"}],"wp:attachment":[{"href":"https:\/\/ajupe.com.uy\/web\/wp-json\/wp\/v2\/media?parent=5630"}],"wp:term":[{"taxonomy":"product_brand","embeddable":true,"href":"https:\/\/ajupe.com.uy\/web\/wp-json\/wp\/v2\/product_brand?post=5630"},{"taxonomy":"product_cat","embeddable":true,"href":"https:\/\/ajupe.com.uy\/web\/wp-json\/wp\/v2\/product_cat?post=5630"},{"taxonomy":"product_tag","embeddable":true,"href":"https:\/\/ajupe.com.uy\/web\/wp-json\/wp\/v2\/product_tag?post=5630"}],"curies":[{"name":"wp","href":"https:\/\/api.w.org\/{rel}","templated":true}]}}