{"id":5642,"date":"2012-03-12T18:51:27","date_gmt":"2012-03-12T21:51:27","guid":{"rendered":"http:\/\/ajupe.com.uy\/web\/?post_type=product&#038;p=5642"},"modified":"2012-03-12T18:51:27","modified_gmt":"2012-03-12T21:51:27","slug":"el-peso-del-cielo","status":"publish","type":"product","link":"https:\/\/ajupe.com.uy\/web\/biblioteca\/el-peso-del-cielo\/","title":{"rendered":"El peso del cielo"},"content":{"rendered":"<p>Abril, 1915. La Primera Guerra Mundial sigue su implacable  marcha.  Entre las tropas brit\u00e1nicas enviadas al frente, se hallan los hermanos  Reavley. Joseph, el mayor de los tres, ejerce de capell\u00e1n en las  trincheras, mientras que Judith es conductora y traductora del general  que est\u00e1 al mando del ej\u00e9rcito brit\u00e1nico. Matthew tambi\u00e9n participa en  los acontecimientos hist\u00f3ricos desde su puesto en los servicios de  inteligencia en Londres. Tanto Joseph como \u00e9l siguen investigando la  extra\u00f1a muerte de sus padres, hecho que asocian  con un posible complot a  nivel internacional.<\/p>\n","protected":false},"excerpt":{"rendered":"<p>Abril, 1915. La Primera Guerra Mundial sigue su implacable marcha. Entre las tropas brit\u00e1nicas enviadas al frente, se hallan los hermanos Reavley. Joseph, el mayor de los tres, ejerce de capell\u00e1n en las trincheras, mientras que Judith es conductora y traductora del general que est\u00e1 al mando del ej\u00e9rcito brit\u00e1nico. Matthew tambi\u00e9n participa en los [&hellip;]<\/p>\n","protected":false},"featured_media":5643,"template":"","meta":[],"product_brand":[313],"product_cat":[30],"product_tag":[],"class_list":{"0":"post-5642","1":"product","2":"type-product","3":"status-publish","4":"has-post-thumbnail","6":"product_brand-anne-perry","7":"product_cat-suspenso","9":"first","10":"instock","11":"purchasable","12":"product-type-simple"},"featured_image_urls_v2":{"full":["https:\/\/ajupe.com.uy\/web\/wp-content\/uploads\/2016\/04\/p-5642-El_peso_del_ciel_4f5e45af2a2ee.jpg",182,277,false],"thumbnail":["https:\/\/ajupe.com.uy\/web\/wp-content\/uploads\/2016\/04\/p-5642-El_peso_del_ciel_4f5e45af2a2ee.jpg",150,150,true],"medium":["https:\/\/ajupe.com.uy\/web\/wp-content\/uploads\/2016\/04\/p-5642-El_peso_del_ciel_4f5e45af2a2ee.jpg",300,214,true],"medium_large":["https:\/\/ajupe.com.uy\/web\/wp-content\/uploads\/2016\/04\/p-5642-El_peso_del_ciel_4f5e45af2a2ee.jpg",182,277,false],"large":["https:\/\/ajupe.com.uy\/web\/wp-content\/uploads\/2016\/04\/p-5642-El_peso_del_ciel_4f5e45af2a2ee.jpg",182,277,false],"1536x1536":["https:\/\/ajupe.com.uy\/web\/wp-content\/uploads\/2016\/04\/p-5642-El_peso_del_ciel_4f5e45af2a2ee.jpg",182,277,false],"2048x2048":["https:\/\/ajupe.com.uy\/web\/wp-content\/uploads\/2016\/04\/p-5642-El_peso_del_ciel_4f5e45af2a2ee.jpg",182,277,false],"woocommerce_archive_thumbnail":["https:\/\/ajupe.com.uy\/web\/wp-content\/uploads\/2016\/04\/p-5642-El_peso_del_ciel_4f5e45af2a2ee.jpg",182,277,false],"woocommerce_thumbnail":["https:\/\/ajupe.com.uy\/web\/wp-content\/uploads\/2016\/04\/p-5642-El_peso_del_ciel_4f5e45af2a2ee.jpg",182,277,false],"woocommerce_single":["https:\/\/ajupe.com.uy\/web\/wp-content\/uploads\/2016\/04\/p-5642-El_peso_del_ciel_4f5e45af2a2ee.jpg",182,277,false],"woocommerce_gallery_thumbnail":["https:\/\/ajupe.com.uy\/web\/wp-content\/uploads\/2016\/04\/p-5642-El_peso_del_ciel_4f5e45af2a2ee-100x100.jpg",100,100,true]},"post_excerpt_stackable_v2":"<p>Abril, 1915. La Primera Guerra Mundial sigue su implacable marcha. Entre las tropas brit\u00e1nicas enviadas al frente, se hallan los hermanos Reavley. Joseph, el mayor de los tres, ejerce de capell\u00e1n en las trincheras, mientras que Judith es conductora y traductora del general que est\u00e1 al mando del ej\u00e9rcito brit\u00e1nico. Matthew tambi\u00e9n participa en los acontecimientos hist\u00f3ricos desde su puesto en los servicios de inteligencia en Londres. Tanto Joseph como \u00e9l siguen investigando la extra\u00f1a muerte de sus padres, hecho que asocian con un posible complot a nivel internacional.<\/p>\n","category_list_v2":"","author_info_v2":{"name":"","url":""},"comments_num_v2":"0 comentarios","_links":{"self":[{"href":"https:\/\/ajupe.com.uy\/web\/wp-json\/wp\/v2\/product\/5642","targetHints":{"allow":["GET"]}}],"collection":[{"href":"https:\/\/ajupe.com.uy\/web\/wp-json\/wp\/v2\/product"}],"about":[{"href":"https:\/\/ajupe.com.uy\/web\/wp-json\/wp\/v2\/types\/product"}],"wp:featuredmedia":[{"embeddable":true,"href":"https:\/\/ajupe.com.uy\/web\/wp-json\/wp\/v2\/media\/5643"}],"wp:attachment":[{"href":"https:\/\/ajupe.com.uy\/web\/wp-json\/wp\/v2\/media?parent=5642"}],"wp:term":[{"taxonomy":"product_brand","embeddable":true,"href":"https:\/\/ajupe.com.uy\/web\/wp-json\/wp\/v2\/product_brand?post=5642"},{"taxonomy":"product_cat","embeddable":true,"href":"https:\/\/ajupe.com.uy\/web\/wp-json\/wp\/v2\/product_cat?post=5642"},{"taxonomy":"product_tag","embeddable":true,"href":"https:\/\/ajupe.com.uy\/web\/wp-json\/wp\/v2\/product_tag?post=5642"}],"curies":[{"name":"wp","href":"https:\/\/api.w.org\/{rel}","templated":true}]}}