{"id":5663,"date":"2012-04-19T21:33:24","date_gmt":"2012-04-20T00:33:24","guid":{"rendered":"http:\/\/ajupe.com.uy\/web\/?post_type=product&#038;p=5663"},"modified":"2012-04-19T21:33:24","modified_gmt":"2012-04-20T00:33:24","slug":"la-cena","status":"publish","type":"product","link":"https:\/\/ajupe.com.uy\/web\/biblioteca\/la-cena\/","title":{"rendered":"La cena"},"content":{"rendered":"<p>\u00bfHasta d\u00f3nde es capaz de llegar un padre para encubrir a un hijo que  comete un delito injustificable? \u00bfDebe prevalecer el instinto de  protecci\u00f3n paterna, o la lealtad a unas normas sociales que garantizan  la coherencia y la fortaleza del grupo? Estas y otras preguntas de igual  calibre surgen como dardos durante la lectura de <em>La cena<\/em>, una  novela \u00e1cida y provocadora que apunta sin miramientos a toda una clase  social acomodada de los Pa\u00edses Bajos y, por extensi\u00f3n, de toda Europa,  instalada en una inercia de autosatisfacci\u00f3n y complacencia, e  indiferente hacia el devenir de la generaci\u00f3n que ha de sucederla.<\/p>\n<p> Dos parejas se han citado a cenar en un moderno y exclusivo  restaurante de \u00c1msterdam. Mientras saborean el aperitivo y charlan con  aparente despreocupaci\u00f3n sobre la \u00faltima pel\u00edcula de moda y sus planes  para las vacaciones, son conscientes de que, tarde o temprano, deber\u00e1n  abordar el incierto y acuciante asunto que los ha llevado a reunirse: el  futuro de Michel y Rick, sus hijos de quince a\u00f1os, que seg\u00fan algunos  indicios podr\u00edan estar envueltos en un caso de violencia grave. As\u00ed  pues, tras los postres, cuando la cena llegue a sus \u00faltimos compases, la  tensi\u00f3n entre los comensales habr\u00e1 alcanzado su punto culminante y la  cadena de secretos y revelaciones confluir\u00e1n en un final dram\u00e1tico en el  que nadie podr\u00e1 esgrimir su inocencia.<\/p>\n","protected":false},"excerpt":{"rendered":"<p>\u00bfHasta d\u00f3nde es capaz de llegar un padre para encubrir a un hijo que comete un delito injustificable? \u00bfDebe prevalecer el instinto de protecci\u00f3n paterna, o la lealtad a unas normas sociales que garantizan la coherencia y la fortaleza del grupo? Estas y ot<\/p>\n","protected":false},"featured_media":5664,"template":"","meta":[],"product_brand":[1132],"product_cat":[29],"product_tag":[],"class_list":{"0":"post-5663","1":"product","2":"type-product","3":"status-publish","4":"has-post-thumbnail","6":"product_brand-korch-herman","7":"product_cat-novela","9":"first","10":"instock","11":"purchasable","12":"product-type-simple"},"featured_image_urls_v2":{"full":["https:\/\/ajupe.com.uy\/web\/wp-content\/uploads\/2016\/04\/p-5663-La_cena_4f9084a421bb7.jpg",199,322,false],"thumbnail":["https:\/\/ajupe.com.uy\/web\/wp-content\/uploads\/2016\/04\/p-5663-La_cena_4f9084a421bb7.jpg",150,150,true],"medium":["https:\/\/ajupe.com.uy\/web\/wp-content\/uploads\/2016\/04\/p-5663-La_cena_4f9084a421bb7.jpg",300,214,true],"medium_large":["https:\/\/ajupe.com.uy\/web\/wp-content\/uploads\/2016\/04\/p-5663-La_cena_4f9084a421bb7.jpg",199,322,false],"large":["https:\/\/ajupe.com.uy\/web\/wp-content\/uploads\/2016\/04\/p-5663-La_cena_4f9084a421bb7.jpg",199,322,false],"1536x1536":["https:\/\/ajupe.com.uy\/web\/wp-content\/uploads\/2016\/04\/p-5663-La_cena_4f9084a421bb7.jpg",199,322,false],"2048x2048":["https:\/\/ajupe.com.uy\/web\/wp-content\/uploads\/2016\/04\/p-5663-La_cena_4f9084a421bb7.jpg",199,322,false],"woocommerce_archive_thumbnail":["https:\/\/ajupe.com.uy\/web\/wp-content\/uploads\/2016\/04\/p-5663-La_cena_4f9084a421bb7.jpg",199,322,false],"woocommerce_thumbnail":["https:\/\/ajupe.com.uy\/web\/wp-content\/uploads\/2016\/04\/p-5663-La_cena_4f9084a421bb7-199x300.jpg",199,300,true],"woocommerce_single":["https:\/\/ajupe.com.uy\/web\/wp-content\/uploads\/2016\/04\/p-5663-La_cena_4f9084a421bb7.jpg",199,322,false],"woocommerce_gallery_thumbnail":["https:\/\/ajupe.com.uy\/web\/wp-content\/uploads\/2016\/04\/p-5663-La_cena_4f9084a421bb7-100x100.jpg",100,100,true]},"post_excerpt_stackable_v2":"<p>\u00bfHasta d\u00f3nde es capaz de llegar un padre para encubrir a un hijo que comete un delito injustificable? \u00bfDebe prevalecer el instinto de protecci\u00f3n paterna, o la lealtad a unas normas sociales que garantizan la coherencia y la fortaleza del grupo? Estas y ot<\/p>\n","category_list_v2":"","author_info_v2":{"name":"","url":""},"comments_num_v2":"0 comentarios","_links":{"self":[{"href":"https:\/\/ajupe.com.uy\/web\/wp-json\/wp\/v2\/product\/5663","targetHints":{"allow":["GET"]}}],"collection":[{"href":"https:\/\/ajupe.com.uy\/web\/wp-json\/wp\/v2\/product"}],"about":[{"href":"https:\/\/ajupe.com.uy\/web\/wp-json\/wp\/v2\/types\/product"}],"wp:featuredmedia":[{"embeddable":true,"href":"https:\/\/ajupe.com.uy\/web\/wp-json\/wp\/v2\/media\/5664"}],"wp:attachment":[{"href":"https:\/\/ajupe.com.uy\/web\/wp-json\/wp\/v2\/media?parent=5663"}],"wp:term":[{"taxonomy":"product_brand","embeddable":true,"href":"https:\/\/ajupe.com.uy\/web\/wp-json\/wp\/v2\/product_brand?post=5663"},{"taxonomy":"product_cat","embeddable":true,"href":"https:\/\/ajupe.com.uy\/web\/wp-json\/wp\/v2\/product_cat?post=5663"},{"taxonomy":"product_tag","embeddable":true,"href":"https:\/\/ajupe.com.uy\/web\/wp-json\/wp\/v2\/product_tag?post=5663"}],"curies":[{"name":"wp","href":"https:\/\/api.w.org\/{rel}","templated":true}]}}