{"id":5675,"date":"2012-04-25T21:28:05","date_gmt":"2012-04-26T00:28:05","guid":{"rendered":"http:\/\/ajupe.com.uy\/web\/?post_type=product&#038;p=5675"},"modified":"2012-04-25T21:28:05","modified_gmt":"2012-04-26T00:28:05","slug":"el-efecto-mozart","status":"publish","type":"product","link":"https:\/\/ajupe.com.uy\/web\/biblioteca\/el-efecto-mozart\/","title":{"rendered":"El efecto Mozart"},"content":{"rendered":"<p>Se llama <strong>Efecto Mozart<\/strong> a la propiedad de algunos  tonos y ritmos que ayuda a fortalecer la mente, a vivificar la  creatividad, a activar emociones y a sanar el cuerpo.<\/p>\n<p><em>El Efecto Mozart<\/em> es adem\u00e1s un relato de c\u00f3mo m\u00e9dicos, chamanes, m\u00fasicos y profesionales de la salud utilizan la <strong>m\u00fasica<\/strong>, los sonidos y la voz <strong>para tratar diversas enfermedades<\/strong>, y una gu\u00eda en la que encontrar\u00e1s los trastornos m\u00e1s frecuentes y c\u00f3mo descubrir tu sonido para aliviarlos.<\/p>\n<p>Toda m\u00fasica tiene un potencial sanador. Bajo esta perspectiva, <strong>Don Campbell<\/strong> nos ofrece esta excelente obra en la que habla del c\u00f3mo y el porqu\u00e9 las  vibraciones y las ondas de la m\u00fasica, ritmos y sonidos act\u00faan sobre las  c\u00e9lulas y los \u00f3rganos vitales. De c\u00f3mo la m\u00fasica act\u00faa sobre tu  capacidad creadora y tu salud. Ayud\u00e1ndote con sencillos <strong>ejercicios<\/strong> aprender\u00e1s a aprovechar sus propiedades y a potenciar sus efectos. <em>El Efecto Mozart<\/em> convertir\u00e1 la m\u00fasica, los sonidos y tu propia voz en tus aliados cotidianos.<\/p>\n","protected":false},"excerpt":{"rendered":"<p>Se llama Efecto Mozart a la propiedad de algunos tonos y ritmos que ayuda a fortalecer la mente, a vivificar la creatividad, a activar emociones y a sanar el cuerpo.<\/p>\n","protected":false},"featured_media":5676,"template":"","meta":[],"product_brand":[1135],"product_cat":[32],"product_tag":[],"class_list":{"0":"post-5675","1":"product","2":"type-product","3":"status-publish","4":"has-post-thumbnail","6":"product_brand-don-campbell","7":"product_cat-autoayuda","9":"first","10":"instock","11":"purchasable","12":"product-type-simple"},"featured_image_urls_v2":{"full":["https:\/\/ajupe.com.uy\/web\/wp-content\/uploads\/2016\/04\/p-5675-El_efecto_Mozart_4f986c6517ac9.jpg",225,328,false],"thumbnail":["https:\/\/ajupe.com.uy\/web\/wp-content\/uploads\/2016\/04\/p-5675-El_efecto_Mozart_4f986c6517ac9.jpg",150,150,true],"medium":["https:\/\/ajupe.com.uy\/web\/wp-content\/uploads\/2016\/04\/p-5675-El_efecto_Mozart_4f986c6517ac9.jpg",300,214,true],"medium_large":["https:\/\/ajupe.com.uy\/web\/wp-content\/uploads\/2016\/04\/p-5675-El_efecto_Mozart_4f986c6517ac9.jpg",225,328,false],"large":["https:\/\/ajupe.com.uy\/web\/wp-content\/uploads\/2016\/04\/p-5675-El_efecto_Mozart_4f986c6517ac9.jpg",225,328,false],"1536x1536":["https:\/\/ajupe.com.uy\/web\/wp-content\/uploads\/2016\/04\/p-5675-El_efecto_Mozart_4f986c6517ac9.jpg",225,328,false],"2048x2048":["https:\/\/ajupe.com.uy\/web\/wp-content\/uploads\/2016\/04\/p-5675-El_efecto_Mozart_4f986c6517ac9.jpg",225,328,false],"woocommerce_archive_thumbnail":["https:\/\/ajupe.com.uy\/web\/wp-content\/uploads\/2016\/04\/p-5675-El_efecto_Mozart_4f986c6517ac9-225x300.jpg",225,300,true],"woocommerce_thumbnail":["https:\/\/ajupe.com.uy\/web\/wp-content\/uploads\/2016\/04\/p-5675-El_efecto_Mozart_4f986c6517ac9-225x300.jpg",225,300,true],"woocommerce_single":["https:\/\/ajupe.com.uy\/web\/wp-content\/uploads\/2016\/04\/p-5675-El_efecto_Mozart_4f986c6517ac9.jpg",225,328,false],"woocommerce_gallery_thumbnail":["https:\/\/ajupe.com.uy\/web\/wp-content\/uploads\/2016\/04\/p-5675-El_efecto_Mozart_4f986c6517ac9-100x100.jpg",100,100,true]},"post_excerpt_stackable_v2":"<p>Se llama Efecto Mozart a la propiedad de algunos tonos y ritmos que ayuda a fortalecer la mente, a vivificar la creatividad, a activar emociones y a sanar el cuerpo.<\/p>\n","category_list_v2":"","author_info_v2":{"name":"","url":""},"comments_num_v2":"0 comentarios","_links":{"self":[{"href":"https:\/\/ajupe.com.uy\/web\/wp-json\/wp\/v2\/product\/5675","targetHints":{"allow":["GET"]}}],"collection":[{"href":"https:\/\/ajupe.com.uy\/web\/wp-json\/wp\/v2\/product"}],"about":[{"href":"https:\/\/ajupe.com.uy\/web\/wp-json\/wp\/v2\/types\/product"}],"wp:featuredmedia":[{"embeddable":true,"href":"https:\/\/ajupe.com.uy\/web\/wp-json\/wp\/v2\/media\/5676"}],"wp:attachment":[{"href":"https:\/\/ajupe.com.uy\/web\/wp-json\/wp\/v2\/media?parent=5675"}],"wp:term":[{"taxonomy":"product_brand","embeddable":true,"href":"https:\/\/ajupe.com.uy\/web\/wp-json\/wp\/v2\/product_brand?post=5675"},{"taxonomy":"product_cat","embeddable":true,"href":"https:\/\/ajupe.com.uy\/web\/wp-json\/wp\/v2\/product_cat?post=5675"},{"taxonomy":"product_tag","embeddable":true,"href":"https:\/\/ajupe.com.uy\/web\/wp-json\/wp\/v2\/product_tag?post=5675"}],"curies":[{"name":"wp","href":"https:\/\/api.w.org\/{rel}","templated":true}]}}