{"id":5796,"date":"2012-06-15T20:39:20","date_gmt":"2012-06-15T23:39:20","guid":{"rendered":"http:\/\/ajupe.com.uy\/web\/?post_type=product&#038;p=5796"},"modified":"2012-06-15T20:39:20","modified_gmt":"2012-06-15T23:39:20","slug":"cuando-pase-tu-ira","status":"publish","type":"product","link":"https:\/\/ajupe.com.uy\/web\/biblioteca\/cuando-pase-tu-ira\/","title":{"rendered":"Cuando pase tu ira"},"content":{"rendered":"<p>Wilma y Simon son dos j\u00f3venes enamorados que han decidido sumergirse en  el helado lago de Vittangij\u00e4rvi, en el norte de Suecia, en busca de los  restos de un avi\u00f3n alem\u00e1n perdido en 1943. Mientras bucean, alguien  corta la cuerda de seguridad de Wilma y tapa el ori\ufb01cio de salida en el  hielo. No podr\u00e1n escapar. Cuando la primavera se acerca al norte de  Suecia, el cuerpo de Wilma emerge de las aguas del r\u00edo Torne\u00e4lven. Al  mismo tiempo, una \ufb01gura fantasmal aparece en los sue\u00f1os de Rebecka  Martinsson, la reputada abogada de Kiruna. \u00bfEs el fantasma del cuerpo  que ha aparecido en el r\u00edo? Junto a la inspectora de polic\u00eda Anna-Maria  Mella, Rebecka se sume en un enigma que despierta antiguos rumores de  colaboradores nazis en Kiruna, un lugar donde la verg\u00fcenza y el secreto  controlan los recuerdos de la guerra. Y un asesino est\u00e1 dispuesto a  seguir matando para mantener el pasado enterrado para siempre bajo el  hielo y la nieve.<\/p>\n","protected":false},"excerpt":{"rendered":"<p>Wilma y Simon son dos j\u00f3venes enamorados que han decidido sumergirse en el helado lago de Vittangij\u00e4rvi, en el norte de Suecia, en busca de los restos de un avi\u00f3n alem\u00e1n perdido en 1943.<\/p>\n","protected":false},"featured_media":5797,"template":"","meta":[],"product_brand":[1026],"product_cat":[30],"product_tag":[],"class_list":{"0":"post-5796","1":"product","2":"type-product","3":"status-publish","4":"has-post-thumbnail","6":"product_brand-asa-larsson","7":"product_cat-suspenso","9":"first","10":"instock","11":"purchasable","12":"product-type-simple"},"featured_image_urls_v2":{"full":["https:\/\/ajupe.com.uy\/web\/wp-content\/uploads\/2016\/04\/p-5796-Cuando_pase_tu_i_4fdb9d7865c47.jpg",196,334,false],"thumbnail":["https:\/\/ajupe.com.uy\/web\/wp-content\/uploads\/2016\/04\/p-5796-Cuando_pase_tu_i_4fdb9d7865c47.jpg",150,150,true],"medium":["https:\/\/ajupe.com.uy\/web\/wp-content\/uploads\/2016\/04\/p-5796-Cuando_pase_tu_i_4fdb9d7865c47.jpg",300,214,true],"medium_large":["https:\/\/ajupe.com.uy\/web\/wp-content\/uploads\/2016\/04\/p-5796-Cuando_pase_tu_i_4fdb9d7865c47.jpg",196,334,false],"large":["https:\/\/ajupe.com.uy\/web\/wp-content\/uploads\/2016\/04\/p-5796-Cuando_pase_tu_i_4fdb9d7865c47.jpg",196,334,false],"1536x1536":["https:\/\/ajupe.com.uy\/web\/wp-content\/uploads\/2016\/04\/p-5796-Cuando_pase_tu_i_4fdb9d7865c47.jpg",196,334,false],"2048x2048":["https:\/\/ajupe.com.uy\/web\/wp-content\/uploads\/2016\/04\/p-5796-Cuando_pase_tu_i_4fdb9d7865c47.jpg",196,334,false],"woocommerce_archive_thumbnail":["https:\/\/ajupe.com.uy\/web\/wp-content\/uploads\/2016\/04\/p-5796-Cuando_pase_tu_i_4fdb9d7865c47-196x300.jpg",196,300,true],"woocommerce_thumbnail":["https:\/\/ajupe.com.uy\/web\/wp-content\/uploads\/2016\/04\/p-5796-Cuando_pase_tu_i_4fdb9d7865c47-196x300.jpg",196,300,true],"woocommerce_single":["https:\/\/ajupe.com.uy\/web\/wp-content\/uploads\/2016\/04\/p-5796-Cuando_pase_tu_i_4fdb9d7865c47.jpg",196,334,false],"woocommerce_gallery_thumbnail":["https:\/\/ajupe.com.uy\/web\/wp-content\/uploads\/2016\/04\/p-5796-Cuando_pase_tu_i_4fdb9d7865c47-100x100.jpg",100,100,true]},"post_excerpt_stackable_v2":"<p>Wilma y Simon son dos j\u00f3venes enamorados que han decidido sumergirse en el helado lago de Vittangij\u00e4rvi, en el norte de Suecia, en busca de los restos de un avi\u00f3n alem\u00e1n perdido en 1943.<\/p>\n","category_list_v2":"","author_info_v2":{"name":"","url":""},"comments_num_v2":"0 comentarios","_links":{"self":[{"href":"https:\/\/ajupe.com.uy\/web\/wp-json\/wp\/v2\/product\/5796","targetHints":{"allow":["GET"]}}],"collection":[{"href":"https:\/\/ajupe.com.uy\/web\/wp-json\/wp\/v2\/product"}],"about":[{"href":"https:\/\/ajupe.com.uy\/web\/wp-json\/wp\/v2\/types\/product"}],"wp:featuredmedia":[{"embeddable":true,"href":"https:\/\/ajupe.com.uy\/web\/wp-json\/wp\/v2\/media\/5797"}],"wp:attachment":[{"href":"https:\/\/ajupe.com.uy\/web\/wp-json\/wp\/v2\/media?parent=5796"}],"wp:term":[{"taxonomy":"product_brand","embeddable":true,"href":"https:\/\/ajupe.com.uy\/web\/wp-json\/wp\/v2\/product_brand?post=5796"},{"taxonomy":"product_cat","embeddable":true,"href":"https:\/\/ajupe.com.uy\/web\/wp-json\/wp\/v2\/product_cat?post=5796"},{"taxonomy":"product_tag","embeddable":true,"href":"https:\/\/ajupe.com.uy\/web\/wp-json\/wp\/v2\/product_tag?post=5796"}],"curies":[{"name":"wp","href":"https:\/\/api.w.org\/{rel}","templated":true}]}}