{"id":5826,"date":"2012-07-24T20:31:01","date_gmt":"2012-07-24T23:31:01","guid":{"rendered":"http:\/\/ajupe.com.uy\/web\/?post_type=product&#038;p=5826"},"modified":"2012-07-24T20:31:01","modified_gmt":"2012-07-24T23:31:01","slug":"crimenes","status":"publish","type":"product","link":"https:\/\/ajupe.com.uy\/web\/biblioteca\/crimenes\/","title":{"rendered":"Crimenes"},"content":{"rendered":"<p>Primera obra literaria de <strong>Ferdinand von Schirach<\/strong>, esta  serie de relatos basados en la experiencia profesional de este reputado  jurista alem\u00e1n fue la revelaci\u00f3n editorial y uno de los mayores \u00e9xitos  de los \u00faltimos a\u00f1os en su pa\u00eds. Adem\u00e1s de obtener el prestigioso Premio  Kleist, <em>Cr\u00edmenes <\/em>mereci\u00f3 un torrente de elogiosos comentarios de la cr\u00edtica y ocup\u00f3 durante casi un a\u00f1o las listas de libros m\u00e1s vendidos. <br \/> Cerca de setecientos casos desde que inici\u00f3 su carrera de abogado  penalista en Berl\u00edn son el bagaje de vivencias que Von Schirach ha  transformado, con un aguzado instinto narrativo, en una obra literaria  de atm\u00f3sfera cautivadora.<br \/> El lenguaje sobrio y conciso de la b\u00fasqueda de la verdad judicial  subraya la atenci\u00f3n que Schirach fija en los cr\u00edmenes cometidos por  individuos corrientes, dejando que los hechos expongan la realidad con  toda su crudeza.<br \/> Profundamente original, revelador y lleno de matices, <em>Cr\u00edmenes<\/em> plantea el fascinante tema de la escurridiza verdad en los procesos  criminales y reflexiona sobre el sentido del castigo, pero, por encima  de todo, nos habla con proximidad del ser humano, de su miseria y  tambi\u00e9n de su grandeza.<\/p>\n","protected":false},"excerpt":{"rendered":"<p>Primera obra literaria de Ferdinand von Schirach, esta serie de relatos basados en la experiencia profesional de este reputado jurista alem\u00e1n fue la revelaci\u00f3n editorial y uno de los mayores \u00e9xitos de los \u00faltimos a\u00f1os en su pa\u00eds.<\/p>\n","protected":false},"featured_media":5827,"template":"","meta":[],"product_brand":[1163],"product_cat":[29],"product_tag":[],"class_list":{"0":"post-5826","1":"product","2":"type-product","3":"status-publish","4":"has-post-thumbnail","6":"product_brand-ferdinand-von-schirach","7":"product_cat-novela","9":"first","10":"instock","11":"purchasable","12":"product-type-simple"},"featured_image_urls_v2":{"full":["https:\/\/ajupe.com.uy\/web\/wp-content\/uploads\/2016\/04\/p-5826-Crimenes_500f0605e01b9.jpg",200,324,false],"thumbnail":["https:\/\/ajupe.com.uy\/web\/wp-content\/uploads\/2016\/04\/p-5826-Crimenes_500f0605e01b9.jpg",150,150,true],"medium":["https:\/\/ajupe.com.uy\/web\/wp-content\/uploads\/2016\/04\/p-5826-Crimenes_500f0605e01b9.jpg",300,214,true],"medium_large":["https:\/\/ajupe.com.uy\/web\/wp-content\/uploads\/2016\/04\/p-5826-Crimenes_500f0605e01b9.jpg",200,324,false],"large":["https:\/\/ajupe.com.uy\/web\/wp-content\/uploads\/2016\/04\/p-5826-Crimenes_500f0605e01b9.jpg",200,324,false],"1536x1536":["https:\/\/ajupe.com.uy\/web\/wp-content\/uploads\/2016\/04\/p-5826-Crimenes_500f0605e01b9.jpg",200,324,false],"2048x2048":["https:\/\/ajupe.com.uy\/web\/wp-content\/uploads\/2016\/04\/p-5826-Crimenes_500f0605e01b9.jpg",200,324,false],"woocommerce_archive_thumbnail":["https:\/\/ajupe.com.uy\/web\/wp-content\/uploads\/2016\/04\/p-5826-Crimenes_500f0605e01b9.jpg",200,324,false],"woocommerce_thumbnail":["https:\/\/ajupe.com.uy\/web\/wp-content\/uploads\/2016\/04\/p-5826-Crimenes_500f0605e01b9-200x300.jpg",200,300,true],"woocommerce_single":["https:\/\/ajupe.com.uy\/web\/wp-content\/uploads\/2016\/04\/p-5826-Crimenes_500f0605e01b9.jpg",200,324,false],"woocommerce_gallery_thumbnail":["https:\/\/ajupe.com.uy\/web\/wp-content\/uploads\/2016\/04\/p-5826-Crimenes_500f0605e01b9-100x100.jpg",100,100,true]},"post_excerpt_stackable_v2":"<p>Primera obra literaria de Ferdinand von Schirach, esta serie de relatos basados en la experiencia profesional de este reputado jurista alem\u00e1n fue la revelaci\u00f3n editorial y uno de los mayores \u00e9xitos de los \u00faltimos a\u00f1os en su pa\u00eds.<\/p>\n","category_list_v2":"","author_info_v2":{"name":"","url":""},"comments_num_v2":"0 comentarios","_links":{"self":[{"href":"https:\/\/ajupe.com.uy\/web\/wp-json\/wp\/v2\/product\/5826","targetHints":{"allow":["GET"]}}],"collection":[{"href":"https:\/\/ajupe.com.uy\/web\/wp-json\/wp\/v2\/product"}],"about":[{"href":"https:\/\/ajupe.com.uy\/web\/wp-json\/wp\/v2\/types\/product"}],"wp:featuredmedia":[{"embeddable":true,"href":"https:\/\/ajupe.com.uy\/web\/wp-json\/wp\/v2\/media\/5827"}],"wp:attachment":[{"href":"https:\/\/ajupe.com.uy\/web\/wp-json\/wp\/v2\/media?parent=5826"}],"wp:term":[{"taxonomy":"product_brand","embeddable":true,"href":"https:\/\/ajupe.com.uy\/web\/wp-json\/wp\/v2\/product_brand?post=5826"},{"taxonomy":"product_cat","embeddable":true,"href":"https:\/\/ajupe.com.uy\/web\/wp-json\/wp\/v2\/product_cat?post=5826"},{"taxonomy":"product_tag","embeddable":true,"href":"https:\/\/ajupe.com.uy\/web\/wp-json\/wp\/v2\/product_tag?post=5826"}],"curies":[{"name":"wp","href":"https:\/\/api.w.org\/{rel}","templated":true}]}}