{"id":5850,"date":"2012-07-24T21:39:15","date_gmt":"2012-07-25T00:39:15","guid":{"rendered":"http:\/\/ajupe.com.uy\/web\/?post_type=product&#038;p=5850"},"modified":"2012-07-24T21:39:15","modified_gmt":"2012-07-25T00:39:15","slug":"un-angel-impuro","status":"publish","type":"product","link":"https:\/\/ajupe.com.uy\/web\/biblioteca\/un-angel-impuro\/","title":{"rendered":"Un angel impuro"},"content":{"rendered":"<p>A comienzos de 1900, sucedi\u00f3 un hecho extra\u00f1o en el continente africano.  Aparece una mujer sueca, como salida de la nada, y queda constancia de  ella como due\u00f1a del burdel m\u00e1s grande de la capital de la colonia  portuguesa de Mozambique. En su novela m\u00e1s reciente,<br \/> Henning Mankell narra la peripecia vital de una mujer sueca que lleg\u00f3 a  regentar un prost\u00edbulo en el \u00c1frica de comienzos del siglo XX.<\/p>\n","protected":false},"excerpt":{"rendered":"<p>Henning Mankell narra la peripecia vital de una mujer sueca que lleg\u00f3 a regentar un prost\u00edbulo en el \u00c1frica de comienzos del siglo XX.<\/p>\n","protected":false},"featured_media":5851,"template":"","meta":[],"product_brand":[996],"product_cat":[48],"product_tag":[],"class_list":{"0":"post-5850","1":"product","2":"type-product","3":"status-publish","4":"has-post-thumbnail","6":"product_brand-henning-mankell","7":"product_cat-thrillers","9":"first","10":"instock","11":"purchasable","12":"product-type-simple"},"featured_image_urls_v2":{"full":["https:\/\/ajupe.com.uy\/web\/wp-content\/uploads\/2016\/04\/p-5850-Un_angel_impuro_500f1603a1c31.jpg",181,279,false],"thumbnail":["https:\/\/ajupe.com.uy\/web\/wp-content\/uploads\/2016\/04\/p-5850-Un_angel_impuro_500f1603a1c31.jpg",150,150,true],"medium":["https:\/\/ajupe.com.uy\/web\/wp-content\/uploads\/2016\/04\/p-5850-Un_angel_impuro_500f1603a1c31.jpg",300,214,true],"medium_large":["https:\/\/ajupe.com.uy\/web\/wp-content\/uploads\/2016\/04\/p-5850-Un_angel_impuro_500f1603a1c31.jpg",181,279,false],"large":["https:\/\/ajupe.com.uy\/web\/wp-content\/uploads\/2016\/04\/p-5850-Un_angel_impuro_500f1603a1c31.jpg",181,279,false],"1536x1536":["https:\/\/ajupe.com.uy\/web\/wp-content\/uploads\/2016\/04\/p-5850-Un_angel_impuro_500f1603a1c31.jpg",181,279,false],"2048x2048":["https:\/\/ajupe.com.uy\/web\/wp-content\/uploads\/2016\/04\/p-5850-Un_angel_impuro_500f1603a1c31.jpg",181,279,false],"woocommerce_archive_thumbnail":["https:\/\/ajupe.com.uy\/web\/wp-content\/uploads\/2016\/04\/p-5850-Un_angel_impuro_500f1603a1c31.jpg",181,279,false],"woocommerce_thumbnail":["https:\/\/ajupe.com.uy\/web\/wp-content\/uploads\/2016\/04\/p-5850-Un_angel_impuro_500f1603a1c31.jpg",181,279,false],"woocommerce_single":["https:\/\/ajupe.com.uy\/web\/wp-content\/uploads\/2016\/04\/p-5850-Un_angel_impuro_500f1603a1c31.jpg",181,279,false],"woocommerce_gallery_thumbnail":["https:\/\/ajupe.com.uy\/web\/wp-content\/uploads\/2016\/04\/p-5850-Un_angel_impuro_500f1603a1c31-100x100.jpg",100,100,true]},"post_excerpt_stackable_v2":"<p>Henning Mankell narra la peripecia vital de una mujer sueca que lleg\u00f3 a regentar un prost\u00edbulo en el \u00c1frica de comienzos del siglo XX.<\/p>\n","category_list_v2":"","author_info_v2":{"name":"","url":""},"comments_num_v2":"0 comentarios","_links":{"self":[{"href":"https:\/\/ajupe.com.uy\/web\/wp-json\/wp\/v2\/product\/5850","targetHints":{"allow":["GET"]}}],"collection":[{"href":"https:\/\/ajupe.com.uy\/web\/wp-json\/wp\/v2\/product"}],"about":[{"href":"https:\/\/ajupe.com.uy\/web\/wp-json\/wp\/v2\/types\/product"}],"wp:featuredmedia":[{"embeddable":true,"href":"https:\/\/ajupe.com.uy\/web\/wp-json\/wp\/v2\/media\/5851"}],"wp:attachment":[{"href":"https:\/\/ajupe.com.uy\/web\/wp-json\/wp\/v2\/media?parent=5850"}],"wp:term":[{"taxonomy":"product_brand","embeddable":true,"href":"https:\/\/ajupe.com.uy\/web\/wp-json\/wp\/v2\/product_brand?post=5850"},{"taxonomy":"product_cat","embeddable":true,"href":"https:\/\/ajupe.com.uy\/web\/wp-json\/wp\/v2\/product_cat?post=5850"},{"taxonomy":"product_tag","embeddable":true,"href":"https:\/\/ajupe.com.uy\/web\/wp-json\/wp\/v2\/product_tag?post=5850"}],"curies":[{"name":"wp","href":"https:\/\/api.w.org\/{rel}","templated":true}]}}