{"id":5934,"date":"2012-10-22T17:41:30","date_gmt":"2012-10-22T20:41:30","guid":{"rendered":"http:\/\/ajupe.com.uy\/web\/?post_type=product&#038;p=5934"},"modified":"2012-10-22T17:41:30","modified_gmt":"2012-10-22T20:41:30","slug":"brujas-blancas","status":"publish","type":"product","link":"https:\/\/ajupe.com.uy\/web\/biblioteca\/brujas-blancas\/","title":{"rendered":"Brujas blancas"},"content":{"rendered":"<p class=\"caption\" style=\"text-align: left;\"><span style=\"font-size: small;\">Siete mujeres, las Brujas Blancas, nos develan el mundo que les toc\u00f3 vivir.<\/span><\/p>\n<p class=\"caption\" style=\"text-align: left;\"><span style=\"font-size: small;\">Los  a\u00f1os sesenta y setenta del siglo pasado: la revoluci\u00f3n sexual, el  imperialismo estadounidense, el Mayo franc\u00e9s, el movimiento hippie, la  guerrilla tupamara, la dictadura militar&#8230;<\/span><\/p>\n<p class=\"caption\" style=\"text-align: left;\"><span style=\"font-size: small;\">Miradas  femeninas muy diferentes, cada una colocada bajo la advocaci\u00f3n de un  arcano mayor del tarot hebreo&#8230; porque nada es nuevo en este at\u00e1vico  sendero lleno de encuentros.<\/span><\/p>\n<p class=\"caption\" style=\"text-align: left;\"><span style=\"font-size: small;\">\u00bfQu\u00e9  tendr\u00e1n en com\u00fan una sacerdotisa de la Cabal\u00e1, una secretaria, una  monja, la esposa de un numerario del Opus, una guerrillera, la hija de  un polic\u00eda y la de un inmigrante? \u00bfC\u00f3mo pueden compartir sus vidas estas  siete mujeres luego de haber transitado senderos paralelos y a veces  opuestos? \u00bfQu\u00e9 har\u00e1 que la misma circunstancia, en igual tiempo y lugar,  pueda transformarse tanto en un infierno como en una raz\u00f3n de vida?<\/span><\/p>\n","protected":false},"excerpt":{"rendered":"<p>Siete mujeres, las Brujas Blancas, nos develan el mundo que les toc\u00f3 vivir.<\/p>\n","protected":false},"featured_media":5935,"template":"","meta":[],"product_brand":[292],"product_cat":[29],"product_tag":[],"class_list":{"0":"post-5934","1":"product","2":"type-product","3":"status-publish","4":"has-post-thumbnail","6":"product_brand-mercedes-vigil","7":"product_cat-novela","9":"first","10":"instock","11":"purchasable","12":"product-type-simple"},"featured_image_urls_v2":{"full":["https:\/\/ajupe.com.uy\/web\/wp-content\/uploads\/2016\/04\/p-5934-Brujas_blancas_5085854a810ae.jpg",224,337,false],"thumbnail":["https:\/\/ajupe.com.uy\/web\/wp-content\/uploads\/2016\/04\/p-5934-Brujas_blancas_5085854a810ae.jpg",150,150,true],"medium":["https:\/\/ajupe.com.uy\/web\/wp-content\/uploads\/2016\/04\/p-5934-Brujas_blancas_5085854a810ae.jpg",300,214,true],"medium_large":["https:\/\/ajupe.com.uy\/web\/wp-content\/uploads\/2016\/04\/p-5934-Brujas_blancas_5085854a810ae.jpg",224,337,false],"large":["https:\/\/ajupe.com.uy\/web\/wp-content\/uploads\/2016\/04\/p-5934-Brujas_blancas_5085854a810ae.jpg",224,337,false],"1536x1536":["https:\/\/ajupe.com.uy\/web\/wp-content\/uploads\/2016\/04\/p-5934-Brujas_blancas_5085854a810ae.jpg",224,337,false],"2048x2048":["https:\/\/ajupe.com.uy\/web\/wp-content\/uploads\/2016\/04\/p-5934-Brujas_blancas_5085854a810ae.jpg",224,337,false],"woocommerce_archive_thumbnail":["https:\/\/ajupe.com.uy\/web\/wp-content\/uploads\/2016\/04\/p-5934-Brujas_blancas_5085854a810ae-224x300.jpg",224,300,true],"woocommerce_thumbnail":["https:\/\/ajupe.com.uy\/web\/wp-content\/uploads\/2016\/04\/p-5934-Brujas_blancas_5085854a810ae-224x300.jpg",224,300,true],"woocommerce_single":["https:\/\/ajupe.com.uy\/web\/wp-content\/uploads\/2016\/04\/p-5934-Brujas_blancas_5085854a810ae.jpg",224,337,false],"woocommerce_gallery_thumbnail":["https:\/\/ajupe.com.uy\/web\/wp-content\/uploads\/2016\/04\/p-5934-Brujas_blancas_5085854a810ae-100x100.jpg",100,100,true]},"post_excerpt_stackable_v2":"<p>Siete mujeres, las Brujas Blancas, nos develan el mundo que les toc\u00f3 vivir.<\/p>\n","category_list_v2":"","author_info_v2":{"name":"","url":""},"comments_num_v2":"0 comentarios","_links":{"self":[{"href":"https:\/\/ajupe.com.uy\/web\/wp-json\/wp\/v2\/product\/5934","targetHints":{"allow":["GET"]}}],"collection":[{"href":"https:\/\/ajupe.com.uy\/web\/wp-json\/wp\/v2\/product"}],"about":[{"href":"https:\/\/ajupe.com.uy\/web\/wp-json\/wp\/v2\/types\/product"}],"wp:featuredmedia":[{"embeddable":true,"href":"https:\/\/ajupe.com.uy\/web\/wp-json\/wp\/v2\/media\/5935"}],"wp:attachment":[{"href":"https:\/\/ajupe.com.uy\/web\/wp-json\/wp\/v2\/media?parent=5934"}],"wp:term":[{"taxonomy":"product_brand","embeddable":true,"href":"https:\/\/ajupe.com.uy\/web\/wp-json\/wp\/v2\/product_brand?post=5934"},{"taxonomy":"product_cat","embeddable":true,"href":"https:\/\/ajupe.com.uy\/web\/wp-json\/wp\/v2\/product_cat?post=5934"},{"taxonomy":"product_tag","embeddable":true,"href":"https:\/\/ajupe.com.uy\/web\/wp-json\/wp\/v2\/product_tag?post=5934"}],"curies":[{"name":"wp","href":"https:\/\/api.w.org\/{rel}","templated":true}]}}