{"id":5943,"date":"2012-10-22T19:22:33","date_gmt":"2012-10-22T22:22:33","guid":{"rendered":"http:\/\/ajupe.com.uy\/web\/?post_type=product&#038;p=5943"},"modified":"2012-10-22T19:22:33","modified_gmt":"2012-10-22T22:22:33","slug":"el-traje-gris","status":"publish","type":"product","link":"https:\/\/ajupe.com.uy\/web\/biblioteca\/el-traje-gris\/","title":{"rendered":"El traje gris"},"content":{"rendered":"<p>A lo largo de su brillante carrera profesional al frente de una entidad  bancaria siciliana, donde ha demostrado su habilidad para resolver las  complejidades financieras en un entorno minado por la mafia, el  protagonista de esta novela ha recibido tres cartas an\u00f3nimas. Ahora, en  la primera ma\u00f1ana de su vida de jubilado, despliega cuidadosamente los  tres sobres junto a una caja de cerillas.<br \/> Una de las cartas, recibida unos pocos a\u00f1os atr\u00e1s, contiene  insinuaciones sobre la supuesta infidelidad de su esposa, la joven viuda  con la que se cas\u00f3 hace una d\u00e9cada, una mujer elegant\u00edsima y  enigm\u00e1tica, r\u00e9plica exacta de una de las divas americanas del cine en  blanco y negro. Adele, espl\u00e9ndida e irresistible femme fatale, ocupa el  lugar central de este nuevo y sugestivo relato de Andrea Camilleri.  Dotada de una sensualidad desinhibida que contrasta con el esmero con el  que guarda las apariencias burguesas, Adele es una esposa tan entregada  como escurridiza. S\u00f3lo en muy determinadas ocasiones viste un viejo  traje de chaqueta gris, de una impecable sobriedad, un traje que  adquirir\u00e1 un inquietante simbolismo, cuyo significado ser\u00eda mejor no  tener que desentra\u00f1ar jam\u00e1s.<br \/> En esta breve e intensa novela de misterio psicol\u00f3gico, el matrimonio es  el escenario de la dimensi\u00f3n cotidiana de la tragedia, a un tiempo  \u00faltimo reducto del deseo y de la fantas\u00eda, y espejo de una sociedad  esencialmente corrupta. <em>El traje gris<\/em>, que <strong>Camilleri<\/strong> ha descrito como \u00abuna historia conyugal\u00bb, demuestra la fecundidad y la  maestr\u00eda literaria del gran autor siciliano que, una vez m\u00e1s, consigue  sorprendernos sin dejar de ser fiel a s\u00ed mismo.<\/p>\n","protected":false},"excerpt":{"rendered":"<p>En esta breve e intensa novela de misterio psicol\u00f3gico, el matrimonio es el escenario de la dimensi\u00f3n cotidiana de la tragedia, a un tiempo \u00faltimo reducto del deseo y de la fantas\u00eda, y espejo de una sociedad esencialmente corrupta.<\/p>\n","protected":false},"featured_media":5944,"template":"","meta":[],"product_brand":[399],"product_cat":[29],"product_tag":[],"class_list":{"0":"post-5943","1":"product","2":"type-product","3":"status-publish","4":"has-post-thumbnail","6":"product_brand-andrea-camilleri","7":"product_cat-novela","9":"first","10":"instock","11":"purchasable","12":"product-type-simple"},"featured_image_urls_v2":{"full":["https:\/\/ajupe.com.uy\/web\/wp-content\/uploads\/2016\/04\/p-5943-El_traje_gris_50859cf90072e.jpg",201,322,false],"thumbnail":["https:\/\/ajupe.com.uy\/web\/wp-content\/uploads\/2016\/04\/p-5943-El_traje_gris_50859cf90072e.jpg",150,150,true],"medium":["https:\/\/ajupe.com.uy\/web\/wp-content\/uploads\/2016\/04\/p-5943-El_traje_gris_50859cf90072e.jpg",300,214,true],"medium_large":["https:\/\/ajupe.com.uy\/web\/wp-content\/uploads\/2016\/04\/p-5943-El_traje_gris_50859cf90072e.jpg",201,322,false],"large":["https:\/\/ajupe.com.uy\/web\/wp-content\/uploads\/2016\/04\/p-5943-El_traje_gris_50859cf90072e.jpg",201,322,false],"1536x1536":["https:\/\/ajupe.com.uy\/web\/wp-content\/uploads\/2016\/04\/p-5943-El_traje_gris_50859cf90072e.jpg",201,322,false],"2048x2048":["https:\/\/ajupe.com.uy\/web\/wp-content\/uploads\/2016\/04\/p-5943-El_traje_gris_50859cf90072e.jpg",201,322,false],"woocommerce_archive_thumbnail":["https:\/\/ajupe.com.uy\/web\/wp-content\/uploads\/2016\/04\/p-5943-El_traje_gris_50859cf90072e-201x300.jpg",201,300,true],"woocommerce_thumbnail":["https:\/\/ajupe.com.uy\/web\/wp-content\/uploads\/2016\/04\/p-5943-El_traje_gris_50859cf90072e-201x300.jpg",201,300,true],"woocommerce_single":["https:\/\/ajupe.com.uy\/web\/wp-content\/uploads\/2016\/04\/p-5943-El_traje_gris_50859cf90072e.jpg",201,322,false],"woocommerce_gallery_thumbnail":["https:\/\/ajupe.com.uy\/web\/wp-content\/uploads\/2016\/04\/p-5943-El_traje_gris_50859cf90072e-100x100.jpg",100,100,true]},"post_excerpt_stackable_v2":"<p>En esta breve e intensa novela de misterio psicol\u00f3gico, el matrimonio es el escenario de la dimensi\u00f3n cotidiana de la tragedia, a un tiempo \u00faltimo reducto del deseo y de la fantas\u00eda, y espejo de una sociedad esencialmente corrupta.<\/p>\n","category_list_v2":"","author_info_v2":{"name":"","url":""},"comments_num_v2":"0 comentarios","_links":{"self":[{"href":"https:\/\/ajupe.com.uy\/web\/wp-json\/wp\/v2\/product\/5943","targetHints":{"allow":["GET"]}}],"collection":[{"href":"https:\/\/ajupe.com.uy\/web\/wp-json\/wp\/v2\/product"}],"about":[{"href":"https:\/\/ajupe.com.uy\/web\/wp-json\/wp\/v2\/types\/product"}],"wp:featuredmedia":[{"embeddable":true,"href":"https:\/\/ajupe.com.uy\/web\/wp-json\/wp\/v2\/media\/5944"}],"wp:attachment":[{"href":"https:\/\/ajupe.com.uy\/web\/wp-json\/wp\/v2\/media?parent=5943"}],"wp:term":[{"taxonomy":"product_brand","embeddable":true,"href":"https:\/\/ajupe.com.uy\/web\/wp-json\/wp\/v2\/product_brand?post=5943"},{"taxonomy":"product_cat","embeddable":true,"href":"https:\/\/ajupe.com.uy\/web\/wp-json\/wp\/v2\/product_cat?post=5943"},{"taxonomy":"product_tag","embeddable":true,"href":"https:\/\/ajupe.com.uy\/web\/wp-json\/wp\/v2\/product_tag?post=5943"}],"curies":[{"name":"wp","href":"https:\/\/api.w.org\/{rel}","templated":true}]}}