{"id":5985,"date":"2012-11-19T19:25:14","date_gmt":"2012-11-19T22:25:14","guid":{"rendered":"http:\/\/ajupe.com.uy\/web\/?post_type=product&#038;p=5985"},"modified":"2012-11-19T19:25:14","modified_gmt":"2012-11-19T22:25:14","slug":"la-leona-blanca","status":"publish","type":"product","link":"https:\/\/ajupe.com.uy\/web\/biblioteca\/la-leona-blanca\/","title":{"rendered":"La leona blanca"},"content":{"rendered":"<p>Una tarde de la primavera de 1992, la joven agente inmobiliaria Louise  \u00c5kerblom es brutalmente asesinada en una solitaria y apartada granja de  Escania. Un caso dif\u00edcil para la polic\u00eda, pues, a primera vista, no hay  un m\u00f3vil claro, y todo parece indicar que la muchacha s\u00f3lo vio algo que  no deb\u00eda ver. Una vez m\u00e1s, Kurt Wallander tiene que dejar de lado sus  problemas personales (la soledad, la incomunicaci\u00f3n con su hija  adolescente o el agrio car\u00e1cter de su anciano padre) y tratar de encajar  las piezas del tremendo puzzle. Paralelamente, en la lejana Sud\u00e1frica,  una organizaci\u00f3n de extrema derecha, decidida a dinamitar el proceso  antiapartheid, planea asesinar a alg\u00fan dirigente pol\u00edtico y sumir al  pa\u00eds en el caos. Para ello contrata los servicios de un asesino a  sueldo, que, ayudado por un antiguo miembro del KGB, comienza la  preparaci\u00f3n del atentado en Suecia, muy cerca de Ystad&#8230;<\/p>\n","protected":false},"excerpt":{"rendered":"<p>Una vez m\u00e1s, Kurt Wallander tiene que dejar de lado sus problemas personales (la soledad, la incomunicaci\u00f3n con su hija adolescente o el agrio car\u00e1cter de su anciano padre) y tratar de encajar las piezas del tremendo puzzle.<\/p>\n","protected":false},"featured_media":5986,"template":"","meta":[],"product_brand":[996],"product_cat":[48],"product_tag":[],"class_list":{"0":"post-5985","1":"product","2":"type-product","3":"status-publish","4":"has-post-thumbnail","6":"product_brand-henning-mankell","7":"product_cat-thrillers","9":"first","10":"instock","11":"purchasable","12":"product-type-simple"},"featured_image_urls_v2":{"full":["https:\/\/ajupe.com.uy\/web\/wp-content\/uploads\/2016\/04\/p-5985-La_leona_blanca_50aa879a65391.jpg",181,276,false],"thumbnail":["https:\/\/ajupe.com.uy\/web\/wp-content\/uploads\/2016\/04\/p-5985-La_leona_blanca_50aa879a65391.jpg",150,150,true],"medium":["https:\/\/ajupe.com.uy\/web\/wp-content\/uploads\/2016\/04\/p-5985-La_leona_blanca_50aa879a65391.jpg",300,214,true],"medium_large":["https:\/\/ajupe.com.uy\/web\/wp-content\/uploads\/2016\/04\/p-5985-La_leona_blanca_50aa879a65391.jpg",181,276,false],"large":["https:\/\/ajupe.com.uy\/web\/wp-content\/uploads\/2016\/04\/p-5985-La_leona_blanca_50aa879a65391.jpg",181,276,false],"1536x1536":["https:\/\/ajupe.com.uy\/web\/wp-content\/uploads\/2016\/04\/p-5985-La_leona_blanca_50aa879a65391.jpg",181,276,false],"2048x2048":["https:\/\/ajupe.com.uy\/web\/wp-content\/uploads\/2016\/04\/p-5985-La_leona_blanca_50aa879a65391.jpg",181,276,false],"woocommerce_archive_thumbnail":["https:\/\/ajupe.com.uy\/web\/wp-content\/uploads\/2016\/04\/p-5985-La_leona_blanca_50aa879a65391.jpg",181,276,false],"woocommerce_thumbnail":["https:\/\/ajupe.com.uy\/web\/wp-content\/uploads\/2016\/04\/p-5985-La_leona_blanca_50aa879a65391.jpg",181,276,false],"woocommerce_single":["https:\/\/ajupe.com.uy\/web\/wp-content\/uploads\/2016\/04\/p-5985-La_leona_blanca_50aa879a65391.jpg",181,276,false],"woocommerce_gallery_thumbnail":["https:\/\/ajupe.com.uy\/web\/wp-content\/uploads\/2016\/04\/p-5985-La_leona_blanca_50aa879a65391-100x100.jpg",100,100,true]},"post_excerpt_stackable_v2":"<p>Una vez m\u00e1s, Kurt Wallander tiene que dejar de lado sus problemas personales (la soledad, la incomunicaci\u00f3n con su hija adolescente o el agrio car\u00e1cter de su anciano padre) y tratar de encajar las piezas del tremendo puzzle.<\/p>\n","category_list_v2":"","author_info_v2":{"name":"","url":""},"comments_num_v2":"0 comentarios","_links":{"self":[{"href":"https:\/\/ajupe.com.uy\/web\/wp-json\/wp\/v2\/product\/5985","targetHints":{"allow":["GET"]}}],"collection":[{"href":"https:\/\/ajupe.com.uy\/web\/wp-json\/wp\/v2\/product"}],"about":[{"href":"https:\/\/ajupe.com.uy\/web\/wp-json\/wp\/v2\/types\/product"}],"wp:featuredmedia":[{"embeddable":true,"href":"https:\/\/ajupe.com.uy\/web\/wp-json\/wp\/v2\/media\/5986"}],"wp:attachment":[{"href":"https:\/\/ajupe.com.uy\/web\/wp-json\/wp\/v2\/media?parent=5985"}],"wp:term":[{"taxonomy":"product_brand","embeddable":true,"href":"https:\/\/ajupe.com.uy\/web\/wp-json\/wp\/v2\/product_brand?post=5985"},{"taxonomy":"product_cat","embeddable":true,"href":"https:\/\/ajupe.com.uy\/web\/wp-json\/wp\/v2\/product_cat?post=5985"},{"taxonomy":"product_tag","embeddable":true,"href":"https:\/\/ajupe.com.uy\/web\/wp-json\/wp\/v2\/product_tag?post=5985"}],"curies":[{"name":"wp","href":"https:\/\/api.w.org\/{rel}","templated":true}]}}