{"id":5988,"date":"2012-11-19T19:36:01","date_gmt":"2012-11-19T22:36:01","guid":{"rendered":"http:\/\/ajupe.com.uy\/web\/?post_type=product&#038;p=5988"},"modified":"2012-11-19T19:36:01","modified_gmt":"2012-11-19T22:36:01","slug":"mi-primer-muerto","status":"publish","type":"product","link":"https:\/\/ajupe.com.uy\/web\/biblioteca\/mi-primer-muerto\/","title":{"rendered":"Mi primer muerto"},"content":{"rendered":"<p>En Villa Maisetta, la intimidante finca de los Peltonen, encuentran  muerto de madrugada al hijo de la familia, Jukka, un rico seductor con  mentalidad de adolescente. En la villa se alojan esos d\u00edas siete  compa\u00f1eros del joven en la coral de estudiantes, todos ellos con motivos  sobrados para matar a Jukka: por celos profesionales o sexuales, por  inter\u00e9s monetario&#8230;<\/p>\n<p> La detective encargada del caso, Maria Kallio, joven, pelirroja y muy  poco convencional, reci\u00e9n reincorporada a la polic\u00eda tras una temporada  apartada del cuerpo para estudiar Derecho, tendr\u00e1 que emplearse a fondo  para enfrentarse a un caso con m\u00e1s de una conexi\u00f3n con su pasado.<\/p>\n","protected":false},"excerpt":{"rendered":"<p>En Villa Maisetta, la intimidante finca de los Peltonen, encuentran muerto de madrugada al hijo de la familia, Jukka, un rico seductor con mentalidad de adolescente. La detective encargada del caso,tendr\u00e1 que emplearse a fondo para enfrentarse a un caso c<\/p>\n","protected":false},"featured_media":5989,"template":"","meta":[],"product_brand":[1185],"product_cat":[40],"product_tag":[],"class_list":{"0":"post-5988","1":"product","2":"type-product","3":"status-publish","4":"has-post-thumbnail","6":"product_brand-leena-lehtolainen","7":"product_cat-policial","9":"first","10":"instock","11":"purchasable","12":"product-type-simple"},"featured_image_urls_v2":{"full":["https:\/\/ajupe.com.uy\/web\/wp-content\/uploads\/2016\/04\/p-5988-Mi_primer_muerto_50aa8a21e846f.jpg",194,334,false],"thumbnail":["https:\/\/ajupe.com.uy\/web\/wp-content\/uploads\/2016\/04\/p-5988-Mi_primer_muerto_50aa8a21e846f.jpg",150,150,true],"medium":["https:\/\/ajupe.com.uy\/web\/wp-content\/uploads\/2016\/04\/p-5988-Mi_primer_muerto_50aa8a21e846f.jpg",300,214,true],"medium_large":["https:\/\/ajupe.com.uy\/web\/wp-content\/uploads\/2016\/04\/p-5988-Mi_primer_muerto_50aa8a21e846f.jpg",194,334,false],"large":["https:\/\/ajupe.com.uy\/web\/wp-content\/uploads\/2016\/04\/p-5988-Mi_primer_muerto_50aa8a21e846f.jpg",194,334,false],"1536x1536":["https:\/\/ajupe.com.uy\/web\/wp-content\/uploads\/2016\/04\/p-5988-Mi_primer_muerto_50aa8a21e846f.jpg",194,334,false],"2048x2048":["https:\/\/ajupe.com.uy\/web\/wp-content\/uploads\/2016\/04\/p-5988-Mi_primer_muerto_50aa8a21e846f.jpg",194,334,false],"woocommerce_archive_thumbnail":["https:\/\/ajupe.com.uy\/web\/wp-content\/uploads\/2016\/04\/p-5988-Mi_primer_muerto_50aa8a21e846f-194x300.jpg",194,300,true],"woocommerce_thumbnail":["https:\/\/ajupe.com.uy\/web\/wp-content\/uploads\/2016\/04\/p-5988-Mi_primer_muerto_50aa8a21e846f-194x300.jpg",194,300,true],"woocommerce_single":["https:\/\/ajupe.com.uy\/web\/wp-content\/uploads\/2016\/04\/p-5988-Mi_primer_muerto_50aa8a21e846f.jpg",194,334,false],"woocommerce_gallery_thumbnail":["https:\/\/ajupe.com.uy\/web\/wp-content\/uploads\/2016\/04\/p-5988-Mi_primer_muerto_50aa8a21e846f-100x100.jpg",100,100,true]},"post_excerpt_stackable_v2":"<p>En Villa Maisetta, la intimidante finca de los Peltonen, encuentran muerto de madrugada al hijo de la familia, Jukka, un rico seductor con mentalidad de adolescente. La detective encargada del caso,tendr\u00e1 que emplearse a fondo para enfrentarse a un caso c<\/p>\n","category_list_v2":"","author_info_v2":{"name":"","url":""},"comments_num_v2":"0 comentarios","_links":{"self":[{"href":"https:\/\/ajupe.com.uy\/web\/wp-json\/wp\/v2\/product\/5988","targetHints":{"allow":["GET"]}}],"collection":[{"href":"https:\/\/ajupe.com.uy\/web\/wp-json\/wp\/v2\/product"}],"about":[{"href":"https:\/\/ajupe.com.uy\/web\/wp-json\/wp\/v2\/types\/product"}],"wp:featuredmedia":[{"embeddable":true,"href":"https:\/\/ajupe.com.uy\/web\/wp-json\/wp\/v2\/media\/5989"}],"wp:attachment":[{"href":"https:\/\/ajupe.com.uy\/web\/wp-json\/wp\/v2\/media?parent=5988"}],"wp:term":[{"taxonomy":"product_brand","embeddable":true,"href":"https:\/\/ajupe.com.uy\/web\/wp-json\/wp\/v2\/product_brand?post=5988"},{"taxonomy":"product_cat","embeddable":true,"href":"https:\/\/ajupe.com.uy\/web\/wp-json\/wp\/v2\/product_cat?post=5988"},{"taxonomy":"product_tag","embeddable":true,"href":"https:\/\/ajupe.com.uy\/web\/wp-json\/wp\/v2\/product_tag?post=5988"}],"curies":[{"name":"wp","href":"https:\/\/api.w.org\/{rel}","templated":true}]}}