{"id":6042,"date":"2013-03-14T19:48:45","date_gmt":"2013-03-14T22:48:45","guid":{"rendered":"http:\/\/ajupe.com.uy\/web\/?post_type=product&#038;p=6042"},"modified":"2013-03-14T19:48:45","modified_gmt":"2013-03-14T22:48:45","slug":"la-danza-de-la-gaviota","status":"publish","type":"product","link":"https:\/\/ajupe.com.uy\/web\/biblioteca\/la-danza-de-la-gaviota\/","title":{"rendered":"La danza de la gaviota"},"content":{"rendered":"<p>El insomnio ha vuelto a sacar al comisario Montalbano de la cama. Al  amanecer, con una taza de caf\u00e9 en la mano, sale a la terraza para  contemplar el mar y asiste a un solitario y l\u00fagubre espect\u00e1culo: en la  arena, una gaviota enferma, o quiz\u00e1 herida, parece ejecutar una extra\u00f1a  coreograf\u00eda antes de caer fulminada, como si la vida se resistiera a  abandonar su cuerpo para siempre. La imagen suscita en el comisario los  mismos sentimientos f\u00fanebres e insidiosos que en los \u00faltimos tiempos han  enturbiado su mente, y se le antoja una especie de premonici\u00f3n.<br \/> Y lo es. Las vacaciones que Montalbano ten\u00eda previsto disfrutar junto a  Livia se frustran cuando Fazio, la inestimable mano derecha del  comisario, sencillamente desaparece del mapa. No ha vuelto a casa, su  tel\u00e9fono est\u00e1 desconectado y s\u00f3lo se sabe que iba a encontrarse con  alguien en el puerto. Sus compa\u00f1eros se temen lo peor, y la visi\u00f3n de su  querido Fazio herido, o tal vez muerto, mortifica a Montalbano de tal  forma que no reparar\u00e1 en esfuerzos para encontrarlo.<br \/> Bien entrado en la cincuentena, Salvo Montalbano vive cada d\u00eda m\u00e1s  angustiado por los efectos de la edad y el desencanto. En otro sutil  toque de humor de su genial creador, los acontecimientos de La danza de  la gaviota transcurren cerca del lugar donde se est\u00e1 rodando un episodio  de la famosa teleserie sobre Montalbano. Por supuesto, \u00e9ste evita a  toda costa cruzarse con el actor que lo interpreta, que es mucho m\u00e1s  joven y atractivo, aunque dif\u00edcilmente tan irresistible para las mujeres  como \u00e9l.<\/p>\n","protected":false},"excerpt":{"rendered":"<p>El insomnio ha vuelto a sacar al comisario Montalbano de la cama. Al amanecer, con una taza de caf\u00e9 en la mano, sale a la terraza para contemplar el mar y asiste a un solitario y l\u00fagubre espect\u00e1culo: en la arena, una gaviota enferma, o quiz\u00e1 herida, parec<\/p>\n","protected":false},"featured_media":6043,"template":"","meta":[],"product_brand":[399],"product_cat":[29],"product_tag":[],"class_list":{"0":"post-6042","1":"product","2":"type-product","3":"status-publish","4":"has-post-thumbnail","6":"product_brand-andrea-camilleri","7":"product_cat-novela","9":"first","10":"instock","11":"purchasable","12":"product-type-simple"},"featured_image_urls_v2":{"full":["https:\/\/ajupe.com.uy\/web\/wp-content\/uploads\/2016\/04\/p-6042-La_danza_de_la_g_5142299dcf804.jpg",200,321,false],"thumbnail":["https:\/\/ajupe.com.uy\/web\/wp-content\/uploads\/2016\/04\/p-6042-La_danza_de_la_g_5142299dcf804.jpg",150,150,true],"medium":["https:\/\/ajupe.com.uy\/web\/wp-content\/uploads\/2016\/04\/p-6042-La_danza_de_la_g_5142299dcf804.jpg",300,214,true],"medium_large":["https:\/\/ajupe.com.uy\/web\/wp-content\/uploads\/2016\/04\/p-6042-La_danza_de_la_g_5142299dcf804.jpg",200,321,false],"large":["https:\/\/ajupe.com.uy\/web\/wp-content\/uploads\/2016\/04\/p-6042-La_danza_de_la_g_5142299dcf804.jpg",200,321,false],"1536x1536":["https:\/\/ajupe.com.uy\/web\/wp-content\/uploads\/2016\/04\/p-6042-La_danza_de_la_g_5142299dcf804.jpg",200,321,false],"2048x2048":["https:\/\/ajupe.com.uy\/web\/wp-content\/uploads\/2016\/04\/p-6042-La_danza_de_la_g_5142299dcf804.jpg",200,321,false],"woocommerce_archive_thumbnail":["https:\/\/ajupe.com.uy\/web\/wp-content\/uploads\/2016\/04\/p-6042-La_danza_de_la_g_5142299dcf804.jpg",200,321,false],"woocommerce_thumbnail":["https:\/\/ajupe.com.uy\/web\/wp-content\/uploads\/2016\/04\/p-6042-La_danza_de_la_g_5142299dcf804-200x300.jpg",200,300,true],"woocommerce_single":["https:\/\/ajupe.com.uy\/web\/wp-content\/uploads\/2016\/04\/p-6042-La_danza_de_la_g_5142299dcf804.jpg",200,321,false],"woocommerce_gallery_thumbnail":["https:\/\/ajupe.com.uy\/web\/wp-content\/uploads\/2016\/04\/p-6042-La_danza_de_la_g_5142299dcf804-100x100.jpg",100,100,true]},"post_excerpt_stackable_v2":"<p>El insomnio ha vuelto a sacar al comisario Montalbano de la cama. Al amanecer, con una taza de caf\u00e9 en la mano, sale a la terraza para contemplar el mar y asiste a un solitario y l\u00fagubre espect\u00e1culo: en la arena, una gaviota enferma, o quiz\u00e1 herida, parec<\/p>\n","category_list_v2":"","author_info_v2":{"name":"","url":""},"comments_num_v2":"0 comentarios","_links":{"self":[{"href":"https:\/\/ajupe.com.uy\/web\/wp-json\/wp\/v2\/product\/6042","targetHints":{"allow":["GET"]}}],"collection":[{"href":"https:\/\/ajupe.com.uy\/web\/wp-json\/wp\/v2\/product"}],"about":[{"href":"https:\/\/ajupe.com.uy\/web\/wp-json\/wp\/v2\/types\/product"}],"wp:featuredmedia":[{"embeddable":true,"href":"https:\/\/ajupe.com.uy\/web\/wp-json\/wp\/v2\/media\/6043"}],"wp:attachment":[{"href":"https:\/\/ajupe.com.uy\/web\/wp-json\/wp\/v2\/media?parent=6042"}],"wp:term":[{"taxonomy":"product_brand","embeddable":true,"href":"https:\/\/ajupe.com.uy\/web\/wp-json\/wp\/v2\/product_brand?post=6042"},{"taxonomy":"product_cat","embeddable":true,"href":"https:\/\/ajupe.com.uy\/web\/wp-json\/wp\/v2\/product_cat?post=6042"},{"taxonomy":"product_tag","embeddable":true,"href":"https:\/\/ajupe.com.uy\/web\/wp-json\/wp\/v2\/product_tag?post=6042"}],"curies":[{"name":"wp","href":"https:\/\/api.w.org\/{rel}","templated":true}]}}