{"id":6120,"date":"2013-05-10T21:22:51","date_gmt":"2013-05-11T00:22:51","guid":{"rendered":"http:\/\/ajupe.com.uy\/web\/?post_type=product&#038;p=6120"},"modified":"2013-05-10T21:22:51","modified_gmt":"2013-05-11T00:22:51","slug":"tirano","status":"publish","type":"product","link":"https:\/\/ajupe.com.uy\/web\/biblioteca\/tirano\/","title":{"rendered":"Tirano"},"content":{"rendered":"<p>Un valeroso guerrero, con cualidades humanas que le hacen m\u00e1s moderno e  interesante, lidera una compa\u00f1\u00eda de mercenarios de diversas procedencias  que enriquecen la aventura. Un relato de tensi\u00f3n constante, que revela  h\u00e1bilmente el \u00e1mbito m\u00e1gico y mitol\u00f3gico de la Grecia antigua, con la  visi\u00f3n existencialista y de dilemas \u00e9ticos propios de la modernidad.<br \/>Enviado  al exilio tras servir a las \u00f3rdenes de Alejandro de Macedonia, Kineas  se ve obligado a marchar a Olbia, ciudad cuyo tirano ofrece dinero a  quien pueda entrenar su ej\u00e9rcito de \u00e9lite. Enfrent\u00e1ndose a las profec\u00edas  de un vidente escita y al mortal amor de una guerrera deslumbrante,  Kineas tendr\u00e1 que batirse, mano a mano con sus hombres, contra la cruel  maquinaria de Alejandro en una batalla que podr\u00eda acarrearle la muerte.<\/p>\n","protected":false},"excerpt":{"rendered":"<p>Un valeroso guerrero, con cualidades humanas que le hacen m\u00e1s moderno e interesante, lidera una compa\u00f1\u00eda de mercenarios de diversas procedencias que enriquecen la aventura. Un relato de tensi\u00f3n constante, que revela h\u00e1bilmente el \u00e1mbito m\u00e1gico y mitol\u00f3gic<\/p>\n","protected":false},"featured_media":6121,"template":"","meta":[],"product_brand":[1205],"product_cat":[31,29],"product_tag":[],"class_list":{"0":"post-6120","1":"product","2":"type-product","3":"status-publish","4":"has-post-thumbnail","6":"product_brand-christian-cameron","7":"product_cat-historico","8":"product_cat-novela","10":"first","11":"instock","12":"purchasable","13":"product-type-simple"},"featured_image_urls_v2":{"full":["https:\/\/ajupe.com.uy\/web\/wp-content\/uploads\/2016\/04\/p-6120-Tirano_518d652b1c18d.jpg",228,346,false],"thumbnail":["https:\/\/ajupe.com.uy\/web\/wp-content\/uploads\/2016\/04\/p-6120-Tirano_518d652b1c18d.jpg",150,150,true],"medium":["https:\/\/ajupe.com.uy\/web\/wp-content\/uploads\/2016\/04\/p-6120-Tirano_518d652b1c18d.jpg",300,214,true],"medium_large":["https:\/\/ajupe.com.uy\/web\/wp-content\/uploads\/2016\/04\/p-6120-Tirano_518d652b1c18d.jpg",228,346,false],"large":["https:\/\/ajupe.com.uy\/web\/wp-content\/uploads\/2016\/04\/p-6120-Tirano_518d652b1c18d.jpg",228,346,false],"1536x1536":["https:\/\/ajupe.com.uy\/web\/wp-content\/uploads\/2016\/04\/p-6120-Tirano_518d652b1c18d.jpg",228,346,false],"2048x2048":["https:\/\/ajupe.com.uy\/web\/wp-content\/uploads\/2016\/04\/p-6120-Tirano_518d652b1c18d.jpg",228,346,false],"woocommerce_archive_thumbnail":["https:\/\/ajupe.com.uy\/web\/wp-content\/uploads\/2016\/04\/p-6120-Tirano_518d652b1c18d-228x300.jpg",228,300,true],"woocommerce_thumbnail":["https:\/\/ajupe.com.uy\/web\/wp-content\/uploads\/2016\/04\/p-6120-Tirano_518d652b1c18d-228x300.jpg",228,300,true],"woocommerce_single":["https:\/\/ajupe.com.uy\/web\/wp-content\/uploads\/2016\/04\/p-6120-Tirano_518d652b1c18d.jpg",228,346,false],"woocommerce_gallery_thumbnail":["https:\/\/ajupe.com.uy\/web\/wp-content\/uploads\/2016\/04\/p-6120-Tirano_518d652b1c18d-100x100.jpg",100,100,true]},"post_excerpt_stackable_v2":"<p>Un valeroso guerrero, con cualidades humanas que le hacen m\u00e1s moderno e interesante, lidera una compa\u00f1\u00eda de mercenarios de diversas procedencias que enriquecen la aventura. Un relato de tensi\u00f3n constante, que revela h\u00e1bilmente el \u00e1mbito m\u00e1gico y mitol\u00f3gic<\/p>\n","category_list_v2":"","author_info_v2":{"name":"","url":""},"comments_num_v2":"0 comentarios","_links":{"self":[{"href":"https:\/\/ajupe.com.uy\/web\/wp-json\/wp\/v2\/product\/6120","targetHints":{"allow":["GET"]}}],"collection":[{"href":"https:\/\/ajupe.com.uy\/web\/wp-json\/wp\/v2\/product"}],"about":[{"href":"https:\/\/ajupe.com.uy\/web\/wp-json\/wp\/v2\/types\/product"}],"wp:featuredmedia":[{"embeddable":true,"href":"https:\/\/ajupe.com.uy\/web\/wp-json\/wp\/v2\/media\/6121"}],"wp:attachment":[{"href":"https:\/\/ajupe.com.uy\/web\/wp-json\/wp\/v2\/media?parent=6120"}],"wp:term":[{"taxonomy":"product_brand","embeddable":true,"href":"https:\/\/ajupe.com.uy\/web\/wp-json\/wp\/v2\/product_brand?post=6120"},{"taxonomy":"product_cat","embeddable":true,"href":"https:\/\/ajupe.com.uy\/web\/wp-json\/wp\/v2\/product_cat?post=6120"},{"taxonomy":"product_tag","embeddable":true,"href":"https:\/\/ajupe.com.uy\/web\/wp-json\/wp\/v2\/product_tag?post=6120"}],"curies":[{"name":"wp","href":"https:\/\/api.w.org\/{rel}","templated":true}]}}