{"id":6144,"date":"2013-05-14T18:35:39","date_gmt":"2013-05-14T21:35:39","guid":{"rendered":"http:\/\/ajupe.com.uy\/web\/?post_type=product&#038;p=6144"},"modified":"2013-05-14T18:35:39","modified_gmt":"2013-05-14T21:35:39","slug":"el-testigo-invisible","status":"publish","type":"product","link":"https:\/\/ajupe.com.uy\/web\/biblioteca\/el-testigo-invisible\/","title":{"rendered":"El testigo invisible"},"content":{"rendered":"<p>Leonid Sednev, deshollinador imperial y m\u00e1s tarde pinche de cocina,  ten\u00eda quince a\u00f1os la noche del 17 de julio de 1918, cuando un grupo de  militares de la Revoluci\u00f3n bolchevique asesin\u00f3 brutalmente a la familia  imperial rusa. Leonid fue el \u00fanico superviviente y testigo invisible de  la tragedia. Mucho tiempo despu\u00e9s, un Leonid ya anciano decide  recomponer sus recuerdos y comienza este relato, desde los ojos del  sirviente de la familia imperial, con el que recrea los \u00faltimos a\u00f1os del  Imperio ruso y el cambio de r\u00e9gimen. Carmen Posadas nos sumerge, con su  habitual maestr\u00eda, en el fascinante mundo de la familia imperial rusa:  luces y sombras de palacio, en un desfile de princesas y  deshollinadores, zares y bolcheviques, lujo y miseria.<\/p>\n","protected":false},"excerpt":{"rendered":"<p>Carmen Posadas nos sumerge, con su habitual maestr\u00eda, en el fascinante mundo de la familia imperial rusa: luces y sombras de palacio, en un desfile de princesas y deshollinadores, zares y bolcheviques, lujo y miseria.<\/p>\n","protected":false},"featured_media":6145,"template":"","meta":[],"product_brand":[130],"product_cat":[29],"product_tag":[],"class_list":{"0":"post-6144","1":"product","2":"type-product","3":"status-publish","4":"has-post-thumbnail","6":"product_brand-carmen-posadas","7":"product_cat-novela","9":"first","10":"instock","11":"purchasable","12":"product-type-simple"},"featured_image_urls_v2":{"full":["https:\/\/ajupe.com.uy\/web\/wp-content\/uploads\/2016\/04\/p-6144-El_testigo_invis_519283fbdfa3d.jpg",220,338,false],"thumbnail":["https:\/\/ajupe.com.uy\/web\/wp-content\/uploads\/2016\/04\/p-6144-El_testigo_invis_519283fbdfa3d.jpg",150,150,true],"medium":["https:\/\/ajupe.com.uy\/web\/wp-content\/uploads\/2016\/04\/p-6144-El_testigo_invis_519283fbdfa3d.jpg",300,214,true],"medium_large":["https:\/\/ajupe.com.uy\/web\/wp-content\/uploads\/2016\/04\/p-6144-El_testigo_invis_519283fbdfa3d.jpg",220,338,false],"large":["https:\/\/ajupe.com.uy\/web\/wp-content\/uploads\/2016\/04\/p-6144-El_testigo_invis_519283fbdfa3d.jpg",220,338,false],"1536x1536":["https:\/\/ajupe.com.uy\/web\/wp-content\/uploads\/2016\/04\/p-6144-El_testigo_invis_519283fbdfa3d.jpg",220,338,false],"2048x2048":["https:\/\/ajupe.com.uy\/web\/wp-content\/uploads\/2016\/04\/p-6144-El_testigo_invis_519283fbdfa3d.jpg",220,338,false],"woocommerce_archive_thumbnail":["https:\/\/ajupe.com.uy\/web\/wp-content\/uploads\/2016\/04\/p-6144-El_testigo_invis_519283fbdfa3d-220x300.jpg",220,300,true],"woocommerce_thumbnail":["https:\/\/ajupe.com.uy\/web\/wp-content\/uploads\/2016\/04\/p-6144-El_testigo_invis_519283fbdfa3d-220x300.jpg",220,300,true],"woocommerce_single":["https:\/\/ajupe.com.uy\/web\/wp-content\/uploads\/2016\/04\/p-6144-El_testigo_invis_519283fbdfa3d.jpg",220,338,false],"woocommerce_gallery_thumbnail":["https:\/\/ajupe.com.uy\/web\/wp-content\/uploads\/2016\/04\/p-6144-El_testigo_invis_519283fbdfa3d-100x100.jpg",100,100,true]},"post_excerpt_stackable_v2":"<p>Carmen Posadas nos sumerge, con su habitual maestr\u00eda, en el fascinante mundo de la familia imperial rusa: luces y sombras de palacio, en un desfile de princesas y deshollinadores, zares y bolcheviques, lujo y miseria.<\/p>\n","category_list_v2":"","author_info_v2":{"name":"","url":""},"comments_num_v2":"0 comentarios","_links":{"self":[{"href":"https:\/\/ajupe.com.uy\/web\/wp-json\/wp\/v2\/product\/6144","targetHints":{"allow":["GET"]}}],"collection":[{"href":"https:\/\/ajupe.com.uy\/web\/wp-json\/wp\/v2\/product"}],"about":[{"href":"https:\/\/ajupe.com.uy\/web\/wp-json\/wp\/v2\/types\/product"}],"wp:featuredmedia":[{"embeddable":true,"href":"https:\/\/ajupe.com.uy\/web\/wp-json\/wp\/v2\/media\/6145"}],"wp:attachment":[{"href":"https:\/\/ajupe.com.uy\/web\/wp-json\/wp\/v2\/media?parent=6144"}],"wp:term":[{"taxonomy":"product_brand","embeddable":true,"href":"https:\/\/ajupe.com.uy\/web\/wp-json\/wp\/v2\/product_brand?post=6144"},{"taxonomy":"product_cat","embeddable":true,"href":"https:\/\/ajupe.com.uy\/web\/wp-json\/wp\/v2\/product_cat?post=6144"},{"taxonomy":"product_tag","embeddable":true,"href":"https:\/\/ajupe.com.uy\/web\/wp-json\/wp\/v2\/product_tag?post=6144"}],"curies":[{"name":"wp","href":"https:\/\/api.w.org\/{rel}","templated":true}]}}