{"id":6192,"date":"2013-05-17T18:42:23","date_gmt":"2013-05-17T21:42:23","guid":{"rendered":"http:\/\/ajupe.com.uy\/web\/?post_type=product&#038;p=6192"},"modified":"2013-05-17T18:42:23","modified_gmt":"2013-05-17T21:42:23","slug":"relato-oculto","status":"publish","type":"product","link":"https:\/\/ajupe.com.uy\/web\/biblioteca\/relato-oculto\/","title":{"rendered":"Relato oculto"},"content":{"rendered":"<p>Y un d\u00eda  cambi\u00f3. Dijo que fue despu\u00e9s de una conversaci\u00f3n telef\u00f3nica con N\u00e9stor  Kirchner, entonces presidente, quien lo llam\u00f3 para explicarle por qu\u00e9  hab\u00eda comprado dos millones de d\u00f3lares despu\u00e9s de una operaci\u00f3n  inmobiliaria. El Gobierno, entonces \u2013para usar un t\u00e9rmino de la  militancia pol\u00edtica-, lo empez\u00f3 a `atender\u00b4: se encontr\u00f3 con algunos  ministros, habl\u00f3 con otros funcionarios y se produjo la magia.<\/p>\n<p>Si  ser kirchnerista se convirti\u00f3 en un adjetivo, tan kirchnerista se hizo  V\u00edctor Hugo Morales que, en un discurso a la naci\u00f3n, Cristina sugiri\u00f3  que iba a tomar su propuesta y pesificar sus ahorros en d\u00f3lares, en  medio de una corrida bancaria. Los motivos de la conversi\u00f3n son un  enigma: hay quienes creen que su odio a Clar\u00edn es tan grande que  transform\u00f3 en amor al odio de su adversario.<\/p>\n<p>Frente  a la menci\u00f3n de la palabra Clar\u00edn, V\u00edctor Hugo reacciona como un ni\u00f1o  adoptivo al que le mintieron toda la vida. La hip\u00f3tesis ser\u00eda veros\u00edmil  si el propio V\u00edctor Hugo no hubiera, hace algunos a\u00f1os, tratado de  negociar con Radio Mitre, con quien lleg\u00f3 a un acuerdo econ\u00f3mico.<\/p>\n<p>Pero,  y entonces, \u00bfqui\u00e9n es V\u00edctor Hugo Morales, vecino de Buenos Aires y de  Nueva York, mel\u00f3mano aficionado \u2013acomplejado, creen algunos-, uruguayo  de nacimiento y kirchnerista por adopci\u00f3n? \u00bfEs cierto que no tiene en su  agenda `ni el tel\u00e9fono de un militar\u00b4 el relator estrella de la  televisi\u00f3n uruguaya durante la dictadura? Solo periodistas uruguayos  pod\u00edan correr ese velo. Leonardo Haberkorn y Luciano \u00c1lvarez lo hacen.<\/p>\n<p>Siempre  me pregunt\u00e9 por qu\u00e9 V\u00edctor Hugo reaccionaba tan violentamente cuando  Pablo Sirv\u00e9n lo calificaba de `converso\u00b4. En este libro encontr\u00e9 la  respuesta.<\/p>\n<p>Jorge Lanata.<\/p>\n","protected":false},"excerpt":{"rendered":"<p>Y un d\u00eda cambi\u00f3. Dijo que fue despu\u00e9s de una conversaci\u00f3n telef\u00f3nica con N\u00e9stor Kirchner, entonces presidente, quien lo llam\u00f3 para explicarle por qu\u00e9 hab\u00eda comprado dos millones de d\u00f3lares despu\u00e9s de una operaci\u00f3n inmobiliaria. El Gobierno, entonces \u2013para<\/p>\n","protected":false},"featured_media":6193,"template":"","meta":[],"product_brand":[1217],"product_cat":[39],"product_tag":[],"class_list":{"0":"post-6192","1":"product","2":"type-product","3":"status-publish","4":"has-post-thumbnail","6":"product_brand-haberkorn-alvarez","7":"product_cat-veridico","9":"first","10":"instock","11":"purchasable","12":"product-type-simple"},"featured_image_urls_v2":{"full":["https:\/\/ajupe.com.uy\/web\/wp-content\/uploads\/2016\/04\/p-6192-Relato_oculto_51967a0f0d8a0.jpg",217,331,false],"thumbnail":["https:\/\/ajupe.com.uy\/web\/wp-content\/uploads\/2016\/04\/p-6192-Relato_oculto_51967a0f0d8a0.jpg",150,150,true],"medium":["https:\/\/ajupe.com.uy\/web\/wp-content\/uploads\/2016\/04\/p-6192-Relato_oculto_51967a0f0d8a0.jpg",300,214,true],"medium_large":["https:\/\/ajupe.com.uy\/web\/wp-content\/uploads\/2016\/04\/p-6192-Relato_oculto_51967a0f0d8a0.jpg",217,331,false],"large":["https:\/\/ajupe.com.uy\/web\/wp-content\/uploads\/2016\/04\/p-6192-Relato_oculto_51967a0f0d8a0.jpg",217,331,false],"1536x1536":["https:\/\/ajupe.com.uy\/web\/wp-content\/uploads\/2016\/04\/p-6192-Relato_oculto_51967a0f0d8a0.jpg",217,331,false],"2048x2048":["https:\/\/ajupe.com.uy\/web\/wp-content\/uploads\/2016\/04\/p-6192-Relato_oculto_51967a0f0d8a0.jpg",217,331,false],"woocommerce_archive_thumbnail":["https:\/\/ajupe.com.uy\/web\/wp-content\/uploads\/2016\/04\/p-6192-Relato_oculto_51967a0f0d8a0-217x300.jpg",217,300,true],"woocommerce_thumbnail":["https:\/\/ajupe.com.uy\/web\/wp-content\/uploads\/2016\/04\/p-6192-Relato_oculto_51967a0f0d8a0-217x300.jpg",217,300,true],"woocommerce_single":["https:\/\/ajupe.com.uy\/web\/wp-content\/uploads\/2016\/04\/p-6192-Relato_oculto_51967a0f0d8a0.jpg",217,331,false],"woocommerce_gallery_thumbnail":["https:\/\/ajupe.com.uy\/web\/wp-content\/uploads\/2016\/04\/p-6192-Relato_oculto_51967a0f0d8a0-100x100.jpg",100,100,true]},"post_excerpt_stackable_v2":"<p>Y un d\u00eda cambi\u00f3. Dijo que fue despu\u00e9s de una conversaci\u00f3n telef\u00f3nica con N\u00e9stor Kirchner, entonces presidente, quien lo llam\u00f3 para explicarle por qu\u00e9 hab\u00eda comprado dos millones de d\u00f3lares despu\u00e9s de una operaci\u00f3n inmobiliaria. El Gobierno, entonces \u2013para<\/p>\n","category_list_v2":"","author_info_v2":{"name":"","url":""},"comments_num_v2":"0 comentarios","_links":{"self":[{"href":"https:\/\/ajupe.com.uy\/web\/wp-json\/wp\/v2\/product\/6192","targetHints":{"allow":["GET"]}}],"collection":[{"href":"https:\/\/ajupe.com.uy\/web\/wp-json\/wp\/v2\/product"}],"about":[{"href":"https:\/\/ajupe.com.uy\/web\/wp-json\/wp\/v2\/types\/product"}],"wp:featuredmedia":[{"embeddable":true,"href":"https:\/\/ajupe.com.uy\/web\/wp-json\/wp\/v2\/media\/6193"}],"wp:attachment":[{"href":"https:\/\/ajupe.com.uy\/web\/wp-json\/wp\/v2\/media?parent=6192"}],"wp:term":[{"taxonomy":"product_brand","embeddable":true,"href":"https:\/\/ajupe.com.uy\/web\/wp-json\/wp\/v2\/product_brand?post=6192"},{"taxonomy":"product_cat","embeddable":true,"href":"https:\/\/ajupe.com.uy\/web\/wp-json\/wp\/v2\/product_cat?post=6192"},{"taxonomy":"product_tag","embeddable":true,"href":"https:\/\/ajupe.com.uy\/web\/wp-json\/wp\/v2\/product_tag?post=6192"}],"curies":[{"name":"wp","href":"https:\/\/api.w.org\/{rel}","templated":true}]}}