{"id":6273,"date":"2013-08-06T20:56:37","date_gmt":"2013-08-06T23:56:37","guid":{"rendered":"http:\/\/ajupe.com.uy\/web\/?post_type=product&#038;p=6273"},"modified":"2013-08-06T20:56:37","modified_gmt":"2013-08-06T23:56:37","slug":"el-tango-de-la-guardia-vieja","status":"publish","type":"product","link":"https:\/\/ajupe.com.uy\/web\/biblioteca\/el-tango-de-la-guardia-vieja\/","title":{"rendered":"El tango de la guardia vieja"},"content":{"rendered":"<p>La trepidante aventura de Max Costa y Mecha Inzunza les lleva a recorrer  tres escenarios distintos del convulso siglo XX: pasar\u00e1n en 1928 por  Buenos Aires gracias a una extra\u00f1a apuesta entre dos m\u00fasicos, en Niza se  ver\u00e1n envueltos en medio de una trama de espionaje durante los a\u00f1os de  la Guerra Civil espa\u00f1ola y los primeros vientos de la segunda Guerra  Mundial, para terminar en Sorrento, en los a\u00f1os sesenta, embarcados en  una inquietante partida de ajedrez.El tango de la Guardia Vieja narra  con pulso admirable una turbia y apasionada historia de amor, traiciones  e intrigas, que se prolonga durante cuatro d\u00e9cadas a trav\u00e9s de un siglo  convulso y fascinante, bajo la luz crepuscular de una \u00e9poca que se  extingue.Un libro que apasionar\u00e1 a los lectores habituales de  P\u00e9rez-Reverte, pero que tambi\u00e9n atraer\u00e1 a un nuevo p\u00fablico que gusta del  espionaje y la estrategia, y sabr\u00e1 apreciar esta particular historia de  amor.CITAS DEL LIBRO:\u00bbUna pareja de j\u00f3venes apuestos, acuciados por  pasiones urgentes como la vida,se mira a los ojos al bailar un tango a\u00fan  no escrito, en el sal\u00f3n silencioso y desierto de un transatl\u00e1ntico que  navega en la noche. Trazando sin saberlo, al moverse abrazados, la  r\u00fabrica de un mundo irreal cuyas luces fatigadas empiezan a apagarse  para siempre.\u00bb\u00c9l: Max Costa\u00bbMantuvo siempre el comp\u00e1s impecable en una  pista, las manos serenas y \u00e1giles fuera de ella, y en los labios la  frase apropiada, la r\u00e9plica oportuna, brillante. Eso lo hac\u00eda simp\u00e1tico a  los hombres y admirado por las mujeres. En aquel entonces, adem\u00e1s de  los bailes de sal\u00f3n que le serv\u00edan para ganarse la vida, dominaba como  nadie el arte de crear fuegos artificiales con las palabras y dibujar  melanc\u00f3licos paisajes con los silencios.\u00bbElla: Mecha Inzunza\u00bbParec\u00eda  salir de las p\u00e1ginas selectas de una revista ilustrada: luc\u00eda collar  largo de perlas y pendientes a juego. Esbelta, tranquila, caminando  firme sobre tacones altos en el suave balanceo de la nave, su cuerpo  imprim\u00eda l\u00edneas rectas y prolongadas, casi interminables, a un vestido  verde jade largo y ligero, que desnudaba sus brazos, hombros y espalda  hasta la cintura.\u00bb\u00bbSe desafiaron Mecha y \u00e9l con la mirada. Qu\u00e9 diablos  pretendes, era la pregunta silenciosa del bailar\u00edn mundano. El desd\u00e9n de  ella bast\u00f3 como respuesta. Puedes jugar, dec\u00eda el gesto. Pedir m\u00e1s  cartas o retirarte. Depender\u00e1 de tu curiosidad o tu coraje. Y ya conoces  el premio.\u00bb\u00bbUn tango no se compone \u00fanicamente con m\u00fasica, amigo m\u00edo. El  comportamiento humano tambi\u00e9n cuenta. Prepara el camino.<\/p>\n","protected":false},"excerpt":{"rendered":"<p>El tango de la Guardia Vieja narra con pulso admirable una turbia y apasionada historia de amor, traiciones e intrigas, que se prolonga durante cuatro d\u00e9cadas a trav\u00e9s de un siglo convulso y fascinante, bajo la luz crepuscular de una \u00e9poca que se extingue<\/p>\n","protected":false},"featured_media":6274,"template":"","meta":[],"product_brand":[262],"product_cat":[29],"product_tag":[],"class_list":{"0":"post-6273","1":"product","2":"type-product","3":"status-publish","4":"has-post-thumbnail","6":"product_brand-arturo-perez-reverte","7":"product_cat-novela","9":"first","10":"instock","11":"purchasable","12":"product-type-simple"},"featured_image_urls_v2":{"full":["https:\/\/ajupe.com.uy\/web\/wp-content\/uploads\/2016\/04\/p-6273-El_tango_de_la_g_520162fcae6aa.jpg",220,353,false],"thumbnail":["https:\/\/ajupe.com.uy\/web\/wp-content\/uploads\/2016\/04\/p-6273-El_tango_de_la_g_520162fcae6aa.jpg",150,150,true],"medium":["https:\/\/ajupe.com.uy\/web\/wp-content\/uploads\/2016\/04\/p-6273-El_tango_de_la_g_520162fcae6aa.jpg",300,214,true],"medium_large":["https:\/\/ajupe.com.uy\/web\/wp-content\/uploads\/2016\/04\/p-6273-El_tango_de_la_g_520162fcae6aa.jpg",220,353,false],"large":["https:\/\/ajupe.com.uy\/web\/wp-content\/uploads\/2016\/04\/p-6273-El_tango_de_la_g_520162fcae6aa.jpg",220,353,false],"1536x1536":["https:\/\/ajupe.com.uy\/web\/wp-content\/uploads\/2016\/04\/p-6273-El_tango_de_la_g_520162fcae6aa.jpg",220,353,false],"2048x2048":["https:\/\/ajupe.com.uy\/web\/wp-content\/uploads\/2016\/04\/p-6273-El_tango_de_la_g_520162fcae6aa.jpg",220,353,false],"woocommerce_archive_thumbnail":["https:\/\/ajupe.com.uy\/web\/wp-content\/uploads\/2016\/04\/p-6273-El_tango_de_la_g_520162fcae6aa-220x300.jpg",220,300,true],"woocommerce_thumbnail":["https:\/\/ajupe.com.uy\/web\/wp-content\/uploads\/2016\/04\/p-6273-El_tango_de_la_g_520162fcae6aa-220x300.jpg",220,300,true],"woocommerce_single":["https:\/\/ajupe.com.uy\/web\/wp-content\/uploads\/2016\/04\/p-6273-El_tango_de_la_g_520162fcae6aa.jpg",220,353,false],"woocommerce_gallery_thumbnail":["https:\/\/ajupe.com.uy\/web\/wp-content\/uploads\/2016\/04\/p-6273-El_tango_de_la_g_520162fcae6aa-100x100.jpg",100,100,true]},"post_excerpt_stackable_v2":"<p>El tango de la Guardia Vieja narra con pulso admirable una turbia y apasionada historia de amor, traiciones e intrigas, que se prolonga durante cuatro d\u00e9cadas a trav\u00e9s de un siglo convulso y fascinante, bajo la luz crepuscular de una \u00e9poca que se extingue<\/p>\n","category_list_v2":"","author_info_v2":{"name":"","url":""},"comments_num_v2":"0 comentarios","_links":{"self":[{"href":"https:\/\/ajupe.com.uy\/web\/wp-json\/wp\/v2\/product\/6273","targetHints":{"allow":["GET"]}}],"collection":[{"href":"https:\/\/ajupe.com.uy\/web\/wp-json\/wp\/v2\/product"}],"about":[{"href":"https:\/\/ajupe.com.uy\/web\/wp-json\/wp\/v2\/types\/product"}],"wp:featuredmedia":[{"embeddable":true,"href":"https:\/\/ajupe.com.uy\/web\/wp-json\/wp\/v2\/media\/6274"}],"wp:attachment":[{"href":"https:\/\/ajupe.com.uy\/web\/wp-json\/wp\/v2\/media?parent=6273"}],"wp:term":[{"taxonomy":"product_brand","embeddable":true,"href":"https:\/\/ajupe.com.uy\/web\/wp-json\/wp\/v2\/product_brand?post=6273"},{"taxonomy":"product_cat","embeddable":true,"href":"https:\/\/ajupe.com.uy\/web\/wp-json\/wp\/v2\/product_cat?post=6273"},{"taxonomy":"product_tag","embeddable":true,"href":"https:\/\/ajupe.com.uy\/web\/wp-json\/wp\/v2\/product_tag?post=6273"}],"curies":[{"name":"wp","href":"https:\/\/api.w.org\/{rel}","templated":true}]}}