{"id":6279,"date":"2013-08-06T21:12:17","date_gmt":"2013-08-07T00:12:17","guid":{"rendered":"http:\/\/ajupe.com.uy\/web\/?post_type=product&#038;p=6279"},"modified":"2013-08-06T21:12:17","modified_gmt":"2013-08-07T00:12:17","slug":"caballo-de-fuego-paris","status":"publish","type":"product","link":"https:\/\/ajupe.com.uy\/web\/biblioteca\/caballo-de-fuego-paris\/","title":{"rendered":"Caballo de fuego. Paris"},"content":{"rendered":"<p>Eliah Al-Saud es un hombre exc\u00e9ntrico y poderoso, emparentado con la  familia reinante de Arabia Saud\u00ed. Vive en Par\u00eds y dirige una empresa de  seguridad que, en realidad, oculta actividades de defensa y de espionaje  ofrecidas al mejor postor.Matilde Mart\u00ednez es una joven pediatra  argentina que sue\u00f1a con curar a los ni\u00f1os m\u00e1s desfavorecidos y trabajar  para una ONG en el \u00c1frica. El destino la pondr\u00e1 en el camino de Eliah, y  ser\u00e1 en Par\u00eds donde la atracci\u00f3n que se inspiran los unir\u00e1. Sin  embargo, los secretos que ambos guardan celosamente pondr\u00e1n en riesgo no  s\u00f3lo su amor, sino sus vidas.En el marco del siempre latente conflicto  palestino-israel\u00ed y con una amenaza at\u00f3mica como tel\u00f3n de fondo, Matilde  y Eliah vivir\u00e1n una aventura que los llevar\u00e1 a recorrer el mundo y los  enfrentar\u00e1 a los peligros que acechan a quienes se atreven a desafiar a  los imperios dominantes<\/p>\n","protected":false},"excerpt":{"rendered":"<p>Una esperada novela de Florencia Bonelli, la m\u00e1s ambiciosa y brillante de toda su producci\u00f3n.<\/p>\n","protected":false},"featured_media":6280,"template":"","meta":[],"product_brand":[1180],"product_cat":[29],"product_tag":[],"class_list":{"0":"post-6279","1":"product","2":"type-product","3":"status-publish","4":"has-post-thumbnail","6":"product_brand-florencai-bonelli","7":"product_cat-novela","9":"first","10":"instock","11":"purchasable","12":"product-type-simple"},"featured_image_urls_v2":{"full":["https:\/\/ajupe.com.uy\/web\/wp-content\/uploads\/2016\/04\/p-6279-Caballo_de_fuego_520166b1e398a.jpg",222,353,false],"thumbnail":["https:\/\/ajupe.com.uy\/web\/wp-content\/uploads\/2016\/04\/p-6279-Caballo_de_fuego_520166b1e398a.jpg",150,150,true],"medium":["https:\/\/ajupe.com.uy\/web\/wp-content\/uploads\/2016\/04\/p-6279-Caballo_de_fuego_520166b1e398a.jpg",300,214,true],"medium_large":["https:\/\/ajupe.com.uy\/web\/wp-content\/uploads\/2016\/04\/p-6279-Caballo_de_fuego_520166b1e398a.jpg",222,353,false],"large":["https:\/\/ajupe.com.uy\/web\/wp-content\/uploads\/2016\/04\/p-6279-Caballo_de_fuego_520166b1e398a.jpg",222,353,false],"1536x1536":["https:\/\/ajupe.com.uy\/web\/wp-content\/uploads\/2016\/04\/p-6279-Caballo_de_fuego_520166b1e398a.jpg",222,353,false],"2048x2048":["https:\/\/ajupe.com.uy\/web\/wp-content\/uploads\/2016\/04\/p-6279-Caballo_de_fuego_520166b1e398a.jpg",222,353,false],"woocommerce_archive_thumbnail":["https:\/\/ajupe.com.uy\/web\/wp-content\/uploads\/2016\/04\/p-6279-Caballo_de_fuego_520166b1e398a-222x300.jpg",222,300,true],"woocommerce_thumbnail":["https:\/\/ajupe.com.uy\/web\/wp-content\/uploads\/2016\/04\/p-6279-Caballo_de_fuego_520166b1e398a-222x300.jpg",222,300,true],"woocommerce_single":["https:\/\/ajupe.com.uy\/web\/wp-content\/uploads\/2016\/04\/p-6279-Caballo_de_fuego_520166b1e398a.jpg",222,353,false],"woocommerce_gallery_thumbnail":["https:\/\/ajupe.com.uy\/web\/wp-content\/uploads\/2016\/04\/p-6279-Caballo_de_fuego_520166b1e398a-100x100.jpg",100,100,true]},"post_excerpt_stackable_v2":"<p>Una esperada novela de Florencia Bonelli, la m\u00e1s ambiciosa y brillante de toda su producci\u00f3n.<\/p>\n","category_list_v2":"","author_info_v2":{"name":"","url":""},"comments_num_v2":"0 comentarios","_links":{"self":[{"href":"https:\/\/ajupe.com.uy\/web\/wp-json\/wp\/v2\/product\/6279","targetHints":{"allow":["GET"]}}],"collection":[{"href":"https:\/\/ajupe.com.uy\/web\/wp-json\/wp\/v2\/product"}],"about":[{"href":"https:\/\/ajupe.com.uy\/web\/wp-json\/wp\/v2\/types\/product"}],"wp:featuredmedia":[{"embeddable":true,"href":"https:\/\/ajupe.com.uy\/web\/wp-json\/wp\/v2\/media\/6280"}],"wp:attachment":[{"href":"https:\/\/ajupe.com.uy\/web\/wp-json\/wp\/v2\/media?parent=6279"}],"wp:term":[{"taxonomy":"product_brand","embeddable":true,"href":"https:\/\/ajupe.com.uy\/web\/wp-json\/wp\/v2\/product_brand?post=6279"},{"taxonomy":"product_cat","embeddable":true,"href":"https:\/\/ajupe.com.uy\/web\/wp-json\/wp\/v2\/product_cat?post=6279"},{"taxonomy":"product_tag","embeddable":true,"href":"https:\/\/ajupe.com.uy\/web\/wp-json\/wp\/v2\/product_tag?post=6279"}],"curies":[{"name":"wp","href":"https:\/\/api.w.org\/{rel}","templated":true}]}}