{"id":6342,"date":"2013-10-03T20:46:53","date_gmt":"2013-10-03T23:46:53","guid":{"rendered":"http:\/\/ajupe.com.uy\/web\/?post_type=product&#038;p=6342"},"modified":"2013-10-03T20:46:53","modified_gmt":"2013-10-03T23:46:53","slug":"la-sonrisa-de-angelica","status":"publish","type":"product","link":"https:\/\/ajupe.com.uy\/web\/biblioteca\/la-sonrisa-de-angelica\/","title":{"rendered":"La sonrisa de Angelica"},"content":{"rendered":"<p>Una serie de robos ejecutados de forma extremadamente ingeniosa y audaz  se extienden de la noche a la ma\u00f1ana entre los habitantes m\u00e1s adinerados  de Vig\u00e0ta. Los cacos logran desvalijar simult\u00e1neamente la residencia  principal y la de veraneo, y, en pocos d\u00edas, enormes sumas en efectivo,  joyas y valios\u00edsimas obras de arte pasan de las manos de sus due\u00f1os a  las de estos expertos delincuentes que, en apariencia, lo tienen todo  calculado. Con la llegada de una enigm\u00e1tica misiva an\u00f3nima en la que el  cerebro de la organizaci\u00f3n reta a Salvo Montalbano a jugar una suerte de  partida de ajedrez, el caso se convierte r\u00e1pidamente en un desaf\u00edo para  nuestro comisario. Pero lo que de verdad complica las cosas es la  aparici\u00f3n en escena de Angelica Cosulich, una de las v\u00edctimas de los  robos. La belleza fulgurante de esta joven treinta\u00f1era de sonrisa  luminosa trastorna profundamente a Salvo, pues es la viva imagen de la  Ang\u00e9lica del Orlando furioso, el ideal femenino que protagoniz\u00f3 las  fantas\u00edas adolescentes del comisario. Como Orlando, Montalbano deber\u00e1  luchar simult\u00e1neamente en distintos flancos: por un lado, confuso y  obstinado, contra los achaques de la edad \u0097se est\u00e1 acercando a los  sesenta\u0097, y por otro, contra la atracci\u00f3n de una mujer a la que es  incapaz de resistirse. Con las hilarantes aportaciones de Catarella y  las dosis de genial improvisaci\u00f3n con las que el comisario elude los  intentos disciplinarios de sus superiores, La sonrisa de Angelica es una  de las aventuras m\u00e1s emocionantes y divertidas de la serie.<\/p>\n","protected":false},"excerpt":{"rendered":"<p>Una aventura que nos  vuelve a trasladar al universo de Vig\u00e0ta, a esa poblaci\u00f3n en la que algunos podemos movernos con los ojos cerrados gracias a las veces que hemos sido seducidos por la prosa de Andrea Camilleri.<\/p>\n","protected":false},"featured_media":6343,"template":"","meta":[],"product_brand":[399],"product_cat":[40],"product_tag":[],"class_list":{"0":"post-6342","1":"product","2":"type-product","3":"status-publish","4":"has-post-thumbnail","6":"product_brand-andrea-camilleri","7":"product_cat-policial","9":"first","10":"instock","11":"purchasable","12":"product-type-simple"},"featured_image_urls_v2":{"full":["https:\/\/ajupe.com.uy\/web\/wp-content\/uploads\/2016\/04\/p-6342-La_sonrisa_de_An_524dd7bd67ca0.jpg",202,324,false],"thumbnail":["https:\/\/ajupe.com.uy\/web\/wp-content\/uploads\/2016\/04\/p-6342-La_sonrisa_de_An_524dd7bd67ca0.jpg",150,150,true],"medium":["https:\/\/ajupe.com.uy\/web\/wp-content\/uploads\/2016\/04\/p-6342-La_sonrisa_de_An_524dd7bd67ca0.jpg",300,214,true],"medium_large":["https:\/\/ajupe.com.uy\/web\/wp-content\/uploads\/2016\/04\/p-6342-La_sonrisa_de_An_524dd7bd67ca0.jpg",202,324,false],"large":["https:\/\/ajupe.com.uy\/web\/wp-content\/uploads\/2016\/04\/p-6342-La_sonrisa_de_An_524dd7bd67ca0.jpg",202,324,false],"1536x1536":["https:\/\/ajupe.com.uy\/web\/wp-content\/uploads\/2016\/04\/p-6342-La_sonrisa_de_An_524dd7bd67ca0.jpg",202,324,false],"2048x2048":["https:\/\/ajupe.com.uy\/web\/wp-content\/uploads\/2016\/04\/p-6342-La_sonrisa_de_An_524dd7bd67ca0.jpg",202,324,false],"woocommerce_archive_thumbnail":["https:\/\/ajupe.com.uy\/web\/wp-content\/uploads\/2016\/04\/p-6342-La_sonrisa_de_An_524dd7bd67ca0-202x300.jpg",202,300,true],"woocommerce_thumbnail":["https:\/\/ajupe.com.uy\/web\/wp-content\/uploads\/2016\/04\/p-6342-La_sonrisa_de_An_524dd7bd67ca0-202x300.jpg",202,300,true],"woocommerce_single":["https:\/\/ajupe.com.uy\/web\/wp-content\/uploads\/2016\/04\/p-6342-La_sonrisa_de_An_524dd7bd67ca0.jpg",202,324,false],"woocommerce_gallery_thumbnail":["https:\/\/ajupe.com.uy\/web\/wp-content\/uploads\/2016\/04\/p-6342-La_sonrisa_de_An_524dd7bd67ca0-100x100.jpg",100,100,true]},"post_excerpt_stackable_v2":"<p>Una aventura que nos  vuelve a trasladar al universo de Vig\u00e0ta, a esa poblaci\u00f3n en la que algunos podemos movernos con los ojos cerrados gracias a las veces que hemos sido seducidos por la prosa de Andrea Camilleri.<\/p>\n","category_list_v2":"","author_info_v2":{"name":"","url":""},"comments_num_v2":"0 comentarios","_links":{"self":[{"href":"https:\/\/ajupe.com.uy\/web\/wp-json\/wp\/v2\/product\/6342","targetHints":{"allow":["GET"]}}],"collection":[{"href":"https:\/\/ajupe.com.uy\/web\/wp-json\/wp\/v2\/product"}],"about":[{"href":"https:\/\/ajupe.com.uy\/web\/wp-json\/wp\/v2\/types\/product"}],"wp:featuredmedia":[{"embeddable":true,"href":"https:\/\/ajupe.com.uy\/web\/wp-json\/wp\/v2\/media\/6343"}],"wp:attachment":[{"href":"https:\/\/ajupe.com.uy\/web\/wp-json\/wp\/v2\/media?parent=6342"}],"wp:term":[{"taxonomy":"product_brand","embeddable":true,"href":"https:\/\/ajupe.com.uy\/web\/wp-json\/wp\/v2\/product_brand?post=6342"},{"taxonomy":"product_cat","embeddable":true,"href":"https:\/\/ajupe.com.uy\/web\/wp-json\/wp\/v2\/product_cat?post=6342"},{"taxonomy":"product_tag","embeddable":true,"href":"https:\/\/ajupe.com.uy\/web\/wp-json\/wp\/v2\/product_tag?post=6342"}],"curies":[{"name":"wp","href":"https:\/\/api.w.org\/{rel}","templated":true}]}}