{"id":6387,"date":"2013-11-20T19:11:08","date_gmt":"2013-11-20T22:11:08","guid":{"rendered":"http:\/\/ajupe.com.uy\/web\/?post_type=product&#038;p=6387"},"modified":"2013-11-20T19:11:08","modified_gmt":"2013-11-20T22:11:08","slug":"las-edades-de-lulu","status":"publish","type":"product","link":"https:\/\/ajupe.com.uy\/web\/biblioteca\/las-edades-de-lulu\/","title":{"rendered":"Las edades de lul\u00fa"},"content":{"rendered":"<p>Las edades de Lul\u00fa, que obtuvo el IX Premio La  sonrisa vertical, es una larga historia de amor que, como cualquier  historia de amor que no se resigna a dejar de serlo, va haci\u00e9ndose m\u00e1s  compleja y envolvente.<\/p>\n<p> Sumida todav\u00eda en los temores de una infancia carente de afecto, Lul\u00fa,  una ni\u00f1a de quince a\u00f1os, sucumbe a la atracci\u00f3n que ejerce sobre ella un  joven, amigo de la familia, a quien hasta entonces ella hab\u00eda deseado  vagamente. Despu\u00e9s de esta primera experiencia, Lul\u00fa, ni\u00f1a eterna,  alimenta durante a\u00f1os, en solitario, el fantasma de aquel hombre que  acaba por aceptar el desaf\u00edo de prolongar indefinidamente, en su  peculiar relaci\u00f3n sexual, el juego amoroso de la ni\u00f1ez. Crea para ella  un mundo aparte, un universo privado donde el tiempo pierde valor. Pero  el sortilegio arriesgado de vivir fuera de la realidad se rompe  bruscamente un d\u00eda, cuando Lul\u00fa, ya con treinta a\u00f1os, se precipita,  indefensa pero febrilmente, en el infierno de los deseos peligrosos.<\/p>\n","protected":false},"excerpt":{"rendered":"<p>Las edades de Lul\u00fa, que obtuvo el IX Premio La sonrisa vertical, es una larga historia de amor que, como cualquier historia de amor que no se resigna a dejar de serlo, va haci\u00e9ndose m\u00e1s compleja y envolvente.<\/p>\n","protected":false},"featured_media":6388,"template":"","meta":[],"product_brand":[548],"product_cat":[29],"product_tag":[],"class_list":{"0":"post-6387","1":"product","2":"type-product","3":"status-publish","4":"has-post-thumbnail","6":"product_brand-almudena-grandes","7":"product_cat-novela","9":"first","10":"instock","11":"purchasable","12":"product-type-simple"},"featured_image_urls_v2":{"full":["https:\/\/ajupe.com.uy\/web\/wp-content\/uploads\/2016\/04\/p-6387-Las_edades_de_lu_528d094cb1ed1.jpg",182,269,false],"thumbnail":["https:\/\/ajupe.com.uy\/web\/wp-content\/uploads\/2016\/04\/p-6387-Las_edades_de_lu_528d094cb1ed1.jpg",150,150,true],"medium":["https:\/\/ajupe.com.uy\/web\/wp-content\/uploads\/2016\/04\/p-6387-Las_edades_de_lu_528d094cb1ed1.jpg",300,214,true],"medium_large":["https:\/\/ajupe.com.uy\/web\/wp-content\/uploads\/2016\/04\/p-6387-Las_edades_de_lu_528d094cb1ed1.jpg",182,269,false],"large":["https:\/\/ajupe.com.uy\/web\/wp-content\/uploads\/2016\/04\/p-6387-Las_edades_de_lu_528d094cb1ed1.jpg",182,269,false],"1536x1536":["https:\/\/ajupe.com.uy\/web\/wp-content\/uploads\/2016\/04\/p-6387-Las_edades_de_lu_528d094cb1ed1.jpg",182,269,false],"2048x2048":["https:\/\/ajupe.com.uy\/web\/wp-content\/uploads\/2016\/04\/p-6387-Las_edades_de_lu_528d094cb1ed1.jpg",182,269,false],"woocommerce_archive_thumbnail":["https:\/\/ajupe.com.uy\/web\/wp-content\/uploads\/2016\/04\/p-6387-Las_edades_de_lu_528d094cb1ed1.jpg",182,269,false],"woocommerce_thumbnail":["https:\/\/ajupe.com.uy\/web\/wp-content\/uploads\/2016\/04\/p-6387-Las_edades_de_lu_528d094cb1ed1.jpg",182,269,false],"woocommerce_single":["https:\/\/ajupe.com.uy\/web\/wp-content\/uploads\/2016\/04\/p-6387-Las_edades_de_lu_528d094cb1ed1.jpg",182,269,false],"woocommerce_gallery_thumbnail":["https:\/\/ajupe.com.uy\/web\/wp-content\/uploads\/2016\/04\/p-6387-Las_edades_de_lu_528d094cb1ed1-100x100.jpg",100,100,true]},"post_excerpt_stackable_v2":"<p>Las edades de Lul\u00fa, que obtuvo el IX Premio La sonrisa vertical, es una larga historia de amor que, como cualquier historia de amor que no se resigna a dejar de serlo, va haci\u00e9ndose m\u00e1s compleja y envolvente.<\/p>\n","category_list_v2":"","author_info_v2":{"name":"","url":""},"comments_num_v2":"0 comentarios","_links":{"self":[{"href":"https:\/\/ajupe.com.uy\/web\/wp-json\/wp\/v2\/product\/6387","targetHints":{"allow":["GET"]}}],"collection":[{"href":"https:\/\/ajupe.com.uy\/web\/wp-json\/wp\/v2\/product"}],"about":[{"href":"https:\/\/ajupe.com.uy\/web\/wp-json\/wp\/v2\/types\/product"}],"wp:featuredmedia":[{"embeddable":true,"href":"https:\/\/ajupe.com.uy\/web\/wp-json\/wp\/v2\/media\/6388"}],"wp:attachment":[{"href":"https:\/\/ajupe.com.uy\/web\/wp-json\/wp\/v2\/media?parent=6387"}],"wp:term":[{"taxonomy":"product_brand","embeddable":true,"href":"https:\/\/ajupe.com.uy\/web\/wp-json\/wp\/v2\/product_brand?post=6387"},{"taxonomy":"product_cat","embeddable":true,"href":"https:\/\/ajupe.com.uy\/web\/wp-json\/wp\/v2\/product_cat?post=6387"},{"taxonomy":"product_tag","embeddable":true,"href":"https:\/\/ajupe.com.uy\/web\/wp-json\/wp\/v2\/product_tag?post=6387"}],"curies":[{"name":"wp","href":"https:\/\/api.w.org\/{rel}","templated":true}]}}